-- Table structure for table `notifications`
--

CREATE TABLE `notifications` (
  `id` bigint unsigned NOT NULL AUTO_INCREMENT,
  `customer_id` bigint unsigned NOT NULL DEFAULT '0',
  `user_id` bigint unsigned NOT NULL DEFAULT '0',
  `content` text COLLATE utf8mb4_unicode_ci NOT NULL,
  `type` varchar(255) COLLATE utf8mb4_unicode_ci NOT NULL,
  `type_id` bigint NOT NULL,
  `creator_type` varchar(191) COLLATE utf8mb4_unicode_ci NOT NULL,
  `type_type` varchar(191) COLLATE utf8mb4_unicode_ci NOT NULL,
  `is_read` tinyint NOT NULL DEFAULT '0',
  `creator_id` bigint NOT NULL DEFAULT '0',
  `updator_id` bigint NOT NULL DEFAULT '0',
  `created_at` timestamp NULL DEFAULT NULL,
  `updated_at` timestamp NULL DEFAULT NULL,
  PRIMARY KEY (`id`)
) ENGINE=InnoDB AUTO_INCREMENT=14 DEFAULT CHARSET=utf8mb4 COLLATE=utf8mb4_unicode_ci;

--
-- Dumping data for table `notifications`
--

INSERT INTO `notifications` VALUES (1,1,0,'Contus Vplayed added a new video Criminal Official Trailer #2','video',29,'customers','videos',0,1,0,'2018-09-05 16:20:08','2018-09-05 16:20:08'),(2,2,0,'Contus Vplayed added a new video Criminal Official Trailer #2','video',29,'customers','videos',0,1,0,'2018-09-05 16:20:08','2018-09-05 16:20:08'),(3,4,0,'Contus Vplayed added a new video Criminal Official Trailer #2','video',29,'customers','videos',0,1,0,'2018-09-05 16:20:08','2018-09-05 16:20:08'),(4,5,0,'Contus Vplayed added a new video Criminal Official Trailer #2','video',29,'customers','videos',0,1,0,'2018-09-05 16:20:08','2018-09-05 16:20:08'),(5,6,0,'Contus Vplayed added a new video Criminal Official Trailer #2','video',29,'customers','videos',0,1,0,'2018-09-05 16:20:08','2018-09-05 16:20:08'),(6,7,0,'Contus Vplayed added a new video Criminal Official Trailer #2','video',29,'customers','videos',0,1,0,'2018-09-05 16:20:08','2018-09-05 16:20:08'),(7,8,0,'Contus Vplayed added a new video Criminal Official Trailer #2','video',29,'customers','videos',0,1,0,'2018-09-05 16:20:08','2018-09-05 16:20:08'),(8,9,0,'Contus Vplayed added a new video Criminal Official Trailer #2','video',29,'customers','videos',0,1,0,'2018-09-05 16:20:08','2018-09-05 16:20:08'),(9,10,0,'Contus Vplayed added a new video Criminal Official Trailer #2','video',29,'customers','videos',0,1,0,'2018-09-05 16:20:08','2018-09-05 16:20:08'),(10,11,0,'Contus Vplayed added a new video Criminal Official Trailer #2','video',29,'customers','videos',0,1,0,'2018-09-05 16:20:08','2018-09-05 16:20:08'),(11,12,0,'Contus Vplayed added a new video Criminal Official Trailer #2','video',29,'customers','videos',0,1,0,'2018-09-05 16:20:08','2018-09-05 16:20:08'),(12,13,0,'Contus Vplayed added a new video Criminal Official Trailer #2','video',29,'customers','videos',0,1,0,'2018-09-05 16:20:08','2018-09-05 16:20:08'),(13,14,0,'Contus Vplayed added a new video Criminal Official Trailer #2','video',29,'customers','videos',0,1,0,'2018-09-05 16:20:08','2018-09-05 16:20:08');

--
-- Table structure for table `options`
--

CREATE TABLE `options` (
  `id` bigint unsigned NOT NULL AUTO_INCREMENT,
  `option_name` varchar(191) COLLATE utf8mb4_unicode_ci NOT NULL,
  `option_value` text COLLATE utf8mb4_unicode_ci NOT NULL,
  `option_group` varchar(191) COLLATE utf8mb4_unicode_ci NOT NULL,
  `created_at` timestamp NULL DEFAULT NULL,
  `updated_at` timestamp NULL DEFAULT NULL,
  PRIMARY KEY (`id`)
) ENGINE=InnoDB DEFAULT CHARSET=utf8mb4 COLLATE=utf8mb4_unicode_ci;

--
-- Dumping data for table `options`
--


--
-- Table structure for table `org_announcement_activations`
--

CREATE TABLE `org_announcement_activations` (
  `id` bigint unsigned NOT NULL AUTO_INCREMENT,
  `organization_id` bigint unsigned NOT NULL,
  `subject` varchar(255) COLLATE utf8mb4_unicode_ci NOT NULL,
  `message` varchar(255) COLLATE utf8mb4_unicode_ci NOT NULL,
  `activation_agree` varchar(255) COLLATE utf8mb4_unicode_ci NOT NULL,
  `created_at` timestamp NULL DEFAULT NULL,
  `updated_at` timestamp NULL DEFAULT NULL,
  PRIMARY KEY (`id`)
) ENGINE=InnoDB AUTO_INCREMENT=3 DEFAULT CHARSET=utf8mb4 COLLATE=utf8mb4_unicode_ci;

--
-- Dumping data for table `org_announcement_activations`
--

INSERT INTO `org_announcement_activations` VALUES (1,1,'hello','this is testing toa','Agree TOA or Cancel','2026-02-04 06:24:14','2026-02-04 06:24:14'),(2,7,'Testing','Activation TOA Testing','Agree TOA or Cancel','2026-02-19 09:46:05','2026-02-19 09:46:05');

--
-- Table structure for table `org_announcement_disable_accounts`
--

CREATE TABLE `org_announcement_disable_accounts` (
  `id` bigint unsigned NOT NULL AUTO_INCREMENT,
  `organization_id` bigint unsigned NOT NULL,
  `subject` varchar(255) COLLATE utf8mb4_unicode_ci NOT NULL,
  `message` varchar(255) COLLATE utf8mb4_unicode_ci NOT NULL,
  `created_at` timestamp NULL DEFAULT NULL,
  `updated_at` timestamp NULL DEFAULT NULL,
  PRIMARY KEY (`id`)
) ENGINE=InnoDB AUTO_INCREMENT=5 DEFAULT CHARSET=utf8mb4 COLLATE=utf8mb4_unicode_ci;

--
-- Dumping data for table `org_announcement_disable_accounts`
--

INSERT INTO `org_announcement_disable_accounts` VALUES (3,1,'hello','this is disabled account','2026-02-04 06:24:37','2026-02-04 06:24:37'),(4,7,'Testing','For Test purpose','2026-02-19 09:46:23','2026-02-19 09:46:23');

--
-- Table structure for table `org_announcement_push_notifications`
--

CREATE TABLE `org_announcement_push_notifications` (
  `id` bigint unsigned NOT NULL AUTO_INCREMENT,
  `organization_id` bigint unsigned NOT NULL,
  `name` varchar(255) COLLATE utf8mb4_unicode_ci NOT NULL,
  `title` varchar(255) COLLATE utf8mb4_unicode_ci NOT NULL,
  `description` varchar(255) COLLATE utf8mb4_unicode_ci NOT NULL,
  `org_subscription_id` bigint unsigned NOT NULL,
  `subscriber_status` varchar(255) COLLATE utf8mb4_unicode_ci NOT NULL COMMENT '0 = inactive, 1 = active',
  `platform` json NOT NULL,
  `resource_type` varchar(255) COLLATE utf8mb4_unicode_ci NOT NULL,
  `publish` varchar(255) COLLATE utf8mb4_unicode_ci NOT NULL,
  `created_by` bigint unsigned NOT NULL,
  `status` varchar(255) COLLATE utf8mb4_unicode_ci DEFAULT '1' COMMENT '0 = send-out, 1 = pending, 2 = deleted, 3 = failed',
  `created_at` timestamp NULL DEFAULT NULL,
  `updated_at` timestamp NULL DEFAULT NULL,
  PRIMARY KEY (`id`)
) ENGINE=InnoDB AUTO_INCREMENT=7 DEFAULT CHARSET=utf8mb4 COLLATE=utf8mb4_unicode_ci;

--
-- Dumping data for table `org_announcement_push_notifications`
--

INSERT INTO `org_announcement_push_notifications` VALUES (5,1,'Unknown Album','testing','this is testing push notifucation',1,'1','{\"ios\": true, \"android\": true}','Content Link','Now',19,'1','2026-02-04 06:25:13','2026-02-04 06:25:13'),(6,7,'testing','for test purpose','test purpose only',1,'1','{\"ios\": true, \"web\": true, \"android\": true}','Content Link','Now',19,'0','2026-02-19 09:47:47','2026-02-19 09:47:47');

--
-- Table structure for table `org_announcement_reminders`
--

CREATE TABLE `org_announcement_reminders` (
  `id` bigint unsigned NOT NULL AUTO_INCREMENT,
  `organization_id` bigint unsigned NOT NULL,
  `subject` varchar(255) COLLATE utf8mb4_unicode_ci NOT NULL,
  `message` varchar(255) COLLATE utf8mb4_unicode_ci NOT NULL,
  `day_before` varchar(255) COLLATE utf8mb4_unicode_ci NOT NULL,
  `reminder_to` varchar(255) COLLATE utf8mb4_unicode_ci NOT NULL,
  `created_by` bigint unsigned NOT NULL,
  `status` varchar(255) COLLATE utf8mb4_unicode_ci NOT NULL DEFAULT '0' COMMENT '0 = false, 1 = true',
  `created_at` timestamp NULL DEFAULT NULL,
  `updated_at` timestamp NULL DEFAULT NULL,
  PRIMARY KEY (`id`)
) ENGINE=InnoDB AUTO_INCREMENT=26 DEFAULT CHARSET=utf8mb4 COLLATE=utf8mb4_unicode_ci;

--
-- Dumping data for table `org_announcement_reminders`
--

INSERT INTO `org_announcement_reminders` VALUES (22,1,'Pariatur Minima aut','Aut distinctio Ea n','26','All Subscribers',1,'0','2025-12-22 12:54:39','2025-12-22 12:54:39'),(23,1,'For Information','This is a testing','15','All Subscribers',19,'0','2026-01-27 10:33:51','2026-01-27 10:33:51'),(24,1,'hello','hello','2','All Subscribers',19,'0','2026-02-04 06:23:49','2026-02-04 06:23:49'),(25,7,'Testing','for testing only','10','All Subscribers',19,'0','2026-02-19 09:45:43','2026-02-19 09:45:43');

--
-- Table structure for table `org_announcement_subscribers`
--

CREATE TABLE `org_announcement_subscribers` (
  `id` bigint unsigned NOT NULL AUTO_INCREMENT,
  `organization_id` bigint unsigned NOT NULL,
  `announcement_id` bigint unsigned NOT NULL,
  `subscriber_id` bigint unsigned NOT NULL,
  `created_at` timestamp NULL DEFAULT NULL,
  `updated_at` timestamp NULL DEFAULT NULL,
  PRIMARY KEY (`id`)
) ENGINE=InnoDB AUTO_INCREMENT=17 DEFAULT CHARSET=utf8mb4 COLLATE=utf8mb4_unicode_ci;

--
-- Dumping data for table `org_announcement_subscribers`
--

INSERT INTO `org_announcement_subscribers` VALUES (1,1,6,1,'2025-10-14 05:05:14','2025-10-14 05:05:14'),(2,1,7,1,'2025-10-14 05:16:04','2025-10-14 05:16:04'),(3,1,8,1,'2025-10-14 05:16:41','2025-10-14 05:16:41'),(4,1,9,1,'2025-10-14 05:17:12','2025-10-14 05:17:12'),(5,1,10,1,'2025-10-14 05:18:58','2025-10-14 05:18:58'),(6,1,11,13,'2025-10-31 10:41:53','2025-10-31 10:41:53'),(7,63,12,14,'2025-11-12 09:29:00','2025-11-12 09:29:00'),(8,63,13,14,'2025-11-12 09:29:00','2025-11-12 09:29:00'),(9,63,14,14,'2025-11-12 09:29:00','2025-11-12 09:29:00'),(10,63,15,14,'2025-11-12 09:29:01','2025-11-12 09:29:01'),(11,1,20,17,'2025-11-12 12:32:12','2025-11-12 12:32:12'),(12,1,21,14,'2025-11-12 12:32:12','2025-11-12 12:32:12'),(13,1,1,2,'2026-01-27 10:33:00','2026-01-27 10:33:00'),(14,1,2,2,'2026-02-04 06:23:22','2026-02-04 06:23:22'),(15,7,3,15,'2026-02-19 09:44:23','2026-02-19 09:44:23'),(16,7,4,11,'2026-02-19 09:44:23','2026-02-19 09:44:23');

--
-- Table structure for table `org_appcust_row_order`
--

CREATE TABLE `org_appcust_row_order` (
  `id` bigint unsigned NOT NULL AUTO_INCREMENT,
  `organization_id` bigint unsigned DEFAULT NULL,
  `title` varchar(255) COLLATE utf8mb4_unicode_ci DEFAULT NULL,
  `description` varchar(255) COLLATE utf8mb4_unicode_ci DEFAULT NULL,
  `assigne_row` json DEFAULT NULL,
  `poster_type` varchar(255) COLLATE utf8mb4_unicode_ci DEFAULT NULL,
  `poster_size` varchar(255) COLLATE utf8mb4_unicode_ci DEFAULT NULL,
  `horizontal_image` varchar(255) COLLATE utf8mb4_unicode_ci DEFAULT NULL,
  `vertical_image` varchar(255) COLLATE utf8mb4_unicode_ci DEFAULT NULL,
  `gradient` varchar(255) COLLATE utf8mb4_unicode_ci DEFAULT NULL,
  `no_set` varchar(255) COLLATE utf8mb4_unicode_ci DEFAULT 'not_set',
  `created_at` timestamp NULL DEFAULT NULL,
  `updated_at` timestamp NULL DEFAULT NULL,
  `row_order` varchar(255) COLLATE utf8mb4_unicode_ci DEFAULT NULL,
  PRIMARY KEY (`id`),
  KEY `org_appcust_row_order_organization_id_foreign` (`organization_id`),
  CONSTRAINT `org_appcust_row_order_organization_id_foreign` FOREIGN KEY (`organization_id`) REFERENCES `organization_details` (`id`) ON DELETE CASCADE
) ENGINE=InnoDB AUTO_INCREMENT=19 DEFAULT CHARSET=utf8mb4 COLLATE=utf8mb4_unicode_ci;

--
-- Dumping data for table `org_appcust_row_order`
--

INSERT INTO `org_appcust_row_order` VALUES (1,1,'Latest Releases','this bundle for test only','[{\"row_data\": [{\"id\": 6, \"row_name\": \"Breaking Bad\"}, {\"id\": 8, \"row_name\": \"Stranger Things\"}], \"row_type\": \"tvshow\"}, {\"row_data\": [{\"id\": 11, \"row_name\": \"Cartoon Network\"}, {\"id\": 6, \"row_name\": \"History\"}], \"row_type\": \"channel\"}, {\"row_data\": [{\"id\": 7, \"row_name\": \"Avatar: The Way of Water\"}, {\"id\": 9, \"row_name\": \"Interstellar\"}], \"row_type\": \"vod\"}, {\"row_data\": [{\"id\": 2, \"row_name\": \"UEFA Champions League – Quarter Final\"}, {\"id\": 4, \"row_name\": \"ICC World Cup – Semi Final\"}], \"row_type\": \"liveevent\"}]','horizontal','large','http://15.204.253.153/ott-laravel/new-admin-api/public/uploads/tempimage/posters/6943c77d17274.jpg',NULL,'liner-gradient(135deg, #3B82F6, #1D4ED8)','not_set','2025-12-17 17:19:29','2026-02-05 12:03:53','1'),(3,1,'Action Extravaganza','this bundle for test only','[{\"row_data\": [{\"id\": 7, \"row_name\": \"Game of Thrones\"}, {\"id\": 11, \"row_name\": \"The Boys\"}, {\"id\": 5, \"row_name\": \"Money Heist\"}], \"row_type\": \"tvshow\"}, {\"row_data\": [{\"id\": 10, \"row_name\": \"The Dark Knight\"}, {\"id\": 15, \"row_name\": \"Avengers: Endgame\"}, {\"id\": 7, \"row_name\": \"Avatar: The Way of Water\"}], \"row_type\": \"vod\"}]','vertical','large',NULL,'http://15.204.253.153/ott-laravel/new-admin-api/public/uploads/tempimage/posters/6943c77d17274.jpg','liner-gradient(135deg, #3B82F6, #1D4ED8)','not_set','2025-12-17 17:23:39','2026-02-05 12:03:53','4'),(4,1,'Popular In Action','this bundle for test only','[{\"row_data\": [{\"id\": 7, \"row_name\": \"Avatar: The Way of Water\"}, {\"id\": 15, \"row_name\": \"Avengers: Endgame\"}, {\"id\": 14, \"row_name\": \"The Matrix\"}, {\"id\": 10, \"row_name\": \"The Dark Knight\"}], \"row_type\": \"vod\"}, {\"row_data\": [{\"id\": 14, \"row_name\": \"House of the Dragon\"}, {\"id\": 13, \"row_name\": \"Dark\"}, {\"id\": 5, \"row_name\": \"Money Heist\"}, {\"id\": 7, \"row_name\": \"Game of Thrones\"}, {\"id\": 8, \"row_name\": \"Stranger Things\"}], \"row_type\": \"tvshow\"}]','horizontal','large','http://15.204.253.153/ott-laravel/new-admin-api/public/uploads/tempimage/posters/6943c77d17274.jpg',NULL,'liner-gradient(135deg, #3B82F6, #1D4ED8)','not_set','2025-12-17 17:28:37','2026-02-05 12:03:53','3'),(5,1,'Channel','this bundle for test only','[{\"row_data\": [{\"id\": 13, \"row_name\": \"Sony Movies\"}, {\"id\": 12, \"row_name\": \"Disney XD\"}, {\"id\": 11, \"row_name\": \"Cartoon Network\"}, {\"id\": 10, \"row_name\": \"NBA TV\"}, {\"id\": 9, \"row_name\": \"Motor Trend\"}, {\"id\": 8, \"row_name\": \"National Geographic\"}, {\"id\": 7, \"row_name\": \"National Geographic Wild\"}, {\"id\": 6, \"row_name\": \"History\"}, {\"id\": 5, \"row_name\": \"CNN\"}, {\"id\": 4, \"row_name\": \"BBC News\"}, {\"id\": 3, \"row_name\": \"Paramount Network\"}, {\"id\": 2, \"row_name\": \"Comedy Central\"}, {\"id\": 1, \"row_name\": \"A&E\"}], \"row_type\": \"channel\"}]','vertical','large',NULL,'http://15.204.253.153/ott-laravel/new-admin-api/public/uploads/tempimage/posters/6943c77d17274.jpg','liner-gradient(135deg, #3B82F6, #1D4ED8)','not_set','2025-12-17 17:29:36','2026-02-05 12:03:53','6'),(6,1,'Latest Tv Show','this bundle for test only','[{\"row_data\": [{\"id\": 8, \"row_name\": \"Stranger Things\"}, {\"id\": 10, \"row_name\": \"Peaky Blinders\"}, {\"id\": 11, \"row_name\": \"The Boys\"}, {\"id\": 13, \"row_name\": \"Dark\"}, {\"id\": 5, \"row_name\": \"Money Heist\"}, {\"id\": 14, \"row_name\": \"House of the Dragon\"}, {\"id\": 7, \"row_name\": \"Game of Thrones\"}, {\"id\": 6, \"row_name\": \"Breaking Bad\"}, {\"id\": 9, \"row_name\": \"The Walking Dead\"}, {\"id\": 12, \"row_name\": \"Narcos\"}], \"row_type\": \"tvshow\"}]','horizontal','large','http://15.204.253.153/ott-laravel/new-admin-api/public/uploads/tempimage/posters/6943c77d17274.jpg',NULL,'liner-gradient(135deg, #3B82F6, #1D4ED8)','not_set','2025-12-17 17:31:04','2026-02-05 12:03:53','2'),(9,10,'Animation Movies','This raw for Movies','[{\"row_data\": [{\"id\": 18, \"row_name\": \"Big Buck Bunny\"}, {\"id\": 19, \"row_name\": \"Sintel\"}, {\"id\": 20, \"row_name\": \"Elephants Dream\"}], \"row_type\": \"vod\"}]','vertical','medium',NULL,'http://15.204.253.153/ott-laravel/new-admin-api/public/uploads/tempimage/thumbnails/69984b25d9d0e.jpg','liner-gradient(135deg, #3B82F6, #1D4ED8)','not_set','2026-02-20 11:53:40','2026-02-20 12:19:48','1'),(10,10,'Sci-Fi TV Shows','This raw using for TV Shows','[{\"row_data\": [{\"id\": 18, \"row_name\": \"Tears of Steel\"}], \"row_type\": \"tvshow\"}]','vertical','medium',NULL,'http://15.204.253.153/ott-laravel/new-admin-api/public/uploads/tempimage/thumbnails/69984b65264ca.jpg','liner-gradient(135deg, #3B82F6, #1D4ED8)','not_set','2026-02-20 11:54:40','2026-02-20 12:19:48','2'),(12,21,'Movies Section','This is rows for movies','[{\"row_data\": [{\"id\": 18, \"row_name\": \"Big Buck Bunny\"}, {\"id\": 19, \"row_name\": \"Sintel\"}], \"row_type\": \"vod\"}]','vertical','medium',NULL,'http://15.204.253.153/ott-laravel/new-admin-api/public/uploads/tempimage/thumbnails/69c139a1aa31c.jpg','linear-gradient(135deg, #3B82F6, #1D4ED8)','not_set','2026-03-23 13:01:55','2026-03-23 13:01:55',NULL),(14,21,'Channels','This is Channels Set','[{\"row_data\": [{\"id\": 22, \"row_name\": \"Sintel\"}], \"row_type\": \"channel\"}]','vertical','medium',NULL,'http://15.204.253.153/ott-laravel/new-admin-api/public/uploads/tempimage/thumbnails/69c2ab7e55d7b.jpg','linear-gradient(135deg, #3B82F6, #1D4ED8)','not_set','2026-03-24 15:19:44','2026-03-24 15:19:44',NULL),(15,29,'Teko','Teko','[{\"row_data\": [{\"id\": 19, \"row_name\": \"Aaj Tak\"}, {\"id\": 24, \"row_name\": \"Tears of Steel\"}], \"row_type\": \"channel\"}, {\"row_data\": [{\"id\": 18, \"row_name\": \"Big Buck Bunny\"}, {\"id\": 20, \"row_name\": \"Elephants Dream\"}, {\"id\": 7, \"row_name\": \"Avatar: The Way of Water\"}, {\"id\": 10, \"row_name\": \"The Dark Knight\"}], \"row_type\": \"vod\"}, {\"row_data\": [{\"id\": 4, \"row_name\": \"ICC World Cup – Semi Final\"}, {\"id\": 2, \"row_name\": \"UEFA Champions League – Quarter Final\"}, {\"id\": 5, \"row_name\": \"Global Music Concert – Live\"}], \"row_type\": \"liveevent\"}]','vertical','medium',NULL,'http://15.204.253.153/ott-laravel/new-admin-api/public/uploads/tempimage/thumbnails/69cd06f789ea0.jpg','linear-gradient(135deg, #3B82F6, #1D4ED8)','not_set','2026-04-01 11:52:51','2026-04-01 11:52:51',NULL),(16,31,'tiko','toko','[{\"row_data\": [{\"id\": 1, \"row_name\": \"Test Channel G\"}, {\"id\": 20, \"row_name\": \"Test Channel F\"}], \"row_type\": \"channel\"}, {\"row_data\": [{\"id\": 18, \"row_name\": \"Big Buck Bunny\"}, {\"id\": 7, \"row_name\": \"Avatar: The Way of Water\"}, {\"id\": 19, \"row_name\": \"Sintel\"}, {\"id\": 13, \"row_name\": \"Jurassic World\"}, {\"id\": 15, \"row_name\": \"Avengers: Endgame\"}, {\"id\": 14, \"row_name\": \"The Matrix\"}, {\"id\": 10, \"row_name\": \"The Dark Knight\"}], \"row_type\": \"vod\"}, {\"row_data\": [{\"id\": 4, \"row_name\": \"ICC World Cup – Semi Final\"}, {\"id\": 1, \"row_name\": \"UEFA Champions League – Quarter Final\"}, {\"id\": 2, \"row_name\": \"UEFA Champions League – Quarter Final\"}, {\"id\": 5, \"row_name\": \"Global Music Concert – Live\"}, {\"id\": 9, \"row_name\": \"Minim ut eligendi in\"}], \"row_type\": \"liveevent\"}, {\"row_data\": [{\"id\": 19, \"row_name\": \"Tears of Steel\"}, {\"id\": 18, \"row_name\": \"Tears of Steel\"}, {\"id\": 14, \"row_name\": \"House of the Dragon\"}], \"row_type\": \"tvshow\"}]','vertical','samll',NULL,'http://15.204.253.153/ott-laravel/new-admin-api/public/uploads/tempimage/thumbnails/69d417c9b18c4.jpg','linear-gradient(135deg, #3B82F6, #1D4ED8)','not_set','2026-04-06 20:30:25','2026-04-06 20:30:25',NULL),(17,8,'Animation Features','This is VOD List','[{\"row_data\": [{\"id\": 10, \"row_name\": \"TKO Sci-Fi\"}, {\"id\": 17, \"row_name\": \"TKO Animation\"}], \"row_type\": \"vod\"}]','vertical','medium',NULL,'http://15.204.253.153/ott-laravel/new-admin-api/public/uploads/tempimage/thumbnails/69d9fc0bd8190.jpg','linear-gradient(135deg, #3B82F6, #1D4ED8)','not_set','2026-04-11 07:46:04','2026-04-11 07:46:04',NULL),(18,8,'Comedy Shows','This is TV Shows','[{\"row_data\": [{\"id\": 20, \"row_name\": \"TKO Comedy\"}], \"row_type\": \"tvshow\"}]','vertical','medium',NULL,'http://15.204.253.153/ott-laravel/new-admin-api/public/uploads/tempimage/thumbnails/69d9fc5b81c44.jpg','linear-gradient(135deg, #3B82F6, #1D4ED8)','not_set','2026-04-11 07:46:55','2026-04-11 07:46:55',NULL);

--
-- Table structure for table `org_banner_carousels_subscription`
--

CREATE TABLE `org_banner_carousels_subscription` (
  `id` bigint unsigned NOT NULL AUTO_INCREMENT,
  `banner_id` bigint unsigned DEFAULT NULL,
  `plan_id` bigint unsigned DEFAULT NULL,
  `organization_id` bigint unsigned DEFAULT NULL,
  `poster_image` varchar(255) COLLATE utf8mb4_unicode_ci DEFAULT NULL,
  `thumbnail_image` varchar(255) COLLATE utf8mb4_unicode_ci DEFAULT NULL,
  `resource_type` varchar(255) COLLATE utf8mb4_unicode_ci DEFAULT NULL,
  `select_platform` varchar(255) COLLATE utf8mb4_unicode_ci DEFAULT NULL,
  `name` varchar(255) COLLATE utf8mb4_unicode_ci DEFAULT NULL,
  `content_type` varchar(255) COLLATE utf8mb4_unicode_ci DEFAULT NULL,
  `target_link` varchar(255) COLLATE utf8mb4_unicode_ci DEFAULT NULL,
  `is_active` tinyint(1) DEFAULT '0' COMMENT '0 For InActive, 1 For Active',
  `created_at` timestamp NULL DEFAULT NULL,
  `updated_at` timestamp NULL DEFAULT NULL,
  PRIMARY KEY (`id`),
  KEY `org_banner_carousels_subscription_organization_id_foreign` (`organization_id`),
  CONSTRAINT `org_banner_carousels_subscription_organization_id_foreign` FOREIGN KEY (`organization_id`) REFERENCES `organization_details` (`id`) ON DELETE CASCADE
) ENGINE=InnoDB AUTO_INCREMENT=15 DEFAULT CHARSET=utf8mb4 COLLATE=utf8mb4_unicode_ci;

--
-- Dumping data for table `org_banner_carousels_subscription`
--

INSERT INTO `org_banner_carousels_subscription` VALUES (10,NULL,NULL,1,'http://15.204.253.153/ott-laravel/new-admin-api/public/uploads/tempimage/posters/6942e2a975867.jpg','http://15.204.253.153/ott-laravel/new-admin-api/public/uploads/tempimage/thumbnails/6942e2ba4ccf5.jpg','internal','[\"Stb\",\"Pc\\/Lg\",\"Ios\",\"tvOS\",\"Android Mobile\",\"Samsung Tv\",\"Web\",\"Others\\/Roku\"]','Platinum Pass','video',NULL,1,'2025-12-17 17:05:09','2025-12-17 17:05:09'),(11,NULL,NULL,1,'http://15.204.253.153/ott-laravel/new-admin-api/public/uploads/tempimage/posters/6982e72910731.jpg','http://15.204.253.153/ott-laravel/new-admin-api/public/uploads/tempimage/thumbnails/6982e7408dddd.jpg','internal','[\"Stb\",\"Android Mobile\"]','Unknown Album','video',NULL,1,'2026-02-04 06:29:28','2026-02-04 06:29:28'),(14,NULL,NULL,10,'http://15.204.253.153/ott-laravel/new-admin-api/public/uploads/tempimage/posters/69984aa74a9eb.jpg','http://15.204.253.153/ott-laravel/new-admin-api/public/uploads/tempimage/thumbnails/69984ab60a8e0.jpg','internal','[\"Stb\",\"Pc\\/Lg\",\"Ios\",\"tvOS\",\"Android Mobile\",\"Samsung Tv\",\"Web\",\"Others\\/Roku\"]','Free Plan','video',NULL,1,'2026-02-20 11:51:40','2026-02-20 11:51:40');

--
-- Table structure for table `org_monetization_planss`
--

CREATE TABLE `org_monetization_planss` (
  `id` bigint unsigned NOT NULL AUTO_INCREMENT,
  `organization_id` bigint unsigned NOT NULL,
  `subscription_name` varchar(255) COLLATE utf8mb4_unicode_ci NOT NULL,
  `subscription_identifier` varchar(255) COLLATE utf8mb4_unicode_ci NOT NULL,
  `platforms` varchar(255) COLLATE utf8mb4_unicode_ci NOT NULL,
  `use_org_settings` varchar(255) COLLATE utf8mb4_unicode_ci DEFAULT '0' COMMENT '	0 = false, 1 = true',
  `subscription_length` varchar(255) COLLATE utf8mb4_unicode_ci NOT NULL,
  `subs_length_time_type` varchar(255) COLLATE utf8mb4_unicode_ci DEFAULT NULL COMMENT 'day, month, unlimited',
  `subscription_type` varchar(255) COLLATE utf8mb4_unicode_ci NOT NULL,
  `advertising` varchar(255) COLLATE utf8mb4_unicode_ci NOT NULL DEFAULT '0' COMMENT '0 = false, 1 = true',
  `currency` varchar(255) COLLATE utf8mb4_unicode_ci NOT NULL,
  `total_price` longtext COLLATE utf8mb4_unicode_ci,
  `additional_device_price` varchar(255) COLLATE utf8mb4_unicode_ci DEFAULT NULL,
  `autopay` varchar(255) COLLATE utf8mb4_unicode_ci NOT NULL DEFAULT '0' COMMENT '0 = false, 1 = true',
  `subscription_devices` varchar(255) COLLATE utf8mb4_unicode_ci NOT NULL,
  `conditional_subscriptions` json DEFAULT NULL,
  `conditional_content_addons` json DEFAULT NULL,
  `conditional_accessories` json DEFAULT NULL,
  `org_monetzn_content_set_id` bigint unsigned DEFAULT NULL,
  `org_monetzn_accessories_id` json DEFAULT NULL,
  `org_monetzn_partner_product_id` json DEFAULT NULL,
  `org_monetzn_extra_partner_product_id` json DEFAULT NULL,
  `created_by` varchar(255) COLLATE utf8mb4_unicode_ci NOT NULL,
  `auto_scrolling` tinyint(1) DEFAULT '0' COMMENT '0 For Not Auto Scrolling, 1 For Auto Scrolling',
  `second` bigint DEFAULT NULL,
  `banners` json NOT NULL,
  `banner_carousel_is_active` tinyint(1) DEFAULT '0' COMMENT '0 For Not Active, 1 For Active',
  `created_at` timestamp NULL DEFAULT NULL,
  `updated_at` timestamp NULL DEFAULT NULL,
  `subscription_price` varchar(255) COLLATE utf8mb4_unicode_ci DEFAULT NULL,
  `is_active` tinyint(1) NOT NULL DEFAULT '0' COMMENT '0: Inactive, 1: Active',
  PRIMARY KEY (`id`),
  UNIQUE KEY `org_monetization_planss_subscription_identifier_unique` (`subscription_identifier`)
) ENGINE=InnoDB AUTO_INCREMENT=29 DEFAULT CHARSET=utf8mb4 COLLATE=utf8mb4_unicode_ci;

--
-- Dumping data for table `org_monetization_planss`
--

INSERT INTO `org_monetization_planss` VALUES (4,1,'Platinum Pass','idn_2025121722027fqrG','{\"Stb\":true,\"Pc\\/Lg\":true,\"Ios\":true,\"tvOS\":true,\"Android Mobile\":true,\"Samsung Tv\":true,\"Web\":true,\"Others\\/Roku\":true}','0','95','Days','paid','1','USD','70','[{\"id\":1765989047812.9543,\"inputedVal\":\"10\"},{\"id\":1765989047812.5928,\"inputedVal\":\"5\"},{\"id\":1765989047812.5076,\"inputedVal\":\"5\"},{\"id\":1765989047812.023,\"inputedVal\":\"5\"}]','1','\"4\"','[{\"id\": 1765989059295.1675, \"condition\": null, \"subs_condtn\": \"c1\", \"targeted_product\": null, \"subs_targted_product\": \"p1\"}]','[{\"id\": 1765989071466.8064, \"condition\": null, \"acces_condtn\": \"c3\", \"acces_product\": \"p3\", \"targeted_product\": null}]','[{\"id\": 1765989065047.5833, \"condition\": null, \"content_where\": \"c2\", \"content_product\": \"p2\", \"targeted_product\": null}]',1,'[2]','[1]','[1]','19',1,10,'[{\"id\": 1765990897939, \"banner_image\": \"http://15.204.253.153/ott-laravel/new-admin-api/public/uploads/tempimage/thumbnails/6943c83b4b1d1.jpg\", \"banner_is_active\": 1}, {\"id\": 1765990899344, \"banner_image\": \"http://15.204.253.153/ott-laravel/new-admin-api/public/uploads/tempimage/thumbnails/6943c8451f471.jpg\", \"banner_is_active\": 1}, {\"id\": 1765990902818, \"banner_image\": \"http://15.204.253.153/ott-laravel/new-admin-api/public/uploads/tempimage/thumbnails/6943c84e0407a.jpg\", \"banner_is_active\": 1}, {\"id\": 1765990903890, \"banner_image\": \"http://15.204.253.153/ott-laravel/new-admin-api/public/uploads/tempimage/thumbnails/6943c8567f71b.jpg\", \"banner_is_active\": 1}, {\"id\": 1765990904272, \"banner_image\": \"http://15.204.253.153/ott-laravel/new-admin-api/public/uploads/tempimage/thumbnails/6943c8719d697.jpg\", \"banner_is_active\": 1}, {\"id\": 1765990906275, \"banner_image\": \"http://15.204.253.153/ott-laravel/new-admin-api/public/uploads/tempimage/thumbnails/6943c87db0335.jpg\", \"banner_is_active\": 1}, {\"id\": 1765990906677, \"banner_image\": \"http://15.204.253.153/ott-laravel/new-admin-api/public/uploads/tempimage/thumbnails/6943c93a7f5c5.jpg\", \"banner_is_active\": 1}, {\"id\": 1765990907486, \"banner_image\": \"http://15.204.253.153/ott-laravel/new-admin-api/public/uploads/tempimage/thumbnails/6943c949ce788.jpg\", \"banner_is_active\": 1}, {\"id\": 1765990907861, \"banner_image\": \"http://15.204.253.153/ott-laravel/new-admin-api/public/uploads/tempimage/thumbnails/6943c950ae0bd.jpg\", \"banner_is_active\": 1}]',1,'2025-12-17 16:35:53','2026-02-12 11:09:57','45',0),(12,1,'For Testing','idn_2026012811256VNSi','{\"Stb\":true,\"Pc\\/Lg\":true,\"Ios\":true,\"tvOS\":true,\"Android Mobile\":true,\"Samsung Tv\":true,\"Web\":true,\"Others\\/Roku\":true}','1','10','Months','paid','1','USD','104','[{\"id\":1769578407019.7559,\"inputedVal\":\"5\"},{\"id\":1769578407020.5935,\"inputedVal\":\"5\"},{\"id\":1769578407020.1829,\"inputedVal\":\"5\"}]','1','\"3\"','[{\"id\": 1769578419907.7063, \"condition\": null, \"subs_condtn\": \"c1\", \"targeted_product\": null, \"subs_targted_product\": \"p1\"}]','[{\"id\": 1769578431171.8523, \"condition\": null, \"acces_condtn\": \"c3\", \"acces_product\": \"p3\", \"targeted_product\": null}]','[{\"id\": 1769578425819.8186, \"condition\": null, \"content_where\": \"c2\", \"content_product\": \"p2\", \"targeted_product\": null}]',8,'[2]','[2]','[2]','16',0,NULL,'null',0,'2026-01-28 05:34:44','2026-01-28 05:34:44','89',0),(14,1,'live testing plan','idn_202602411504Tyv8','{\"Stb\":true,\"Pc\\/Lg\":true,\"Android Mobile\":true,\"Samsung Tv\":true}','1','15','Days','free','1','USD','0','[{\"id\":1774264956386.0823,\"inputedVal\":\"0\"},{\"id\":1774264956386.7961,\"inputedVal\":\"0\"},{\"id\":1774264956386.9717,\"inputedVal\":\"0\"},{\"id\":1774264956386.0383,\"inputedVal\":\"0\"},{\"id\":1774264956386.8694,\"inputedVal\":\"0\"},{\"id\":1774264956386.1196,\"inputedVal\":\"','1','\"10\"','[{\"id\": 1770186031684.4136, \"condition\": null, \"subs_condtn\": \"c1\", \"targeted_product\": null, \"subs_targted_product\": \"p1\"}]','[{\"id\": 1770186042012.3152, \"condition\": null, \"acces_condtn\": \"c3\", \"acces_product\": \"p3\", \"targeted_product\": null}]','[{\"id\": 1770186036780.8582, \"condition\": null, \"content_where\": \"c2\", \"content_product\": \"p2\", \"targeted_product\": null}]',10,'[4]','[2]','[2]','19',1,2,'[{\"id\": 1770186329067, \"banner_image\": \"http://15.204.253.153/ott-laravel/new-admin-api/public/uploads/tempimage/thumbnails/6982e6646686c.jpg\", \"banner_is_active\": 1}, {\"id\": 1770186329683, \"banner_image\": \"http://15.204.253.153/ott-laravel/new-admin-api/public/uploads/tempimage/thumbnails/6982e66edd3c7.jpg\", \"banner_is_active\": 1}, {\"id\": 1770186329508, \"banner_image\": \"http://15.204.253.153/ott-laravel/new-admin-api/public/uploads/tempimage/thumbnails/6982e67e73512.jpg\", \"banner_is_active\": 1}, {\"id\": 1770186330474, \"banner_image\": \"http://15.204.253.153/ott-laravel/new-admin-api/public/uploads/tempimage/thumbnails/6982e691710ee.jpg\", \"banner_is_active\": 1}, {\"id\": 1770186330822, \"banner_image\": \"http://15.204.253.153/ott-laravel/new-admin-api/public/uploads/tempimage/thumbnails/6982e69d23827.jpg\", \"banner_is_active\": 1}, {\"id\": 1770186332546, \"banner_image\": \"http://15.204.253.153/ott-laravel/new-admin-api/public/uploads/tempimage/thumbnails/6982e6db4b298.jpg\", \"banner_is_active\": 1}, {\"id\": 1770186332863, \"banner_image\": \"http://15.204.253.153/ott-laravel/new-admin-api/public/uploads/tempimage/thumbnails/6982e6f91ecf8.jpg\", \"banner_is_active\": 1}]',0,'2026-02-04 06:21:27','2026-03-23 11:23:28','free',1),(15,7,'tkoplex Monetization','ABCDEF','{\"Stb\":true,\"Pc\\/Lg\":true,\"Ios\":true,\"tvOS\":true,\"Android Mobile\":true,\"Samsung Tv\":true,\"Web\":true,\"Others\\/Roku\":true}','0','30','Months','free','0','USD','20','[{\"id\":1770188301585.418,\"inputedVal\":\"10\"},{\"id\":1770188301585.4946,\"inputedVal\":\"10\"}]','0','\"2\"','[{\"id\": 1770188313143.078, \"condition\": null, \"subs_condtn\": \"c1\", \"targeted_product\": null, \"subs_targted_product\": \"p1\"}]','[{\"id\": 1770188323531.609, \"condition\": null, \"acces_condtn\": \"c2\", \"acces_product\": \"p2\", \"targeted_product\": null}]','[{\"id\": 1770188320185.5784, \"condition\": null, \"content_where\": \"c3\", \"content_product\": \"p3\", \"targeted_product\": null}]',11,'[2]','[2]','[2]','19',1,5,'[{\"id\": 1770188712401, \"banner_image\": \"http://15.204.253.153/ott-laravel/new-admin-api/public/uploads/tempimage/thumbnails/6982efb95f32f.jpg\", \"banner_is_active\": 0}, {\"id\": 1770188753880, \"banner_image\": \"http://15.204.253.153/ott-laravel/new-admin-api/public/uploads/tempimage/thumbnails/6982efdd22158.jpg\", \"banner_is_active\": 0}, {\"id\": 1770188770413, \"banner_image\": \"http://15.204.253.153/ott-laravel/new-admin-api/public/uploads/tempimage/thumbnails/6982f00122c47.jpg\", \"banner_is_active\": 0}, {\"id\": 1770200954972, \"banner_image\": \"http://15.204.253.153/ott-laravel/new-admin-api/public/uploads/tempimage/thumbnails/69831f94743d2.jpg\", \"banner_is_active\": 0}]',1,'2026-02-04 06:59:35','2026-02-04 10:29:48','free',0),(16,7,'Live Test','idn_20260219143617verA','{\"Stb\":true,\"Android Mobile\":true,\"Samsung Tv\":true,\"Pc\\/Lg\":true,\"Web\":true}','1','40','Days','paid','1','USD','23','[{\"id\":1771493983566.146,\"inputedVal\":null},{\"id\":1771493983566.0376,\"inputedVal\":null},{\"id\":1771493983566.9453,\"inputedVal\":null}]','1','\"3\"','[{\"id\": 1771493851115.1504, \"condition\": null, \"subs_condtn\": \"c1\", \"targeted_product\": null, \"subs_targted_product\": \"p1\"}]','[{\"id\": 1771493857758.916, \"condition\": null, \"content_where\": \"c2\", \"content_product\": \"p2\", \"targeted_product\": null}]','[{\"id\": 1771493864803.5305, \"condition\": null, \"acces_condtn\": \"c3\", \"acces_product\": \"p3\", \"targeted_product\": null}]',12,'[3]','[2]','[3]','19',1,10,'[{\"id\": 1771494518383, \"banner_image\": \"http://15.204.253.153/ott-laravel/new-admin-api/public/uploads/tempimage/thumbnails/6996dcb4d9982.jpg\", \"banner_is_active\": 0}, {\"id\": 1771494519745, \"banner_image\": \"http://15.204.253.153/ott-laravel/new-admin-api/public/uploads/tempimage/thumbnails/6996dcd11d056.jpg\", \"banner_is_active\": 0}, {\"id\": 1771494520719, \"banner_image\": \"http://15.204.253.153/ott-laravel/new-admin-api/public/uploads/tempimage/thumbnails/6996dcdce4b21.jpg\", \"banner_is_active\": 0}, {\"id\": 1771494521411, \"banner_image\": \"http://15.204.253.153/ott-laravel/new-admin-api/public/uploads/tempimage/thumbnails/6996dceb44fa7.jpg\", \"banner_is_active\": 0}, {\"id\": 1771494525188, \"banner_image\": \"http://15.204.253.153/ott-laravel/new-admin-api/public/uploads/tempimage/thumbnails/6996dd17791bc.jpg\", \"banner_is_active\": 0}, {\"id\": 1771494526267, \"banner_image\": \"http://15.204.253.153/ott-laravel/new-admin-api/public/uploads/tempimage/thumbnails/6996dd2520c01.jpg\", \"banner_is_active\": 0}, {\"id\": 1771494526643, \"banner_image\": \"http://15.204.253.153/ott-laravel/new-admin-api/public/uploads/tempimage/thumbnails/6996dd3522520.jpg\", \"banner_is_active\": 0}, {\"id\": 1771494527470, \"banner_image\": \"http://15.204.253.153/ott-laravel/new-admin-api/public/uploads/tempimage/thumbnails/6996dd3f4f29c.jpg\", \"banner_is_active\": 0}]',1,'2026-02-19 09:39:24','2026-02-19 10:01:14','20',0),(18,9,'Store Startup','idn_2026021916739lsy2','{\"Stb\":true}','1','1','Months','paid','1','USD','130','[{\"id\":1771497496011.579,\"inputedVal\":\"10\"}]','0','\"1\"','[{\"id\": 1771497509536.417, \"condition\": null, \"subs_condtn\": \"c1\", \"targeted_product\": null, \"subs_targted_product\": \"p1\"}]','[{\"id\": 1771497517876.7178, \"condition\": null, \"acces_condtn\": \"c1\", \"acces_product\": \"p1\", \"targeted_product\": null}]','[{\"id\": 1771497513130.445, \"condition\": null, \"content_where\": \"c1\", \"content_product\": \"p1\", \"targeted_product\": null}]',13,'[4, 2]','[2]','[2]','19',1,5,'[{\"id\": 1771585382094, \"banner_image\": \"http://15.204.253.153/ott-laravel/new-admin-api/public/uploads/tempimage/thumbnails/69983f89bee3d.jpg\", \"banner_is_active\": 0}, {\"id\": 1771585402696, \"banner_image\": \"http://15.204.253.153/ott-laravel/new-admin-api/public/uploads/tempimage/thumbnails/69983f847954b.jpg\", \"banner_is_active\": 0}]',0,'2026-02-19 10:40:43','2026-02-20 11:03:47','120',0),(19,10,'Free Plan','idn_20260220171628lVk1','','1','10','Months','free','0','USD','40','[{\"id\":1771588039773.5063,\"inputedVal\":\"20\"},{\"id\":1771588039773.828,\"inputedVal\":\"20\"}]','0','\"2\"','[{\"id\": 1771588048775.358, \"condition\": null, \"subs_condtn\": \"c1\", \"targeted_product\": null, \"subs_targted_product\": \"p1\"}]','[{\"id\": 1771588064437.311, \"condition\": null, \"acces_condtn\": \"c3\", \"acces_product\": \"p3\", \"targeted_product\": null}]','[{\"id\": 1771588060601.1711, \"condition\": null, \"content_where\": \"c2\", \"content_product\": \"p2\", \"targeted_product\": null}]',14,'[6]','[2]','[2]','19',1,5,'[{\"id\": 1771588161623, \"banner_image\": \"http://15.204.253.153/ott-laravel/new-admin-api/public/uploads/tempimage/thumbnails/69984a545479e.jpg\", \"banner_is_active\": 1}, {\"id\": 1771588183351, \"banner_image\": \"http://15.204.253.153/ott-laravel/new-admin-api/public/uploads/tempimage/thumbnails/69984a5fc4259.jpg\", \"banner_is_active\": 1}]',1,'2026-02-20 11:48:51','2026-02-20 11:50:15','free',0),(20,11,'My Mon','idn_202603316033N1wd','','1','30','Days','free','1','USD','10','[{\"id\":1772533868442.8743,\"inputedVal\":\"10\"}]','0','\"1\"','[]','[]','[]',15,'[7]',NULL,NULL,'19',0,NULL,'null',1,'2026-03-03 10:33:53','2026-03-03 17:07:44','free',0),(21,11,'Beck Petersen','Voluptate commodo is','{\"Pc\\/Lg\":true,\"Ios\":true}','1','','unlimited','free','1','USD','1','[{\"id\":1772557509114.2305,\"inputedVal\":\"1\"}]','0','\"1\"','[]','[]','[]',16,'[7]','[5]','[5]','19',0,NULL,'null',1,'2026-03-03 17:06:34','2026-03-03 17:07:43','free',0),(22,21,'2 Months','idn_202603231815284EOf','[]','1','60','Days','free','1','USD','0','[]','1','\"10\"','[{\"id\": 1774269967137.9695, \"condition\": null, \"targeted_product\": null}, {\"id\": 1774269967857.937, \"condition\": null, \"targeted_product\": null}, {\"id\": 1775735604506.042, \"condition\": null, \"targeted_product\": null}]','[{\"id\": 1774269968448.9292, \"condition\": null, \"targeted_product\": null}]','[{\"id\": 1774269968855.933, \"condition\": null, \"targeted_product\": null}, {\"id\": 1775735604990.764, \"condition\": null, \"targeted_product\": null}]',17,NULL,NULL,NULL,'19',1,5,'[{\"id\": 1774270425896, \"banner_image\": \"http://15.204.253.153/ott-laravel/new-admin-api/public/uploads/tempimage/thumbnails/69c137e23de58.jpg\", \"banner_is_active\": 1}, {\"id\": 1774270438775, \"banner_image\": \"http://15.204.253.153/ott-laravel/new-admin-api/public/uploads/tempimage/thumbnails/69c137ea18168.jpg\", \"banner_is_active\": 1}, {\"id\": 1774270444885, \"banner_image\": \"http://15.204.253.153/ott-laravel/new-admin-api/public/uploads/tempimage/thumbnails/69c137f081e44.jpg\", \"banner_is_active\": 1}]',1,'2026-03-23 12:46:55','2026-04-09 11:53:39','free',1),(23,29,'One month','idn_2026041153527JQOG','{\"Ios\":true,\"Samsung Tv\":true,\"Android Mobile\":true}','1','30','Days','free','1','USD','0','[{\"id\":1775505824683.0173,\"inputedVal\":null},{\"id\":1775505824683.6406,\"inputedVal\":null},{\"id\":1775505824683.6445,\"inputedVal\":null},{\"id\":1775505824683.7695,\"inputedVal\":null},{\"id\":1775505824683.807,\"inputedVal\":null},{\"id\":1775505824683.8335,\"inputedVa','1','\"6\"','[{\"id\": 1775039774201.2117, \"condition\": null, \"targeted_product\": null}]','[]','[]',18,NULL,NULL,NULL,'19',1,5,'[{\"id\": 1775044420405, \"banner_image\": \"http://15.204.253.153/ott-laravel/new-admin-api/public/uploads/tempimage/thumbnails/69cd0753876a2.jpg\", \"banner_is_active\": 1}, {\"id\": 1775044564664, \"banner_image\": \"http://15.204.253.153/ott-laravel/new-admin-api/public/uploads/tempimage/thumbnails/69cd07e3a6967.jpg\", \"banner_is_active\": 1}]',1,'2026-04-01 10:36:23','2026-04-06 20:03:51','free',1),(24,30,'Test Plan For V3','idn_202604612304878Er','[]','1','30','Days','free','1','USD','0','[]','1','\"10\"','[]','[]','[]',19,NULL,NULL,NULL,'19',0,NULL,'null',0,'2026-04-06 07:01:16','2026-04-15 09:16:35','free',1),(25,31,'One month','idn_20260470382pxHG','{\"Pc\\/Lg\":true,\"Ios\":true,\"Samsung Tv\":true,\"Android Mobile\":true}','0','30','Days','free','1','USD',NULL,'[{\"id\":1775504315550.7805,\"inputedVal\":null},{\"id\":1775504315550.083,\"inputedVal\":null},{\"id\":1775504315550.3228,\"inputedVal\":null},{\"id\":1775504315550.0752,\"inputedVal\":null},{\"id\":1775504315550.6968,\"inputedVal\":null}]','1','\"5\"','[{\"id\": 1775505017147.976, \"condition\": null, \"targeted_product\": null}, {\"id\": 1775505017363.9348, \"condition\": null, \"targeted_product\": null}, {\"id\": 1775505018576.96, \"condition\": null, \"targeted_product\": null}, {\"id\": 1775505018761.435, \"condition\": null, \"targeted_product\": null}, {\"id\": 1775505018988.5413, \"condition\": null, \"targeted_product\": null}]','[{\"id\": 1775505020850.1787, \"condition\": null, \"targeted_product\": null}, {\"id\": 1775505021037.2903, \"condition\": null, \"targeted_product\": null}, {\"id\": 1775505021223.5508, \"condition\": null, \"targeted_product\": null}, {\"id\": 1775505021454.5234, \"condition\": null, \"targeted_product\": null}, {\"id\": 1775505021648.4954, \"condition\": null, \"targeted_product\": null}, {\"id\": 1775505021875.0725, \"condition\": null, \"targeted_product\": null}]','[{\"id\": 1775505022800.4326, \"condition\": null, \"targeted_product\": null}, {\"id\": 1775505022984.2292, \"condition\": null, \"targeted_product\": null}, {\"id\": 1775505023113.329, \"condition\": null, \"targeted_product\": null}]',20,NULL,NULL,NULL,'19',1,10,'[{\"id\": 1775504938564, \"banner_image\": \"http://15.204.253.153/ott-laravel/new-admin-api/public/uploads/tempimage/thumbnails/69d40e3869673.jpg\", \"banner_is_active\": 1}, {\"id\": 1775504962171, \"banner_image\": \"http://15.204.253.153/ott-laravel/new-admin-api/public/uploads/tempimage/thumbnails/69d40e4b5d6ac.jpg\", \"banner_is_active\": 1}, {\"id\": 1775504974281, \"banner_image\": \"http://15.204.253.153/ott-laravel/new-admin-api/public/uploads/tempimage/thumbnails/69d40e5bbf5f6.jpg\", \"banner_is_active\": 1}]',1,'2026-04-06 19:38:55','2026-04-06 20:00:25','free',1),(26,31,'6 Month - 5 devices','??','','0','6','Months','paid','1','USD','','[]','0','\"5\"','[]','[]','[]',21,NULL,NULL,NULL,'19',0,NULL,'null',0,'2026-04-06 21:08:34','2026-04-06 21:08:34','0.00',0),(27,8,'Store Plan Free','idn_2026041113921ohzg','{\"Stb\":true,\"Android Mobile\":true,\"Pc\\/Lg\":true,\"Samsung Tv\":true,\"Ios\":true,\"Web\":true,\"tvOS\":true,\"Others\\/Roku\":true}','0','365','Days','free','0','USD','0','[{\"id\":1775893195660.582,\"inputedVal\":\"0\"},{\"id\":1775893195660.6763,\"inputedVal\":\"0\"},{\"id\":1775893195660.1794,\"inputedVal\":\"0\"},{\"id\":1775893195660.022,\"inputedVal\":\"0\"},{\"id\":1775893195660.572,\"inputedVal\":\"0\"},{\"id\":1775893195660.967,\"inputedVal\":\"0\"},','1','\"50\"','[{\"id\": 1775893242051.909, \"condition\": null, \"targeted_product\": null}]','[]','[]',22,NULL,NULL,NULL,'19',1,5,'[{\"id\": 1775893313960, \"banner_image\": \"http://15.204.253.153/ott-laravel/new-admin-api/public/uploads/tempimage/thumbnails/69d9fb7d15ed3.jpg\", \"banner_is_active\": 1}, {\"id\": 1775893376482, \"banner_image\": \"http://15.204.253.153/ott-laravel/new-admin-api/public/uploads/tempimage/thumbnails/69d9fb84a0424.jpg\", \"banner_is_active\": 1}, {\"id\": 1775893383307, \"banner_image\": \"http://15.204.253.153/ott-laravel/new-admin-api/public/uploads/tempimage/thumbnails/69d9fb8bdea5d.jpg\", \"banner_is_active\": 1}]',1,'2026-04-11 07:41:17','2026-04-11 07:43:19','free',1),(28,30,'Testing For Org V3','idn_202604151445352aY9','','1','20','Days','free','0','USD','0','[{\"id\":1776244551434.9045,\"inputedVal\":\"0\"},{\"id\":1776244551434.5603,\"inputedVal\":\"0\"},{\"id\":1776244551434.798,\"inputedVal\":\"0\"},{\"id\":1776244551434.988,\"inputedVal\":\"0\"},{\"id\":1776244551434.4407,\"inputedVal\":\"0\"}]','0','\"5\"','[]','[]','[]',23,NULL,NULL,NULL,'19',1,4,'[{\"id\": 1776244635708, \"banner_image\": \"http://15.204.253.153/ott-laravel/new-admin-api/public/uploads/tempimage/thumbnails/69df579ca3d5f.jpg\", \"banner_is_active\": 1}]',1,'2026-04-15 09:16:11','2026-04-15 09:17:45','free',0);

--
-- Table structure for table `org_subscriber_creditcard`
--

CREATE TABLE `org_subscriber_creditcard` (
  `id` bigint NOT NULL AUTO_INCREMENT,
  `subscriber_id` bigint unsigned NOT NULL,
  `profile_name` varchar(255) COLLATE utf8mb4_unicode_ci DEFAULT NULL,
  `card_type` varchar(255) COLLATE utf8mb4_unicode_ci DEFAULT NULL,
  `security_type` varchar(255) COLLATE utf8mb4_unicode_ci DEFAULT NULL,
  `card_number` varchar(255) COLLATE utf8mb4_unicode_ci DEFAULT NULL,
  `expiration_month` varchar(255) COLLATE utf8mb4_unicode_ci DEFAULT NULL,
  `expiration_year` varchar(255) COLLATE utf8mb4_unicode_ci DEFAULT NULL,
  `cvv` varchar(255) COLLATE utf8mb4_unicode_ci DEFAULT NULL,
  `billing_address` varchar(255) COLLATE utf8mb4_unicode_ci DEFAULT NULL COMMENT '0 = subscriber''s billing, 1 = custom',
  `first_name` varchar(255) COLLATE utf8mb4_unicode_ci DEFAULT NULL,
  `last_name` varchar(255) COLLATE utf8mb4_unicode_ci DEFAULT NULL,
  `email` varchar(255) COLLATE utf8mb4_unicode_ci DEFAULT NULL,
  `phone_number` varchar(255) COLLATE utf8mb4_unicode_ci DEFAULT NULL,
  `address` varchar(255) COLLATE utf8mb4_unicode_ci DEFAULT NULL,
  `city` varchar(255) COLLATE utf8mb4_unicode_ci DEFAULT NULL,
  `zip_code` varchar(255) COLLATE utf8mb4_unicode_ci DEFAULT NULL,
  `country` varchar(255) COLLATE utf8mb4_unicode_ci DEFAULT NULL,
  `state` varchar(255) COLLATE utf8mb4_unicode_ci DEFAULT NULL,
  `is_active` varchar(255) COLLATE utf8mb4_unicode_ci DEFAULT NULL,
  `created_at` timestamp NULL DEFAULT NULL,
  `updated_at` timestamp NULL DEFAULT NULL,
  PRIMARY KEY (`id`),
  KEY `org_subscriber_creditcard_subscriber_id_foreign` (`subscriber_id`),
  CONSTRAINT `org_subscriber_creditcard_subscriber_id_foreign` FOREIGN KEY (`subscriber_id`) REFERENCES `org_subscribers` (`id`) ON DELETE CASCADE
) ENGINE=InnoDB AUTO_INCREMENT=11 DEFAULT CHARSET=utf8mb4 COLLATE=utf8mb4_unicode_ci;

--
-- Dumping data for table `org_subscriber_creditcard`
--

INSERT INTO `org_subscriber_creditcard` VALUES (4,15,'Sloane Yang','visa','local',NULL,'09','2032','Obcaecati aperiam ea','0','Kim','Griffith','vizi@mailinator.com','+1 (752) 579-6929','Fugiat quidem qui du','Et do eius dolor dol','21833','BA','Hic in optio ut qui',NULL,'2026-02-12 12:48:42','2026-02-12 12:48:42'),(5,15,'Quemby Cooke','mastercard','authorize',NULL,'06','2031','Et nostrum consectet','1','Fulton','Sanford','fihuxotem@mailinator.com','+1 (104) 334-4852','Eum consequatur Vel','Maiores nostrud cumq','53287','MG','Incididunt qui cillu',NULL,'2026-02-12 12:49:08','2026-02-12 12:49:08'),(6,15,'Portia Blanchard','mastercard','authorize',NULL,'11','2039','Fuga Alias non numq','1','Ian','Brooks','zevuf@mailinator.com','+1 (103) 179-3369','Voluptas consectetur','Voluptatem qui quib','25310','BJ','Omnis inventore exce','1','2026-02-12 12:51:49','2026-02-12 12:51:49'),(7,17,'Neville Dejesus','mastercard','authorize',NULL,'10','2035','Cupidatat cupiditate','1','Candace','Edwards','vikyqewus@mailinator.com','+1 (404) 195-1412','Deleniti sunt repudi','Ex sequi irure amet','67452','CO','Sed rerum ex modi co','1','2026-02-19 21:04:36','2026-02-19 21:04:36'),(8,21,'test2','jcb','local','4111111111111111','04','2029','510','0','alex','hormozi','alexhormozi@gmail.com','9654748215','Flat No. 502, Silver Heights Apartment\nVeera Desai Road, Andheri West\nNear Infinity Mall	Mumbai','Mumbai','400053','India','Maharashtra','1','2026-02-26 07:12:53','2026-02-26 07:12:53'),(9,21,'test1','visa','authorized','4929288532464287','7','2030','916','0','Marion','Funk','langosh.valerie@example.net','641.829.8770','75824 Weston Glen','North Reggie','97223','Cameroon','Virginia','1','2026-02-26 07:12:53','2026-02-26 07:12:53'),(10,25,'test','mastercard','authorize','4242424242424242','02','2027','123','0','Erik','Birkfeld','ebirkfeld@gmail.com','123456789','streer123','Anchorage','99540','United States','AK','1','2026-03-01 21:13:00','2026-03-01 21:13:00');

--
-- Table structure for table `org_subscriber_devices`
--

CREATE TABLE `org_subscriber_devices` (
  `id` bigint unsigned NOT NULL AUTO_INCREMENT,
  `subscriber_id` bigint unsigned NOT NULL,
  `device_type` varchar(255) COLLATE utf8mb4_unicode_ci DEFAULT NULL,
  `brand_model` varchar(255) COLLATE utf8mb4_unicode_ci DEFAULT NULL,
  `mac_address` varchar(255) COLLATE utf8mb4_unicode_ci DEFAULT NULL,
  `serial_number` varchar(255) COLLATE utf8mb4_unicode_ci DEFAULT NULL,
  `identifier` varchar(255) COLLATE utf8mb4_unicode_ci DEFAULT NULL,
  `ip_address` varchar(255) COLLATE utf8mb4_unicode_ci DEFAULT NULL,
  `location` varchar(255) CHARACTER SET utf8mb4 COLLATE utf8mb4_unicode_ci DEFAULT NULL,
  `country` varchar(255) COLLATE utf8mb4_unicode_ci DEFAULT NULL,
  `latitude` varchar(255) COLLATE utf8mb4_unicode_ci DEFAULT NULL,
  `longitude` varchar(255) COLLATE utf8mb4_unicode_ci DEFAULT NULL,
  `last_session` time DEFAULT NULL,
  `is_active` varchar(255) CHARACTER SET utf8mb4 COLLATE utf8mb4_unicode_ci DEFAULT NULL COMMENT '0 = in_active, 1 = active',
  `created_at` timestamp NULL DEFAULT NULL,
  `updated_at` timestamp NULL DEFAULT NULL,
  `device_redirect` varchar(255) COLLATE utf8mb4_unicode_ci NOT NULL COMMENT '0 = false, 1 = true',
  `timezone` varchar(255) COLLATE utf8mb4_unicode_ci DEFAULT NULL,
  `security_code_required` varchar(255) COLLATE utf8mb4_unicode_ci DEFAULT NULL,
  `security_code` varchar(255) COLLATE utf8mb4_unicode_ci DEFAULT NULL,
  `firmware_version` varchar(255) COLLATE utf8mb4_unicode_ci DEFAULT NULL,
  `isp` varchar(255) COLLATE utf8mb4_unicode_ci DEFAULT NULL,
  `create_subscriber` varchar(255) COLLATE utf8mb4_unicode_ci DEFAULT NULL COMMENT '0 = false, 1 = true',
  `list` varchar(255) COLLATE utf8mb4_unicode_ci DEFAULT NULL,
  `first_value` varchar(255) COLLATE utf8mb4_unicode_ci DEFAULT NULL,
  `serial_mac_seperator` varchar(255) COLLATE utf8mb4_unicode_ci DEFAULT NULL,
  `parse_file` varchar(255) COLLATE utf8mb4_unicode_ci DEFAULT NULL,
  `assigned_subscribers` json DEFAULT NULL,
  PRIMARY KEY (`id`),
  KEY `org_subscriber_devices_subscriber_id_foreign` (`subscriber_id`)
) ENGINE=InnoDB AUTO_INCREMENT=153 DEFAULT CHARSET=utf8mb4 COLLATE=utf8mb4_unicode_ci;

--
-- Dumping data for table `org_subscriber_devices`
--

INSERT INTO `org_subscriber_devices` VALUES (24,10,'android','Samsung Galaxy Z Fold 5','A2:85:90:DB:1E:C7','SN348298046','v4vdhrpyrrwf5f82','32.62.184.216','O\'Konview','Kyrgyz Republic','-41.277211','-114.709222',NULL,'1','2026-01-30 14:28:48','2026-01-30 12:29:02','',NULL,NULL,NULL,NULL,NULL,NULL,NULL,NULL,NULL,NULL,NULL),(25,10,'ios','iPhone 14 Pro Max','F0:BC:35:29:F1:E9','SN898701553','v7qf1r5lhlvwjlwd','200.68.169.0','Hahnstad','Turkmenistan','-89.76403','157.201888',NULL,'0','2026-01-30 14:28:48','2026-03-02 13:17:18','',NULL,NULL,NULL,NULL,NULL,NULL,NULL,NULL,NULL,NULL,NULL),(26,10,'android','Xiaomi 13 Pro','25:57:F5:FF:66:73','SN903971629','wsd1s2elzqsmsszy','185.93.77.119','Blockview','Mozambique','85.227733','-60.647945',NULL,'0','2026-01-30 14:28:48','2026-03-02 13:17:18','',NULL,NULL,NULL,NULL,NULL,NULL,NULL,NULL,NULL,NULL,NULL),(27,10,'ios','iPhone SE (3rd Gen)','E6:6B:24:FB:24:E0','SN209846086','ziriqt6yisji8nb7','92.158.174.92','South Carson','Libyan Arab Jamahiriya','17.303132','138.739992',NULL,'0','2026-01-30 14:28:48','2026-03-02 13:17:18','',NULL,NULL,NULL,NULL,NULL,NULL,NULL,NULL,NULL,NULL,NULL),(28,10,'android','Nokia G22','3C:17:EB:6D:9E:1D','SN057591603','qbttts7vfbariq0h','146.34.58.138','Christfort','Saint Kitts and Nevis','-39.67949','145.072214',NULL,'1','2026-01-30 14:28:48','2026-01-30 14:28:48','',NULL,NULL,NULL,NULL,NULL,NULL,NULL,NULL,NULL,NULL,NULL),(29,11,'android','Vivo Y56','B0:B8:14:B0:6A:A0','SN129267383','w674owlfdaga2s3s','150.204.61.202','Hagenesborough','Slovenia','56.014907','-51.17583',NULL,'0','2026-02-04 08:37:03','2026-02-06 12:40:10','',NULL,NULL,NULL,NULL,NULL,NULL,NULL,NULL,NULL,NULL,NULL),(30,11,'ios','iPhone 13 Pro Max','F0:45:8A:0A:90:2D','SN754599151','znfbh0sticwncnjv','214.226.115.143','Schroedershire','Malta','-29.376113','-20.290879',NULL,'1','2026-02-04 08:37:03','2026-02-04 06:37:37','',NULL,NULL,NULL,NULL,NULL,NULL,NULL,NULL,NULL,NULL,NULL),(31,11,'android','OnePlus 12','72:54:C7:0D:05:DD','SN251421177','tky1csxmo7bg9cwc','1.98.7.199','West Alvahbury','Bahamas','82.936874','37.371284',NULL,'1','2026-02-04 08:37:03','2026-02-04 06:37:40','',NULL,NULL,NULL,NULL,NULL,NULL,NULL,NULL,NULL,NULL,NULL),(32,11,'android','Huawei P50 Pro','75:E0:45:94:AF:95','SN892119620','z1hups2iqakyayji','171.46.191.57','Chetside','Jamaica','-78.159008','-15.814382',NULL,'1','2026-02-04 08:37:03','2026-02-04 08:37:03','',NULL,NULL,NULL,NULL,NULL,NULL,NULL,NULL,NULL,NULL,NULL),(33,11,'android','Xiaomi 13 Pro','45:17:EA:84:C2:CA','SN383040236','kyunkemm375m6leq','213.37.14.207','West Feliciaborough','Taiwan','12.693878','-173.914308',NULL,'1','2026-02-04 08:37:03','2026-02-06 12:40:13','',NULL,NULL,NULL,NULL,NULL,NULL,NULL,NULL,NULL,NULL,NULL),(37,15,'others','Ducimus consequuntu','Non dolor ab tempora','932','Laboriosam minim co','Nobis inventore obca','Ratione fuga Occaec','Exercitationem ea an','Atque libero assumen','Sed quasi aut fuga',NULL,'1','2026-02-12 12:41:10','2026-02-12 12:41:10','',NULL,NULL,NULL,NULL,NULL,NULL,NULL,NULL,NULL,NULL,NULL),(38,15,'ios','Aliquip sunt sed si','Optio delectus aut','477','Consectetur in quo m','Dolorum voluptas nis','Sequi ipsum expedit','Similique corrupti','Asperiores officiis','Blanditiis harum ut',NULL,'1','2026-02-12 12:43:34','2026-02-12 12:43:34','',NULL,NULL,NULL,NULL,NULL,NULL,NULL,NULL,NULL,NULL,NULL),(39,15,'ios','Infinix hot 11','Rerum in nihil nisi','774','Architecto dolorem v','Officia mollit quisq','Distinctio Nostrud','Et vel maxime deseru','Voluptatem rerum al','Et sed nulla numquam',NULL,'1','2026-02-13 09:10:14','2026-02-13 09:10:14','',NULL,NULL,NULL,NULL,NULL,NULL,NULL,NULL,NULL,NULL,NULL),(41,17,'android','Samsang s21','Maiores omnis reicie','97','Sed ea ut qui atque','Est suscipit volupt','Nihil molestias faci','Dicta odio ratione e','Nostrum suscipit ull','Et incididunt consec',NULL,'1','2026-02-19 21:01:44','2026-02-19 21:01:44','',NULL,NULL,NULL,NULL,NULL,NULL,NULL,NULL,NULL,NULL,NULL),(42,19,'ios','iPhone 14','53-44-C7-C0-CA-84','659569556','545845844','15.204.253.153','New York','United States','23.23','45.25',NULL,'1','2026-02-20 12:00:18','2026-02-20 12:00:18','',NULL,NULL,NULL,NULL,NULL,NULL,NULL,NULL,NULL,NULL,NULL),(43,19,'android','Samsung 21','70-AB-AD-90-BA-0C','12121212','6899995665','15.204.253.153','Dallas','United States','35.78','63.25',NULL,'1','2026-02-20 12:01:38','2026-02-20 12:01:38','',NULL,NULL,NULL,NULL,NULL,NULL,NULL,NULL,NULL,NULL,NULL),(44,20,'android','Samsung s20','23.23.23.23','6565656565','123256232','15.204.253.153','New York','USA','23.56','65.23',NULL,'1','2026-02-24 10:31:09','2026-02-24 10:31:09','',NULL,NULL,NULL,NULL,NULL,NULL,NULL,NULL,NULL,NULL,NULL),(45,20,'ios','iPhone 14','562356565','1415151212','45845258','23.265.23.24','San Francisco','USA','23.56','65.26',NULL,'1','2026-02-24 10:32:26','2026-02-24 10:32:26','',NULL,NULL,NULL,NULL,NULL,NULL,NULL,NULL,NULL,NULL,NULL),(46,21,'android','Samsung Galaxy A54','48:AB:5E:EE:2A:E2','SN136930151','hb5w774kmouygirn','64.62.231.185','Hintzhaven','Morocco','-64.389802','-82.245543',NULL,'1','2026-02-26 07:10:08','2026-02-26 05:10:49','',NULL,NULL,NULL,NULL,NULL,NULL,NULL,NULL,NULL,NULL,NULL),(47,21,'ios','iPhone 13 Pro Max','35:31:00:59:29:02','SN694276356','zpooqdhnxbl8jvbl','45.138.19.173','Hendersonport','British Virgin Islands','-7.019459','-60.850423',NULL,'1','2026-02-26 07:10:08','2026-02-26 05:11:09','',NULL,NULL,NULL,NULL,NULL,NULL,NULL,NULL,NULL,NULL,NULL),(48,21,'android','Samsung Galaxy S21','5D:32:2D:BE:7B:F9','SN283374151','v5eqrcufkwkmfbzg','182.241.160.59','South Buford','San Marino','-24.480969','-92.321717',NULL,'1','2026-02-26 07:10:08','2026-04-14 10:19:35','',NULL,NULL,NULL,NULL,NULL,NULL,NULL,NULL,NULL,NULL,NULL),(49,21,NULL,'Vivo X90','07:27:B8:05:F9:02','SN066135263','izypuieip2jaf6xh','158.105.35.150','West Alisha','India','0.527394','-10.206397',NULL,'1','2026-02-26 07:10:08','2026-04-14 10:19:35','',NULL,NULL,NULL,NULL,NULL,NULL,NULL,NULL,NULL,NULL,NULL),(50,21,NULL,'Realme GT Neo 3','03:5E:07:6B:0E:7C','SN178322989','xraej77hcn7n7wpg','180.127.175.217','Hahnmouth','Suriname','27.35311','-6.007455',NULL,'0','2026-02-26 07:10:08','2026-02-26 07:10:08','',NULL,NULL,NULL,NULL,NULL,NULL,NULL,NULL,NULL,NULL,NULL),(53,25,'android','Iphone','123123','12312312','123123','12312312','San Diego','United States','123123','123123',NULL,'1','2026-03-01 20:28:43','2026-03-03 08:19:00','',NULL,NULL,NULL,NULL,NULL,NULL,NULL,NULL,NULL,NULL,NULL),(54,25,'android','qwwerwer','123','123123','123123','123123','San Diego','United States','123123','123123',NULL,'1','2026-03-01 20:29:08','2026-03-03 08:19:00','',NULL,NULL,NULL,NULL,NULL,NULL,NULL,NULL,NULL,NULL,NULL),(56,20,'others','Ut minima quia ad ma','Doloremque voluptate','379','Quo officiis aut odi','Saepe natus harum re','Et optio dolor assu','Minim nihil eu repre','Eum sed iste eos id','Tempora adipisci ill',NULL,'1','2026-03-02 09:14:17','2026-03-02 09:15:14','',NULL,NULL,NULL,NULL,NULL,NULL,NULL,NULL,NULL,NULL,NULL),(59,11,'android','samsung SM-A146B','0a550afb73dd66a9','unknown','0a550afb73dd66a9','192.168.1.13','undefined',NULL,NULL,NULL,NULL,'1','2026-03-10 20:22:07','2026-03-19 10:00:43','',NULL,NULL,NULL,NULL,NULL,NULL,NULL,NULL,NULL,NULL,NULL),(60,11,'android','samsung SM-G781B','363ef471278980d4','unknown','363ef471278980d4','192.168.1.2','undefined',NULL,NULL,NULL,NULL,'1','2026-03-18 12:01:20','2026-03-23 11:10:04','',NULL,NULL,NULL,NULL,NULL,NULL,NULL,NULL,NULL,NULL,NULL),(61,11,'android','samsung SM-P619','1b42e1b01abf9f1b','unknown','1b42e1b01abf9f1b','192.168.1.5','undefined',NULL,NULL,NULL,NULL,'1','2026-03-19 13:25:05','2026-03-19 13:25:05','',NULL,NULL,NULL,NULL,NULL,NULL,NULL,NULL,NULL,NULL,NULL),(66,30,'android','samsung SM-G781B','363ef471278980d4',NULL,'363ef471278980d4','171.61.161.243','undefined','日本','35.6762','139.6503',NULL,'1','2026-03-24 07:33:26','2026-04-09 11:18:08','',NULL,NULL,NULL,NULL,NULL,NULL,NULL,NULL,NULL,NULL,NULL),(68,30,'android','samsung SM-P619','1b42e1b01abf9f1b','unknown','1b42e1b01abf9f1b','192.168.1.5','undefined',NULL,NULL,NULL,NULL,'1','2026-03-24 09:58:43','2026-03-24 10:00:02','',NULL,NULL,NULL,NULL,NULL,NULL,NULL,NULL,NULL,NULL,NULL),(70,32,'android','samsung SM-G781B','363ef471278980d4','unknown','363ef471278980d4','192.168.1.5',NULL,NULL,NULL,NULL,NULL,'0','2026-03-24 17:59:57','2026-04-10 09:21:14','',NULL,NULL,NULL,NULL,NULL,NULL,NULL,NULL,NULL,NULL,NULL),(82,38,'android','Amazon AFTSS','11c0a1333b1f6fbe','unknown','11c0a1333b1f6fbe','192.168.1.7',NULL,NULL,NULL,NULL,NULL,'1','2026-04-02 10:06:26','2026-04-07 12:49:40','',NULL,NULL,NULL,NULL,NULL,NULL,NULL,NULL,NULL,NULL,NULL),(83,38,'android','samsung SM-X110','0fb2b2b805deaaa0','unknown','0fb2b2b805deaaa0','192.168.1.21',NULL,'unknown',NULL,NULL,NULL,'1','2026-04-02 20:14:07','2026-04-07 12:49:40','',NULL,NULL,NULL,NULL,NULL,NULL,NULL,NULL,NULL,NULL,NULL),(84,38,'android','samsung SM-S908U','e00440a1be54ad71','unknown','e00440a1be54ad71','192.168.1.19',NULL,'unknown',NULL,NULL,NULL,'1','2026-04-02 20:27:32','2026-04-07 12:49:40','',NULL,NULL,NULL,NULL,NULL,NULL,NULL,NULL,NULL,NULL,NULL),(85,11,'ios','Apple iPhone 17 Pro','CA2FB521-8A54-4850-9145-80C4CEC8F57A','unknown','CA2FB521-8A54-4850-9145-80C4CEC8F57A','192.168.1.5',NULL,'unknown',NULL,NULL,NULL,'1','2026-04-04 13:17:32','2026-04-09 11:54:53','',NULL,NULL,NULL,NULL,NULL,NULL,NULL,NULL,NULL,NULL,NULL),(92,30,'ios','Apple iPhone 17 Pro','CA2FB521-8A54-4850-9145-80C4CEC8F57A','unknown','CA2FB521-8A54-4850-9145-80C4CEC8F57A','192.168.1.5',NULL,'united states','37.785834','-122.406417',NULL,'1','2026-04-06 07:22:02','2026-04-09 12:03:21','',NULL,NULL,NULL,NULL,NULL,NULL,NULL,NULL,NULL,NULL,NULL),(98,38,'ios','Apple iPhone 17 Pro Max','33D16B73-324C-49B1-A6F3-312F487C077C','unknown','33D16B73-324C-49B1-A6F3-312F487C077C','192.168.1.3',NULL,NULL,'30.649015771080776','73.10887822732128',NULL,'1','2026-04-06 20:01:27','2026-04-06 20:19:34','',NULL,NULL,NULL,NULL,NULL,NULL,NULL,NULL,NULL,NULL,NULL),(100,45,'ios','Apple iPhone 17 Pro Max','33D16B73-324C-49B1-A6F3-312F487C077C','unknown','33D16B73-324C-49B1-A6F3-312F487C077C','192.168.1.3',NULL,NULL,'30.64901632106588','73.10890461077193',NULL,'1','2026-04-06 20:32:18','2026-04-13 12:19:59','',NULL,NULL,NULL,NULL,NULL,NULL,NULL,NULL,NULL,NULL,NULL),(101,45,'ios','Apple iPhone 13','E15D3B30-DA74-4037-8A42-81C920AA8500','unknown','E15D3B30-DA74-4037-8A42-81C920AA8500','192.168.1.5',NULL,NULL,'30.649005433232436','73.10891034709405',NULL,'1','2026-04-06 21:33:23','2026-04-13 12:19:59','',NULL,NULL,NULL,NULL,NULL,NULL,NULL,NULL,NULL,NULL,NULL),(102,45,'ios','Apple iPad (9th generation)','5425F504-6922-4254-946D-BC5212EC04CF','unknown','5425F504-6922-4254-946D-BC5212EC04CF','192.168.1.15',NULL,NULL,'30.64903076675719','73.10894158590602',NULL,'1','2026-04-06 21:40:21','2026-04-13 12:19:59','',NULL,NULL,NULL,NULL,NULL,NULL,NULL,NULL,NULL,NULL,NULL),(103,30,'ios','Apple iPad','4CED2CB6-94D5-47E8-808E-8BA2B0B840FD','unknown','4CED2CB6-94D5-47E8-808E-8BA2B0B840FD','192.168.1.12',NULL,'united states','37.785834','-122.406417',NULL,'1','2026-04-07 20:45:40','2026-04-09 08:51:43','',NULL,NULL,NULL,NULL,NULL,NULL,NULL,NULL,NULL,NULL,NULL),(108,45,'android','samsung SM-S908U','e00440a1be54ad71','unknown','e00440a1be54ad71','192.168.1.19',NULL,NULL,NULL,NULL,NULL,'1','2026-04-08 13:10:46','2026-04-08 14:06:44','',NULL,NULL,NULL,NULL,NULL,NULL,NULL,NULL,NULL,NULL,NULL),(109,30,'ios','Apple iPhone 17 Pro','F2297150-DDAC-4644-9CF2-1486693F10ED','unknown','F2297150-DDAC-4644-9CF2-1486693F10ED','192.168.1.12',NULL,'united states','37.785834','-122.406417',NULL,'1','2026-04-08 20:33:45','2026-04-13 09:54:33','',NULL,NULL,NULL,NULL,NULL,NULL,NULL,NULL,NULL,NULL,NULL),(115,30,'android','Google Pixel 7','00:1A:2B:3C:4D:12','PIXEL012','pixel_7_12','171.61.161.243',NULL,'india','21.1458','79.0882',NULL,'1','2026-04-09 11:42:32','2026-04-09 13:20:41','',NULL,NULL,NULL,NULL,NULL,NULL,NULL,NULL,NULL,NULL,NULL),(119,30,'android','OnePlus 11','00:1A:2B:3C:4D:06','OP11006','oneplus_11_06','171.61.161.243',NULL,'india','17.3850','78.4867',NULL,'1','2026-04-09 12:46:02','2026-04-09 13:21:03','',NULL,NULL,NULL,NULL,NULL,NULL,NULL,NULL,NULL,NULL,NULL),(120,30,'ios','Apple iPhone 14','88B476A7-5467-40D6-B53D-F1FFAB95150A','unknown','88B476A7-5467-40D6-B53D-F1FFAB95150A','192.168.1.4',NULL,'india','23.03335702334545','72.52519222387822',NULL,'1','2026-04-09 12:46:07','2026-04-15 09:26:29','',NULL,NULL,NULL,NULL,NULL,NULL,NULL,NULL,NULL,NULL,NULL),(121,30,'android','Redmi 2312DRAABI','548045064f5e988a','unknown','548045064f5e988a','192.168.1.2',NULL,NULL,NULL,NULL,NULL,'1','2026-04-10 09:12:41','2026-04-10 09:12:57','',NULL,NULL,NULL,NULL,NULL,NULL,NULL,NULL,NULL,NULL,NULL),(122,32,'android','Redmi 2312DRAABI','548045064f5e988a','unknown','548045064f5e988a','192.168.1.2',NULL,NULL,NULL,NULL,NULL,'1','2026-04-10 09:14:12','2026-04-10 09:17:59','',NULL,NULL,NULL,NULL,NULL,NULL,NULL,NULL,NULL,NULL,NULL),(123,32,'ios','Apple iPhone 14','88B476A7-5467-40D6-B53D-F1FFAB95150A','unknown','88B476A7-5467-40D6-B53D-F1FFAB95150A','::2401:4900:8fed:d61a:f832:6d4f',NULL,'india','23.033506337222416','72.52517844605914',NULL,'1','2026-04-10 09:20:30','2026-04-11 14:42:53','',NULL,NULL,NULL,NULL,NULL,NULL,NULL,NULL,NULL,NULL,NULL),(128,49,'ios','Apple iPhone 14','88B476A7-5467-40D6-B53D-F1FFAB95150A','unknown','88B476A7-5467-40D6-B53D-F1FFAB95150A','192.168.1.5',NULL,'india','23.033305006650792','72.5251943917613',NULL,'1','2026-04-11 14:22:45','2026-04-14 10:19:35','',NULL,NULL,NULL,NULL,NULL,NULL,NULL,NULL,NULL,NULL,NULL),(129,49,'android','samsung SM-G781B','363ef471278980d4','unknown','363ef471278980d4','192.168.1.3',NULL,'india','17.3850','78.4867',NULL,'1','2026-04-11 15:06:51','2026-04-14 10:19:35','',NULL,NULL,NULL,NULL,NULL,NULL,NULL,NULL,NULL,NULL,NULL),(130,49,'android','OnePlus 11','00:1A:2B:3C:4D:06','OP11006','oneplus_11_06','150.107.241.126',NULL,'india','17.3850','78.4867',NULL,'1','2026-04-11 15:19:18','2026-04-15 06:50:24','',NULL,NULL,NULL,NULL,NULL,NULL,NULL,NULL,NULL,NULL,NULL),(133,38,'ios','Apple iPhone 17 Pro','F2297150-DDAC-4644-9CF2-1486693F10ED','unknown','F2297150-DDAC-4644-9CF2-1486693F10ED','192.168.1.12',NULL,'united states','37.785834','-122.406417',NULL,'1','2026-04-13 11:03:13','2026-04-15 06:50:24','',NULL,NULL,NULL,NULL,NULL,NULL,NULL,NULL,NULL,NULL,NULL),(136,49,'ios','Apple iPhone 17 Pro','F2297150-DDAC-4644-9CF2-1486693F10ED','unknown','F2297150-DDAC-4644-9CF2-1486693F10ED','192.168.1.12',NULL,'united states','37.785834','-122.406417',NULL,'1','2026-04-13 11:51:55','2026-04-13 11:51:55','',NULL,NULL,NULL,NULL,NULL,NULL,NULL,NULL,NULL,NULL,NULL),(137,45,'ios','Apple iPhone 14','88B476A7-5467-40D6-B53D-F1FFAB95150A','unknown','88B476A7-5467-40D6-B53D-F1FFAB95150A','::2401:4900:8fed:3a8f:3404:71e',NULL,'india','23.033241565341644','72.52515745813835',NULL,'1','2026-04-13 12:02:14','2026-04-13 12:20:18','',NULL,NULL,NULL,NULL,NULL,NULL,NULL,NULL,NULL,NULL,NULL),(138,49,'ios','Apple iPhone 17 Pro Max','33D16B73-324C-49B1-A6F3-312F487C077C','unknown','33D16B73-324C-49B1-A6F3-312F487C077C','192.168.1.3',NULL,'پاکستان','30.649003576614213','73.10890644973935',NULL,'1','2026-04-13 12:51:15','2026-04-14 10:19:35','',NULL,NULL,NULL,NULL,NULL,NULL,NULL,NULL,NULL,NULL,NULL),(139,30,'android','samsung SM-G781B','b9c81ba13177eafc','unknown','b9c81ba13177eafc','192.168.1.3',NULL,NULL,NULL,NULL,NULL,'1','2026-04-14 10:19:06','2026-04-14 10:19:51','',NULL,NULL,NULL,NULL,NULL,NULL,NULL,NULL,NULL,NULL,NULL),(140,49,'android','samsung SM-F946B','5fe3375e513589ae','unknown','5fe3375e513589ae','192.168.1.13',NULL,'india','22.9782426','72.5111815',NULL,'1','2026-04-14 10:22:07','2026-04-14 10:22:07','',NULL,NULL,NULL,NULL,NULL,NULL,NULL,NULL,NULL,NULL,NULL),(141,49,'android','Amazon AFTKM','7fbacac2ea69b352','unknown','7fbacac2ea69b352','172.24.1.233',NULL,NULL,NULL,NULL,NULL,'1','2026-04-14 12:15:34','2026-04-14 12:15:34','',NULL,NULL,NULL,NULL,NULL,NULL,NULL,NULL,NULL,NULL,NULL),(142,50,'ios','Apple iPhone 14','88B476A7-5467-40D6-B53D-F1FFAB95150A','unknown','88B476A7-5467-40D6-B53D-F1FFAB95150A','192.168.1.4',NULL,NULL,'23.033356953874353','72.52519221060756',NULL,'1','2026-04-15 09:00:48','2026-04-15 09:00:48','',NULL,NULL,NULL,NULL,NULL,NULL,NULL,NULL,NULL,NULL,NULL),(143,50,'android','samsung SM-G781B','b9c81ba13177eafc','unknown','b9c81ba13177eafc','192.168.1.3',NULL,NULL,NULL,NULL,NULL,'1','2026-04-15 09:04:56','2026-04-15 09:08:35','',NULL,NULL,NULL,NULL,NULL,NULL,NULL,NULL,NULL,NULL,NULL),(147,50,'android','Samsung Galaxy S21','00:1A:2B:3C:4D:01','','android_s21_01','171.61.166.16',NULL,NULL,'19.0760','72.8777',NULL,'1','2026-04-15 10:07:21','2026-04-15 10:07:21','',NULL,NULL,NULL,NULL,NULL,NULL,NULL,NULL,NULL,NULL,NULL),(149,50,'tv_os','Sony Bravia X75K','00:1A:2B:3C:4D:02',NULL,'sony_tv_02','171.61.166.16',NULL,'India','28.6139','77.2090',NULL,'1','2026-04-15 10:42:03','2026-04-15 10:42:03','',NULL,NULL,NULL,NULL,NULL,NULL,NULL,NULL,NULL,NULL,NULL),(150,51,'tv_os','Sony Bravia X75K','00:1A:2B:3C:4D:02',NULL,'sony_tv_02','171.61.166.16',NULL,'India','28.6139','77.2090',NULL,'1','2026-04-15 10:48:36','2026-04-15 10:48:36','',NULL,NULL,NULL,NULL,NULL,NULL,NULL,NULL,NULL,NULL,NULL),(151,51,'ios','Apple iPhone 14','88B476A7-5467-40D6-B53D-F1FFAB95150A','unknown','88B476A7-5467-40D6-B53D-F1FFAB95150A','::2401:4900:8fec:d05b:fc26:1082',NULL,'India','23.0335063546804','72.52517843640764',NULL,'1','2026-04-15 10:54:48','2026-04-15 10:56:09','',NULL,NULL,NULL,NULL,NULL,NULL,NULL,NULL,NULL,NULL,NULL),(152,51,'android','samsung SM-F946B','5fe3375e513589ae','unknown','5fe3375e513589ae','0.0.0.0',NULL,'India','21.6408465','69.6092865',NULL,'1','2026-04-15 10:55:36','2026-04-15 11:02:38','',NULL,NULL,NULL,NULL,NULL,NULL,NULL,NULL,NULL,NULL,NULL);

--
-- Table structure for table `org_subscriber_notes`
--

CREATE TABLE `org_subscriber_notes` (
  `id` bigint NOT NULL AUTO_INCREMENT,
  `subscriber_id` bigint unsigned DEFAULT NULL,
  `note_type` varchar(255) COLLATE utf8mb4_unicode_ci DEFAULT NULL,
  `sub_note_type` varchar(255) COLLATE utf8mb4_unicode_ci DEFAULT NULL,
  `subject` varchar(255) COLLATE utf8mb4_unicode_ci DEFAULT NULL,
  `description` varchar(255) COLLATE utf8mb4_unicode_ci DEFAULT NULL,
  `updates` varchar(255) COLLATE utf8mb4_unicode_ci DEFAULT NULL,
  `created_at` timestamp NULL DEFAULT NULL,
  `updated_at` timestamp NULL DEFAULT NULL,
  PRIMARY KEY (`id`),
  KEY `org_subscriber_notes_subscriber_id_foreign` (`subscriber_id`),
  CONSTRAINT `org_subscriber_notes_subscriber_id_foreign` FOREIGN KEY (`subscriber_id`) REFERENCES `org_subscribers` (`id`) ON DELETE CASCADE
) ENGINE=InnoDB AUTO_INCREMENT=5 DEFAULT CHARSET=utf8mb4 COLLATE=utf8mb4_unicode_ci;

--
-- Dumping data for table `org_subscriber_notes`
--

INSERT INTO `org_subscriber_notes` VALUES (3,25,'consultation',NULL,NULL,'<div>test</div>','updated','2026-03-01 22:16:35','2026-03-01 22:16:35'),(4,30,'technical_issue','clinet_app',NULL,NULL,'not updated yet','2026-03-24 13:54:34','2026-03-24 13:54:34');

--
-- Table structure for table `org_subscriber_payment`
--

CREATE TABLE `org_subscriber_payment` (
  `id` bigint unsigned NOT NULL AUTO_INCREMENT,
  `subscriber_id` bigint unsigned NOT NULL,
  `subscription_payments_id` bigint unsigned DEFAULT NULL,
  `payment_id` varchar(255) COLLATE utf8mb4_unicode_ci DEFAULT NULL,
  `refund_id` varchar(255) CHARACTER SET utf8mb4 COLLATE utf8mb4_unicode_ci DEFAULT NULL,
  `payment_gateway` varchar(100) COLLATE utf8mb4_unicode_ci DEFAULT NULL,
  `currency` varchar(255) COLLATE utf8mb4_unicode_ci DEFAULT NULL,
  `method` varchar(255) COLLATE utf8mb4_unicode_ci DEFAULT NULL,
  `payload` longtext CHARACTER SET utf8mb4 COLLATE utf8mb4_bin,
  `refund_payload` varchar(255) COLLATE utf8mb4_unicode_ci DEFAULT NULL,
  `amount` varchar(255) COLLATE utf8mb4_unicode_ci DEFAULT NULL,
  `status` varchar(255) COLLATE utf8mb4_unicode_ci DEFAULT NULL,
  `created_at` timestamp NULL DEFAULT NULL,
  `updated_at` timestamp NULL DEFAULT NULL,
  `ip_address` varchar(255) COLLATE utf8mb4_unicode_ci DEFAULT NULL,
  PRIMARY KEY (`id`),
  KEY `org_subscriber_payment_subscriber_id_foreign` (`subscriber_id`),
  KEY `org_subscriber_payment_subscription_payments_id_foreign` (`subscription_payments_id`),
  CONSTRAINT `org_subscriber_payment_subscriber_id_foreign` FOREIGN KEY (`subscriber_id`) REFERENCES `org_subscribers` (`id`) ON DELETE CASCADE,
  CONSTRAINT `org_subscriber_payment_subscription_payments_id_foreign` FOREIGN KEY (`subscription_payments_id`) REFERENCES `org_subscription_and_payments` (`id`) ON DELETE CASCADE,
  CONSTRAINT `org_subscriber_payment_chk_1` CHECK (json_valid(`payload`))
) ENGINE=InnoDB AUTO_INCREMENT=22 DEFAULT CHARSET=utf8mb4 COLLATE=utf8mb4_unicode_ci;

--
-- Dumping data for table `org_subscriber_payment`
--

INSERT INTO `org_subscriber_payment` VALUES (13,10,19,'pay_SA5fIARHPsfl7X',NULL,'razorpay','INR','netbanking','{\"\\u0000*\\u0000attributes\":{\"id\":\"pay_SA5fIARHPsfl7X\",\"entity\":\"payment\",\"amount\":50000,\"currency\":\"INR\",\"status\":\"captured\",\"order_id\":null,\"invoice_id\":null,\"international\":false,\"method\":\"netbanking\",\"amount_refunded\":0,\"refund_status\":null,\"captured\":true,\"description\":\"IPTV Payment\",\"card_id\":null,\"bank\":\"BARB_R\",\"wallet\":null,\"vpa\":null,\"email\":\"void@razorpay.com\",\"contact\":\"+916354769899\",\"notes\":{},\"fee\":1180,\"tax\":180,\"error_code\":null,\"error_description\":null,\"error_source\":null,\"error_step\":null,\"error_reason\":null,\"acquirer_data\":{},\"created_at\":1769776178,\"reward\":null}}',NULL,'500','PAYMENT_SUCCESS','2026-01-30 12:29:54','2026-01-30 12:29:54',NULL),(14,11,22,'pay_SByMIoJypVYfsu',NULL,'razorpay','INR','netbanking','{\"\\u0000*\\u0000attributes\":{\"id\":\"pay_SByMIoJypVYfsu\",\"entity\":\"payment\",\"amount\":100000,\"currency\":\"INR\",\"status\":\"captured\",\"order_id\":null,\"invoice_id\":null,\"international\":false,\"method\":\"netbanking\",\"amount_refunded\":0,\"refund_status\":null,\"captured\":true,\"description\":\"IPTV Payment\",\"card_id\":null,\"bank\":\"BARB_R\",\"wallet\":null,\"vpa\":null,\"email\":\"void@razorpay.com\",\"contact\":\"+916354769899\",\"notes\":{},\"fee\":2360,\"tax\":360,\"error_code\":null,\"error_description\":null,\"error_source\":null,\"error_step\":null,\"error_reason\":null,\"acquirer_data\":{},\"created_at\":1770187128,\"reward\":null}}',NULL,'1000','PAYMENT_SUCCESS','2026-02-04 06:39:05','2026-02-04 06:39:05',NULL),(15,11,23,'pay_SByNgPejBnRbyG',NULL,'razorpay','INR','netbanking','{\"id\":\"pay_SByNgPejBnRbyG\",\"entity\":\"payment\",\"amount\":60000,\"currency\":\"INR\",\"status\":\"captured\",\"order_id\":null,\"invoice_id\":null,\"international\":false,\"method\":\"netbanking\",\"amount_refunded\":0,\"refund_status\":null,\"captured\":true,\"description\":\"IPTV Payment\",\"card_id\":null,\"bank\":\"BARB_R\",\"wallet\":null,\"vpa\":null,\"email\":\"void@razorpay.com\",\"contact\":\"+916354769899\",\"notes\":[],\"fee\":1416,\"tax\":216,\"error_code\":null,\"error_description\":null,\"error_source\":null,\"error_step\":null,\"error_reason\":null,\"acquirer_data\":{\"bank_transaction_id\":\"2566074\"},\"created_at\":1770187206,\"reward\":null}',NULL,'600','PAYMENT_SUCCESS','2026-02-04 06:40:23','2026-02-04 06:40:23',NULL),(16,21,41,'120078598704',NULL,'authorize.net','USD','Authorize.net','{\"id\":\"120078598704\",\"currency\":\"USD\",\"method\":\"Authorize.net\",\"amount\":20000,\"response\":\"{\\\"responseCode\\\":\\\"1\\\",\\\"authCode\\\":\\\"W0YAVI\\\",\\\"avsResultCode\\\":\\\"Y\\\",\\\"cvvResultCode\\\":\\\"P\\\",\\\"cavvResultCode\\\":\\\"2\\\",\\\"transId\\\":\\\"120078598704\\\",\\\"refTransID\\\":\\\"\\\",\\\"transHash\\\":\\\"\\\",\\\"testRequest\\\":\\\"0\\\",\\\"accountNumber\\\":\\\"XXXX1111\\\",\\\"accountType\\\":\\\"Visa\\\",\\\"messages\\\":{\\\"message\\\":[{\\\"code\\\":\\\"1\\\",\\\"description\\\":\\\"This transaction has been approved.\\\"}]},\\\"transHashSha2\\\":\\\"\\\",\\\"networkTransId\\\":\\\"LYA45C22PQTD4F4WK1WWNGE\\\"}\"}',NULL,'200','PAYMENT_SUCCESS','2026-02-26 05:29:49','2026-02-26 05:29:49',NULL),(17,20,42,'120078692005',NULL,'authorize.net','USD','Authorize.net','{\"id\":\"120078692005\",\"currency\":\"USD\",\"method\":\"Authorize.net\",\"amount\":2500,\"response\":\"{\\\"responseCode\\\":\\\"1\\\",\\\"authCode\\\":\\\"MLPW94\\\",\\\"avsResultCode\\\":\\\"Y\\\",\\\"cvvResultCode\\\":\\\"P\\\",\\\"cavvResultCode\\\":\\\"2\\\",\\\"transId\\\":\\\"120078692005\\\",\\\"refTransID\\\":\\\"\\\",\\\"transHash\\\":\\\"\\\",\\\"testRequest\\\":\\\"0\\\",\\\"accountNumber\\\":\\\"XXXX1111\\\",\\\"accountType\\\":\\\"Visa\\\",\\\"messages\\\":{\\\"message\\\":[{\\\"code\\\":\\\"1\\\",\\\"description\\\":\\\"This transaction has been approved.\\\"}]},\\\"transHashSha2\\\":\\\"\\\",\\\"networkTransId\\\":\\\"26VCMZZS6D7C4Z9MJ6BJWZM\\\"}\"}',NULL,'25','PAYMENT_SUCCESS','2026-02-27 13:39:20','2026-02-27 13:39:20',NULL),(18,20,43,'120078692010',NULL,'authorize.net','USD','Authorize.net','{\"id\":\"120078692010\",\"currency\":\"USD\",\"method\":\"Authorize.net\",\"amount\":1000,\"response\":\"{\\\"responseCode\\\":\\\"1\\\",\\\"authCode\\\":\\\"QCAHDV\\\",\\\"avsResultCode\\\":\\\"Y\\\",\\\"cvvResultCode\\\":\\\"P\\\",\\\"cavvResultCode\\\":\\\"2\\\",\\\"transId\\\":\\\"120078692010\\\",\\\"refTransID\\\":\\\"\\\",\\\"transHash\\\":\\\"\\\",\\\"testRequest\\\":\\\"0\\\",\\\"accountNumber\\\":\\\"XXXX1111\\\",\\\"accountType\\\":\\\"Visa\\\",\\\"messages\\\":{\\\"message\\\":[{\\\"code\\\":\\\"1\\\",\\\"description\\\":\\\"This transaction has been approved.\\\"}]},\\\"transHashSha2\\\":\\\"\\\",\\\"networkTransId\\\":\\\"65904YBUTF4D03UF5UTJWL1\\\"}\"}',NULL,'10','PAYMENT_SUCCESS','2026-02-27 13:39:24','2026-02-27 13:39:24',NULL),(19,25,47,'120078808884',NULL,'authorize.net','USD','Authorize.net','{\"id\":\"120078808884\",\"currency\":\"USD\",\"method\":\"Authorize.net\",\"amount\":10000,\"response\":\"{\\\"responseCode\\\":\\\"1\\\",\\\"authCode\\\":\\\"SQHSXF\\\",\\\"avsResultCode\\\":\\\"Y\\\",\\\"cvvResultCode\\\":\\\"P\\\",\\\"cavvResultCode\\\":\\\"2\\\",\\\"transId\\\":\\\"120078808884\\\",\\\"refTransID\\\":\\\"\\\",\\\"transHash\\\":\\\"\\\",\\\"testRequest\\\":\\\"0\\\",\\\"accountNumber\\\":\\\"XXXX4242\\\",\\\"accountType\\\":\\\"Visa\\\",\\\"messages\\\":{\\\"message\\\":[{\\\"code\\\":\\\"1\\\",\\\"description\\\":\\\"This transaction has been approved.\\\"}]},\\\"transHashSha2\\\":\\\"\\\",\\\"networkTransId\\\":\\\"XR98O73SKUWNQHQ7SUNK8CY\\\"}\"}',NULL,'100','PAYMENT_SUCCESS','2026-03-01 21:06:44','2026-03-01 21:06:44',NULL),(20,25,48,'120078808893',NULL,'authorize.net','','Authorize.net','{\"id\":\"120078808893\",\"currency\":\"\",\"method\":\"Authorize.net\",\"amount\":30000,\"response\":\"{\\\"responseCode\\\":\\\"1\\\",\\\"authCode\\\":\\\"7SPVJ3\\\",\\\"avsResultCode\\\":\\\"Y\\\",\\\"cvvResultCode\\\":\\\"P\\\",\\\"cavvResultCode\\\":\\\"2\\\",\\\"transId\\\":\\\"120078808893\\\",\\\"refTransID\\\":\\\"\\\",\\\"transHash\\\":\\\"\\\",\\\"testRequest\\\":\\\"0\\\",\\\"accountNumber\\\":\\\"XXXX4242\\\",\\\"accountType\\\":\\\"Visa\\\",\\\"messages\\\":{\\\"message\\\":[{\\\"code\\\":\\\"1\\\",\\\"description\\\":\\\"This transaction has been approved.\\\"}]},\\\"transHashSha2\\\":\\\"\\\",\\\"networkTransId\\\":\\\"P3IG94Q5PZF6VWX8TNPKYWA\\\"}\"}',NULL,'300','PAYMENT_SUCCESS','2026-03-01 21:10:02','2026-03-01 21:10:02',NULL),(21,11,53,'120078863861',NULL,'authorize.net','USD','Authorize.net','{\"id\":\"120078863861\",\"currency\":\"USD\",\"method\":\"Authorize.net\",\"amount\":310000,\"response\":\"{\\\"responseCode\\\":\\\"1\\\",\\\"authCode\\\":\\\"NDJCGX\\\",\\\"avsResultCode\\\":\\\"Y\\\",\\\"cvvResultCode\\\":\\\"P\\\",\\\"cavvResultCode\\\":\\\"2\\\",\\\"transId\\\":\\\"120078863861\\\",\\\"refTransID\\\":\\\"\\\",\\\"transHash\\\":\\\"\\\",\\\"testRequest\\\":\\\"0\\\",\\\"accountNumber\\\":\\\"XXXX1111\\\",\\\"accountType\\\":\\\"Visa\\\",\\\"messages\\\":{\\\"message\\\":[{\\\"code\\\":\\\"1\\\",\\\"description\\\":\\\"This transaction has been approved.\\\"}]},\\\"transHashSha2\\\":\\\"\\\",\\\"networkTransId\\\":\\\"SZGMBV785EQKHJSIYQ6RG3Y\\\"}\"}',NULL,'3100','PAYMENT_SUCCESS','2026-03-03 06:21:34','2026-03-03 06:21:34',NULL);

--
-- Table structure for table `org_subscribers`
--

CREATE TABLE `org_subscribers` (
  `id` bigint unsigned NOT NULL AUTO_INCREMENT,
  `organization_id` bigint unsigned NOT NULL,
  `subscription_and_payments_id` bigint unsigned DEFAULT NULL,
  `user_name` varchar(255) COLLATE utf8mb4_unicode_ci DEFAULT NULL,
  `organization_name` varchar(255) COLLATE utf8mb4_unicode_ci DEFAULT NULL,
  `account_number` varchar(255) COLLATE utf8mb4_unicode_ci DEFAULT NULL,
  `pin_code` bigint DEFAULT NULL,
  `password` varchar(255) COLLATE utf8mb4_unicode_ci DEFAULT NULL,
  `first_name` varchar(255) COLLATE utf8mb4_unicode_ci DEFAULT NULL,
  `last_name` varchar(255) COLLATE utf8mb4_unicode_ci DEFAULT NULL,
  `email` varchar(255) COLLATE utf8mb4_unicode_ci DEFAULT NULL,
  `phone_number_code` varchar(255) COLLATE utf8mb4_unicode_ci DEFAULT NULL,
  `phone_number` varchar(255) COLLATE utf8mb4_unicode_ci DEFAULT NULL,
  `address` varchar(255) COLLATE utf8mb4_unicode_ci DEFAULT NULL,
  `city` varchar(255) COLLATE utf8mb4_unicode_ci DEFAULT NULL,
  `zip_code` varchar(255) COLLATE utf8mb4_unicode_ci DEFAULT NULL,
  `country` varchar(255) COLLATE utf8mb4_unicode_ci DEFAULT NULL,
  `state` varchar(255) COLLATE utf8mb4_unicode_ci DEFAULT NULL,
  `language` varchar(255) COLLATE utf8mb4_unicode_ci DEFAULT NULL,
  `date_of_birth` varchar(255) COLLATE utf8mb4_unicode_ci DEFAULT NULL,
  `timezone` varchar(255) COLLATE utf8mb4_unicode_ci DEFAULT NULL,
  `created_at` timestamp NULL DEFAULT NULL,
  `updated_at` timestamp NULL DEFAULT NULL,
  `ip_address` varchar(255) CHARACTER SET utf8mb4 COLLATE utf8mb4_unicode_ci DEFAULT NULL,
  `login_at` timestamp NULL DEFAULT NULL,
  PRIMARY KEY (`id`),
  KEY `org_subscribers_organization_id_foreign` (`organization_id`),
  KEY `org_subscribers_subscription_and_payments_id_foreign` (`subscription_and_payments_id`),
  CONSTRAINT `org_subscribers_organization_id_foreign` FOREIGN KEY (`organization_id`) REFERENCES `organizations` (`id`) ON DELETE CASCADE,
  CONSTRAINT `org_subscribers_subscription_and_payments_id_foreign` FOREIGN KEY (`subscription_and_payments_id`) REFERENCES `org_subscription_and_payments` (`id`) ON DELETE CASCADE
) ENGINE=InnoDB AUTO_INCREMENT=52 DEFAULT CHARSET=utf8mb4 COLLATE=utf8mb4_unicode_ci;

--
-- Dumping data for table `org_subscribers`
--

INSERT INTO `org_subscribers` VALUES (3,1,NULL,'tvuser','marco','90648109405306',400053,'$2y$10$Z3ffTzZH0/m08DhzWoSbQuppptD2JnCLRtxKmo8Lpfmp2Y7KWzL72','Tv','User','tvappsdevelopers@gmail.com','+91','91234 56789','Modi veritatis labor','Mumbai','400053','India','Maharashtra','en','2001-09-05T00:00:00.000Z','UTC','2026-01-05 08:44:15','2026-03-18 06:39:30','49.36.83.227',NULL),(10,1,21,'7477','TKOplex','63239084596568',400053,'$2y$10$qCptq67EvcT7eqEwAPQS8O9z6pzcUF/Mooy3GxikoBUVDGNyOqoqW','David','F','david@gmail.com','+1','(296) 676-7984','217','Ahmedabad','380015','India','Gujarat','en','1987-12-31T18:30:00.000Z','UTC','2026-01-30 12:12:04','2026-03-24 16:01:19','216.210.91.66',NULL),(11,1,55,'56161797','VisionGrid','13724119533739',400053,'$2y$10$rJWDz1yy/5Bx7lWdDOBAvOQBu91t8q1AKGEEnsg81ujFXOwGkE0hK','Jay','Savaliya','forthispc0185@gmail.com','+91','6354769899','mhadev chowk, motta varachha','surat','394101','India','Gujarat','en','2004-07-04T18:30:00.000Z','Asia/Kolkata','2026-02-04 05:32:30','2026-04-04 13:17:32',NULL,'2026-04-04 13:17:32'),(15,1,34,'user6219','TKOplex','34372255977581',NULL,NULL,'Ori','Frank','libarofoxy@mailinator.com',NULL,NULL,NULL,NULL,NULL,NULL,NULL,NULL,NULL,NULL,'2026-02-12 12:31:52','2026-02-13 12:27:23',NULL,NULL),(17,9,35,'user6543','Store Preference','63768273903705',1234,NULL,'Test','proop','testing@gmail.com','+44','5402348943','streer123','Anchorage','99540','United States','AK','ar','2026-02-03T19:00:00.000Z','America/Anchorage','2026-02-19 20:50:46','2026-02-19 21:03:59','182.190.176.153',NULL),(18,9,NULL,'user6236','Store Preference','48189474875129',380012,'$2y$10$KnP0OYNJG.LjuPGxikj.Ku1CWvpnYhubAcOJCLbZtbhOromnl141S','Olivia','Smith','oliv@testing.com','+1','4545454545','2458 Market Street','San Francisco','94114','United States','San Francisco','en','1988-02-20T18:30:00.000Z','America/Los_Angeles','2026-02-20 10:37:44','2026-02-20 13:31:54','182.190.176.153',NULL),(19,10,59,'user0428','Data Organization','5299825713194',350051,'$2y$10$/bxmOxvENt4NtOHoYV74..CdIjRwgg43sCFZugcJrxAqQwO5MzFIq','Ava','Davis','ava@test.com','+1','(214) 555-0274','7821 Preston Road','Dallas','75225','United States','TX','en','1988-02-06T18:30:00.000Z','America/Los_Angeles','2026-02-20 11:37:43','2026-04-15 10:37:24','223.123.6.7',NULL),(20,11,52,'user5423','TKOplex Test Organization','90267274110983',352215,'$2y$10$Efl4VmBKT49QX/vSXvcrkeaTSzDodemHhKaAdftRfTRLx.tFiTbJS','TKOPlex First','TKOPlex Last','tkoplexfl@gmail.com','+1','8584868855','240, Test Line','New York','854626','United States','TX','en','1988-02-23T18:30:00.000Z','America/Los_Angeles','2026-02-24 10:26:34','2026-03-03 17:13:02','182.186.100.221',NULL),(21,1,54,'7777','TKOplex','46699502493474',400053,'$2y$10$x//BJB1P7sHd2gUsdfm8zurXOkYAPreqB0DbSPw8bGhJmv6ksOAnu','alex','hormozi','alexhormozi@gmail.com','+91','9654748215','Flat No. 502, Silver Heights Apartment\nVeera Desai Road, Andheri West\nNear Infinity Mall	Mumbai','Mumbai','400053','India','Maharashtra','en','1995-07-05T18:30:00.000Z','Asia/Kolkata','2026-02-26 05:08:14','2026-03-24 15:58:54','171.61.167.26',NULL),(22,12,NULL,'8811','Netflix','82742488321517',1111,'$2y$10$tKXJ7b5/we4JYao5WC.LOeifTyoFzlqKH2rmCRGNWWZ1MY7Wu2YBu','Gene','Smith','gene@iptvsolutionsgroup.com','+1','2522358811','5920 Hornes Church Road','WILSON','27896','United States','NC',NULL,NULL,NULL,'2026-02-26 22:24:00','2026-02-26 22:25:36','216.210.91.66',NULL),(23,12,44,'123456789','Netflix','69818298033057',4321,'$2y$10$gcpTlnkEmpJNl5802eae4eSlFA7qYgTlpsNXBiCp8upEvKN4n3Vke','Gene','Smith','gsmith827@hotmail.com','+1','2522358811','123 Any','Any','27557','United States','NC',NULL,NULL,NULL,'2026-03-01 13:17:22','2026-03-01 13:23:24','216.210.91.66',NULL),(25,11,49,'Ebirkfeld','TKOplex Test Organization','61627409131416',NULL,NULL,'Erik','Birkfeld','ebirkfeld@gmail.com',NULL,NULL,NULL,NULL,NULL,NULL,NULL,NULL,NULL,NULL,'2026-03-01 20:28:01','2026-03-01 22:14:34',NULL,NULL),(26,11,NULL,'user4950','TKOplex Test Organization','11264801819245',121212,'$2y$10$drAM.d7n234SqKMh.WM1qefmSToywCIMZzeGIGZAVByi6H0JjtgCq','Isabella','Wilson','nafe@mailinator.com','+972','+1 (729) 736-5915','Sed laboris sit fug','Voluptate consequat','69222','Turkey','Atque reiciendis ad','km','1998-11-29T19:00:00.000Z','Pacific/Apia','2026-03-03 17:09:49','2026-03-03 17:09:49','182.186.100.221',NULL),(27,10,NULL,'12345689','Data Organization','1234',4321,'$2y$10$gd7GfsixgvzSqU2AQC7EieWt5Dl.lsUuPAUYSqXQTRbzrBFKbAG7e','Usama','Usama','utest@test.com','+1','8989898989','217','Texas','380001','United States','xyz','en',NULL,'America/Los_Angeles','2026-03-03 19:26:34','2026-03-03 19:26:34','27.57.173.82',NULL),(30,21,58,'4565','Zone 10','39290121763026',4321,'$2y$10$ouAnpnADLUjHxMSMm6svoudJtaS/VFdQTY1piazIfXx3kKiTOUko6','Usama','Usama','usama@test.com','+1','9913908998','Beale Street','TN','38103','United States',NULL,NULL,NULL,NULL,'2026-03-24 07:32:06','2026-04-14 10:19:51','171.61.162.215','2026-04-14 10:19:51'),(32,21,61,'8888','Zone 10','14919051351148',4321,'$2y$10$Zdii0ZBFIkje7LCk1llP9eEYM4gCLLkdpxCmjMu5Zzwk9vnzUH8TO','Gene','Gene','gene@test.com','+1','8866858400','Testing','Testing','380015','United States',NULL,NULL,NULL,NULL,'2026-03-24 17:58:28','2026-04-11 14:42:52','171.61.162.215','2026-04-11 14:42:52'),(33,6,NULL,'9999','VisionGrid','vigr-221-832',4321,'$2y$10$mNVErGiTd2dl4VynxUQfLO/qiDcg.sUSx6or3R4wq1SvRPhZ3TOFi','My','Ac','myac@test.com','+1','9913908998','217','Ahmedabad','380015','India',NULL,NULL,NULL,NULL,'2026-03-25 14:46:57','2026-03-30 10:40:47','171.61.166.91',NULL),(38,29,89,'3021','Teko','718-435',4321,'$2y$10$MXgAA3C6VDrvrXkosBMmXeZqecZjnnZqJfbQnY8GpPY62/fVWimlq','Gage','Allen','laju@mailinator.com','+84','+1 (724) 594-3646','Consequatur Consequ','Repudiandae harum qu','73473','Malawi','Quis rerum quas qui','so','1996-03-13','Asia/Vladivostok','2026-04-01 10:27:55','2026-04-13 11:16:18','182.186.101.113','2026-04-13 11:16:18'),(42,29,99,'2310','Teko','te-954-373',4321,'$2y$10$/142d0MtgiqoC/zCwuvQTuV0fkPbuOzxRG.rxO/5GTbUzhmWVmz26','demo','user','demo@user.com','+1','606-665-6591','hello','Canada','40505','United States',NULL,NULL,NULL,NULL,'2026-04-04 19:40:27','2026-04-06 20:12:36','150.107.232.245','2026-04-06 20:12:36'),(45,31,98,'5845','Tiko','124-136',4321,'$2y$10$Zo2MjO3OlzOvDdQ7zJ4KPe6drRMSvZIH8zSkoZslK2S5VvEFFBhku','List','proop','list@test.com','+1','5402348943','streer123','Anchorage','99540','United States','AK',NULL,NULL,NULL,'2026-04-06 19:29:52','2026-04-13 12:20:18','182.186.101.113','2026-04-13 12:20:18'),(49,8,120,'1111','APP STORES (DO NOT DELETE)','te(dnode-112-300',4321,'$2y$10$Cks9NlUFECYiPd43U2/S2./EPXjSXcGN9ftkBtgdTVUURqp4cz.eu','Apps','Test','Apps@test.com','+1','9913908998','Ocean Drive','Miami Beach','33139','United States',NULL,NULL,NULL,NULL,'2026-04-11 14:21:49','2026-04-14 12:15:34','171.61.165.144','2026-04-14 12:15:34'),(50,30,124,'5555','Org For V3','123456789',4321,'$2y$10$p3LhUyWmLOVO5A7kbcGInumk.8eA/fYlSb0hQl/BnEfLYuyTm99ZO','ABC','ABC','abc@gmail.com','+1','4455664488','218, ABC','ABC','898989','United States',NULL,NULL,NULL,NULL,'2026-04-15 08:59:43','2026-04-15 09:09:19','171.61.160.105',NULL),(51,30,127,'6666','Org For V3','56565656',4321,'$2y$10$xUGt6d18prI9JPghxbBvb.8c6a.Ur9NIHj3wK6i8Is3BS2oaKK4Te','An','An','an@test.com','+1','5665656565','ABC, 218','TX','879898','United States',NULL,NULL,NULL,NULL,'2026-04-15 10:44:40','2026-04-15 11:03:06','171.61.160.105',NULL);

--
-- Table structure for table `org_subscription_and_payments`
--

CREATE TABLE `org_subscription_and_payments` (
  `id` bigint unsigned NOT NULL AUTO_INCREMENT,
  `subscriber_id` bigint unsigned NOT NULL,
  `subscriber_payment_id` bigint unsigned DEFAULT NULL,
  `product_type` varchar(255) COLLATE utf8mb4_unicode_ci DEFAULT NULL,
  `activation` varchar(255) COLLATE utf8mb4_unicode_ci DEFAULT NULL,
  `subscription` varchar(255) COLLATE utf8mb4_unicode_ci DEFAULT NULL,
  `day_month_type` varchar(255) COLLATE utf8mb4_unicode_ci DEFAULT NULL,
  `adjust_length` varchar(255) COLLATE utf8mb4_unicode_ci DEFAULT NULL,
  `length_type` varchar(255) COLLATE utf8mb4_unicode_ci DEFAULT NULL,
  `length` varchar(255) COLLATE utf8mb4_unicode_ci DEFAULT NULL,
  `start_date` timestamp NULL DEFAULT NULL,
  `end_date` timestamp NULL DEFAULT NULL,
  `device` varchar(255) COLLATE utf8mb4_unicode_ci DEFAULT NULL,
  `subscribable_type` varchar(255) COLLATE utf8mb4_unicode_ci DEFAULT NULL,
  `payment_service` varchar(255) COLLATE utf8mb4_unicode_ci DEFAULT NULL,
  `payment_status` varchar(255) COLLATE utf8mb4_unicode_ci DEFAULT NULL,
  `cash_location` varchar(255) COLLATE utf8mb4_unicode_ci DEFAULT NULL,
  `payment_currency` varchar(255) COLLATE utf8mb4_unicode_ci DEFAULT NULL,
  `total` varchar(255) COLLATE utf8mb4_unicode_ci DEFAULT NULL,
  `accessory` varchar(255) COLLATE utf8mb4_unicode_ci DEFAULT NULL,
  `custom_charge_comment` varchar(255) COLLATE utf8mb4_unicode_ci DEFAULT NULL,
  `bundels` varchar(255) COLLATE utf8mb4_unicode_ci DEFAULT NULL,
  `prorate_subsciption` varchar(255) COLLATE utf8mb4_unicode_ci DEFAULT NULL COMMENT '0 = off, 1 = on',
  `terms_of_agreement` varchar(255) COLLATE utf8mb4_unicode_ci DEFAULT NULL COMMENT '0 = disagree, 1 = agree',
  `is_active` varchar(255) COLLATE utf8mb4_unicode_ci DEFAULT NULL COMMENT '0 = in_active, 1 = active, 2 = waiting/queued',
  `created_at` timestamp NULL DEFAULT NULL,
  `updated_at` timestamp NULL DEFAULT NULL,
  `auto_pay` tinyint(1) DEFAULT '0' COMMENT '0 = No, 1 = Yes',
  PRIMARY KEY (`id`),
  KEY `org_subscription_and_payments_subscriber_id_foreign` (`subscriber_id`),
  KEY `org_subscription_and_payments_subscriber_payment_id_foreign` (`subscriber_payment_id`),
  CONSTRAINT `org_subscription_and_payments_subscriber_id_foreign` FOREIGN KEY (`subscriber_id`) REFERENCES `org_subscribers` (`id`) ON DELETE CASCADE,
  CONSTRAINT `org_subscription_and_payments_subscriber_payment_id_foreign` FOREIGN KEY (`subscriber_payment_id`) REFERENCES `org_subscriber_payment` (`id`) ON DELETE CASCADE
) ENGINE=InnoDB AUTO_INCREMENT=128 DEFAULT CHARSET=utf8mb4 COLLATE=utf8mb4_unicode_ci;

--
-- Dumping data for table `org_subscription_and_payments`
--

INSERT INTO `org_subscription_and_payments` VALUES (19,10,13,'add devices/slots',NULL,NULL,NULL,NULL,NULL,NULL,NULL,NULL,'[\"Samsung Galaxy Z Fold 5\",\"iPhone 14 Pro Max\"]','Contus\\Subscribers\\Model\\OrgSubscribers','razorpay',NULL,NULL,'$ usd','500',NULL,NULL,NULL,NULL,'0','0','2026-01-30 12:29:54','2026-01-30 12:29:54',0),(20,10,NULL,'free subscription','override',NULL,NULL,NULL,NULL,'1 month 1 day','2026-01-30 12:30:28','2026-03-03 12:30:28','[\"Samsung Galaxy Z Fold 5\",\"iPhone 14 Pro Max\"]','Contus\\Subscribers\\Model\\OrgSubscribers',NULL,NULL,NULL,NULL,'0','[\"VOD Access Pack\"]',NULL,NULL,NULL,'1','1','2026-01-30 12:30:28','2026-01-30 12:30:28',0),(21,10,NULL,'custom subscription','top-up',NULL,'day',NULL,'day-month','30 days | 01-03-2026','2026-03-03 12:30:29','2026-03-01 12:32:37','[\"Samsung Galaxy Z Fold 5\",\"iPhone 14 Pro Max\"]','Contus\\Subscribers\\Model\\OrgSubscribers','cash',NULL,'Mumbai Branch - Andheri East','$ usd','750','null',NULL,NULL,NULL,'1','2','2026-01-30 12:32:37','2026-01-30 12:32:37',0),(22,11,14,'add devices/slots',NULL,NULL,NULL,NULL,NULL,NULL,NULL,NULL,'[\"iPhone 13 Pro Max\",\"OnePlus 12\",\"Huawei P50 Pro\"]','Contus\\Subscribers\\Model\\OrgSubscribers','razorpay',NULL,NULL,'$ usd','1000',NULL,NULL,NULL,NULL,'0','0','2026-02-04 06:39:05','2026-02-04 06:39:05',0),(23,11,15,'custom subscription','top-up',NULL,'day',NULL,'celnder','24 days | 28/02/2026','2026-02-04 06:40:23','2026-02-28 06:40:23','[\"iPhone 13 Pro Max\",\"OnePlus 12\",\"Huawei P50 Pro\"]','Contus\\Subscribers\\Model\\OrgSubscribers','razorpay','PAYMENT_SUCCESS',NULL,'$ usd','600','null',NULL,NULL,NULL,'1','0','2026-02-04 06:40:23','2026-03-03 06:21:34',0),(29,15,NULL,'add devices/slots',NULL,NULL,NULL,NULL,NULL,NULL,NULL,NULL,'[\"Ducimus consequuntu\",\"Aliquip sunt sed si\"]','Contus\\Subscribers\\Model\\OrgSubscribers','credit card',NULL,NULL,'₭ lak','500',NULL,NULL,NULL,NULL,'0','0','2026-02-12 12:50:22','2026-02-13 12:27:01',0),(30,15,NULL,'add devices/slots',NULL,NULL,NULL,NULL,NULL,NULL,NULL,NULL,'[\"Ducimus consequuntu\",\"Aliquip sunt sed si\",\"Infinix hot 11\"]','Contus\\Subscribers\\Model\\OrgSubscribers',NULL,NULL,NULL,NULL,'500',NULL,NULL,NULL,NULL,'0','0','2026-02-13 09:10:57','2026-02-13 12:27:01',0),(31,15,NULL,'custom subscription',NULL,NULL,'month',NULL,'day-month','2 months 29 days','2026-02-13 09:41:12','2026-05-12 09:41:12','[\"Ducimus consequuntu\",\"Aliquip sunt sed si\",\"Infinix hot 11\"]','Contus\\Subscribers\\Model\\OrgSubscribers','authorize.net',NULL,NULL,'฿ thb','200','null',NULL,NULL,NULL,'1','0','2026-02-13 09:41:12','2026-02-13 12:27:01',0),(32,15,NULL,'custom subscription',NULL,NULL,NULL,NULL,'day-month',NULL,'2026-02-13 12:23:26',NULL,'[\"Ducimus consequuntu\",\"Aliquip sunt sed si\",\"Infinix hot 11\"]','Contus\\Subscribers\\Model\\OrgSubscribers','authorize.net',NULL,NULL,'₭ lak','0','null',NULL,NULL,NULL,NULL,'0','2026-02-13 12:23:26','2026-02-13 12:27:01',0),(33,15,NULL,'custom subscription','override',NULL,'day',NULL,'day-month','30 days | 15-03-2026','2026-02-13 12:27:01','2026-03-15 12:27:01','[\"Ducimus consequuntu\",\"Aliquip sunt sed si\",\"Infinix hot 11\"]','Contus\\Subscribers\\Model\\OrgSubscribers','authorize.net',NULL,NULL,'$ usd','750','null',NULL,NULL,NULL,'1','0','2026-02-13 12:27:01','2026-02-13 12:27:23',0),(34,15,NULL,'custom subscription','override',NULL,'day',NULL,'day-month','30 days | 15-03-2026','2026-02-13 12:27:23','2026-03-15 12:27:23','[\"Ducimus consequuntu\",\"Aliquip sunt sed si\",\"Infinix hot 11\"]','Contus\\Subscribers\\Model\\OrgSubscribers','authorize.net',NULL,NULL,'$ usd','750','null',NULL,NULL,NULL,'1','1','2026-02-13 12:27:23','2026-02-13 12:27:23',0),(35,17,NULL,'free subscription','override',NULL,NULL,NULL,NULL,'28 days','2026-02-20 21:03:59','2026-03-20 21:03:59','[\"Samsang s21\"]','Contus\\Subscribers\\Model\\OrgSubscribers',NULL,NULL,NULL,NULL,'0','null',NULL,NULL,NULL,'1','1','2026-02-19 21:03:59','2026-02-19 21:03:59',0),(36,19,NULL,'add devices/slots',NULL,NULL,NULL,NULL,NULL,NULL,NULL,NULL,'[\"iPhone 14\",\"Samsung 21\"]','Contus\\Subscribers\\Model\\OrgSubscribers','cash',NULL,'Delhi Office - Connaught Place','$ usd','500',NULL,NULL,NULL,NULL,'0','0','2026-02-20 12:02:41','2026-03-24 14:59:51',0),(37,19,NULL,'free subscription',NULL,NULL,NULL,'1',NULL,'28 days','2026-02-20 12:03:32','2026-03-20 12:03:32','[\"iPhone 14\",\"Samsung 21\"]','Contus\\Subscribers\\Model\\OrgSubscribers',NULL,NULL,NULL,NULL,'0','null',NULL,NULL,NULL,'1','0','2026-02-20 12:03:32','2026-03-24 14:59:51',0),(38,20,NULL,'add devices/slots',NULL,NULL,NULL,NULL,NULL,NULL,NULL,NULL,'[\"Samsung s20\",\"iPhone 14\"]','Contus\\Subscribers\\Model\\OrgSubscribers','cash',NULL,'Delhi Office - Connaught Place','$ usd','500',NULL,NULL,NULL,NULL,'0','1','2026-02-24 10:33:46','2026-02-24 10:33:46',0),(39,20,NULL,'free subscription',NULL,NULL,NULL,NULL,NULL,'28 days','2026-02-24 10:36:32','2026-03-24 10:36:32','[\"Samsung s20\",\"iPhone 14\"]','Contus\\Subscribers\\Model\\OrgSubscribers',NULL,NULL,NULL,NULL,'0','null',NULL,NULL,NULL,'1','1','2026-02-24 10:36:32','2026-02-24 10:36:32',0),(40,21,NULL,'add devices/slots',NULL,NULL,NULL,NULL,NULL,NULL,NULL,NULL,'[\"Samsung Galaxy A54\",\"iPhone 13 Pro Max\",\"Samsung Galaxy S21\"]','Contus\\Subscribers\\Model\\OrgSubscribers','authorizenet',NULL,NULL,'$ usd','1000',NULL,NULL,NULL,NULL,'0','0','2026-02-26 05:13:59','2026-02-26 05:29:49',0),(41,21,16,'custom subscription','override',NULL,'month',NULL,'day-month','2 months 29 days','2026-02-26 05:29:49','2026-05-25 05:29:49','[\"Samsung Galaxy A54\",\"iPhone 13 Pro Max\",\"Samsung Galaxy S21\"]','Contus\\Subscribers\\Model\\OrgSubscribers','authorizenet','PAYMENT_SUCCESS',NULL,'$ usd','200','null',NULL,NULL,NULL,'1','1','2026-02-26 05:29:49','2026-02-26 05:29:49',0),(42,20,17,'custom subscription','top-up',NULL,'day',NULL,'day-month','1 day | 28-02-2026','2026-03-25 10:36:32','2026-03-26 10:36:32','[\"Samsung s20\",\"iPhone 14\"]','Contus\\Subscribers\\Model\\OrgSubscribers','authorizenet','PAYMENT_SUCCESS',NULL,'$ usd','25','null',NULL,NULL,NULL,'1','1','2026-02-27 13:39:20','2026-02-27 13:39:20',0),(43,20,18,'custom subscription','top-up',NULL,'day',NULL,'day-month','10 days | 09-03-2026','2026-03-27 10:36:32','2026-04-06 10:36:32','[\"Samsung s20\"]','Contus\\Subscribers\\Model\\OrgSubscribers','authorizenet','PAYMENT_SUCCESS',NULL,'$ usd','10','null',NULL,NULL,NULL,'1','1','2026-02-27 13:39:24','2026-02-27 13:39:24',0),(44,23,NULL,'custom subscription',NULL,NULL,'month',NULL,'day-month',NULL,'2026-03-01 13:23:24',NULL,'[]','Contus\\Subscribers\\Model\\OrgSubscribers','cash',NULL,NULL,NULL,'0','null',NULL,NULL,NULL,NULL,'1','2026-03-01 13:23:24','2026-03-01 13:23:24',0),(46,25,NULL,'custom subscription',NULL,NULL,NULL,NULL,NULL,NULL,'2026-03-02 21:03:28',NULL,'[\"Iphone\",\"qwwerwer\",\"Et omnis incididunt\"]','Contus\\Subscribers\\Model\\OrgSubscribers','cash',NULL,NULL,NULL,'0','null',NULL,NULL,NULL,'1','0','2026-03-01 21:03:28','2026-03-01 22:14:34',0),(47,25,19,'subscription sets',NULL,'basic 1 month',NULL,NULL,NULL,'1 month 1 day','2026-03-02 21:06:44','2026-04-03 21:06:44','[\"Iphone\"]','Contus\\Subscribers\\Model\\OrgSubscribers','authorizenet','PAYMENT_SUCCESS',NULL,'$ usd','100','null',NULL,NULL,NULL,'1','0','2026-03-01 21:06:44','2026-03-01 22:14:34',0),(48,25,20,'custom subscription','top-up',NULL,'day',NULL,'day-month','12 days | 14-03-2026','2026-04-04 21:06:44','2026-04-16 21:06:44','[\"Iphone\"]','Contus\\Subscribers\\Model\\OrgSubscribers','authorizenet','PAYMENT_SUCCESS',NULL,NULL,'300','null',NULL,NULL,NULL,NULL,'0','2026-03-01 21:10:02','2026-03-01 22:14:34',0),(49,25,NULL,'subscription sets','override','basic 1 month',NULL,NULL,NULL,'1 month 1 day','2026-03-02 22:14:34','2026-04-03 22:14:34','[\"Iphone\",\"qwwerwer\",\"Et omnis incididunt\"]','Contus\\Subscribers\\Model\\OrgSubscribers',NULL,NULL,NULL,NULL,'0','null',NULL,NULL,NULL,'1','1','2026-03-01 22:14:34','2026-03-01 22:14:34',0),(50,25,NULL,'add devices/slots',NULL,NULL,NULL,NULL,NULL,NULL,NULL,NULL,'[\"Iphone\",\"qwwerwer\"]','Contus\\Subscribers\\Model\\OrgSubscribers','cash',NULL,'Delhi Office - Connaught Place','$ usd','500',NULL,NULL,NULL,NULL,'0','1','2026-03-02 07:17:49','2026-03-02 07:17:49',0),(51,20,NULL,'add devices/slots',NULL,NULL,NULL,NULL,NULL,NULL,NULL,NULL,'[\"Samsung s20\",\"iPhone 14\",\"Ut minima quia ad ma\"]','Contus\\Subscribers\\Model\\OrgSubscribers','cash',NULL,'Chennai Office - T Nagar','$ usd','500',NULL,NULL,NULL,NULL,'0','1','2026-03-02 09:16:07','2026-03-02 09:16:07',0),(52,20,NULL,'custom subscription','top-up',NULL,'day',NULL,'day-month','1 day | 03-03-2026','2026-04-07 10:36:32','2026-04-08 10:36:32','[\"Samsung s20\",\"Ut minima quia ad ma\"]','Contus\\Subscribers\\Model\\OrgSubscribers','cash',NULL,'Delhi Office - Connaught Place','$ usd','25','null',NULL,NULL,NULL,'1','1','2026-03-02 09:17:01','2026-03-02 09:17:01',0),(53,11,21,'custom subscription','override',NULL,NULL,NULL,'celnder','124 days | 05/07/2026','2026-03-03 06:21:34','2026-07-05 06:21:34','[\"iPhone 13 Pro Max\",\"OnePlus 12\",\"Huawei P50 Pro\"]','Contus\\Subscribers\\Model\\OrgSubscribers','authorizenet','PAYMENT_SUCCESS',NULL,'$ usd','3100','null',NULL,NULL,NULL,'1','0','2026-03-03 06:21:34','2026-03-21 08:34:46',0),(54,21,NULL,'free subscription',NULL,NULL,NULL,NULL,NULL,NULL,'2026-03-05 10:28:11',NULL,'[\"Samsung Galaxy A54\"]','Contus\\Subscribers\\Model\\OrgSubscribers',NULL,NULL,NULL,NULL,'0','null',NULL,NULL,NULL,'1','1','2026-03-05 10:28:11','2026-03-05 10:28:11',0),(55,11,NULL,'free subscription','override','14',NULL,NULL,NULL,'15 days','2026-04-09 11:09:41','2026-04-24 11:09:41','\"[\\\"iPhone 13 Pro Max\\\"]\"','Contus\\Subscribers\\Model\\OrgSubscribers',NULL,NULL,NULL,NULL,'29','null',NULL,NULL,NULL,'1','1','2026-03-21 08:34:46','2026-03-21 08:34:46',1),(58,30,NULL,'free subscription','override','22',NULL,NULL,NULL,'5 months 27 days','2026-04-14 10:19:35','2026-10-11 10:19:35','[48,49,85,107]','Contus\\Subscribers\\Model\\OrgSubscribers',NULL,NULL,NULL,NULL,NULL,'null',NULL,NULL,NULL,'1','1','2026-03-24 07:34:07','2026-03-24 07:34:07',1),(59,19,NULL,'custom subscription','override',NULL,'day',NULL,'day-month','31 days','2026-03-24 14:59:51','2026-04-24 14:59:51','\"[\\\"iPhone 14\\\",\\\"Samsung 21\\\"]\"','Contus\\Subscribers\\Model\\OrgSubscribers','cash',NULL,NULL,'$ usd','0','null',NULL,NULL,NULL,NULL,'1','2026-03-24 14:59:51','2026-03-24 14:59:51',0),(61,32,NULL,'free subscription','override','22',NULL,NULL,NULL,'2 months 19 days','2026-04-10 09:22:44','2026-06-29 09:22:44','[96]','Contus\\Subscribers\\Model\\OrgSubscribers',NULL,NULL,NULL,NULL,NULL,'null',NULL,NULL,NULL,NULL,'1','2026-03-24 18:00:23','2026-04-10 09:15:39',1),(62,32,NULL,'custom subscription','top-up','22','day','1','day-month','64 days','2026-05-24 18:00:23','2026-07-27 18:00:23','\"[\\\"samsung SM-G781B\\\"]\"','Contus\\Subscribers\\Model\\OrgSubscribers','cash',NULL,'Delhi Office - Connaught Place','$ usd','0','null',NULL,NULL,NULL,NULL,'2','2026-03-24 18:07:06','2026-03-24 18:07:06',0),(87,38,NULL,'free subscription',NULL,'23',NULL,NULL,NULL,'30 days','2026-04-02 10:06:58','2026-05-02 10:06:58','\"[\\\"Amazon AFTSS\\\"]\"','Contus\\Subscribers\\Model\\OrgSubscribers',NULL,NULL,NULL,NULL,NULL,'null',NULL,NULL,NULL,NULL,'0','2026-04-02 10:06:58','2026-04-02 10:07:27',1),(88,38,NULL,'free subscription','top-up','23',NULL,'1',NULL,'2 months 1 day','2026-04-02 10:07:51','2026-06-03 10:07:51','\"[\\\"Amazon AFTSS\\\",\\\"samsung SM-X110\\\",\\\"samsung SM-S908U\\\"]\"','Contus\\Subscribers\\Model\\OrgSubscribers',NULL,NULL,NULL,NULL,NULL,'[]',NULL,NULL,NULL,NULL,'0','2026-04-02 10:07:27','2026-04-02 20:33:02',1),(89,38,NULL,'free subscription','override','23',NULL,'1',NULL,'1 month','2026-04-13 11:11:49','2026-05-13 11:11:49','[62,64,65]','Contus\\Subscribers\\Model\\OrgSubscribers',NULL,NULL,NULL,NULL,NULL,'null',NULL,NULL,NULL,NULL,'1','2026-04-02 20:33:02','2026-04-02 20:33:02',1),(97,45,NULL,'free subscription','top-up','25',NULL,NULL,NULL,'1 month 30 days','2026-04-07 19:42:07','2026-06-06 19:42:07','[97]','Contus\\Subscribers\\Model\\OrgSubscribers',NULL,NULL,NULL,NULL,NULL,'null',NULL,NULL,NULL,NULL,'0','2026-04-06 19:42:07','2026-04-06 19:43:26',1),(98,45,NULL,'free subscription','override','25',NULL,NULL,NULL,'2 months 23 days','2026-04-13 12:19:59','2026-07-06 12:19:59','[100,101,102]','Contus\\Subscribers\\Model\\OrgSubscribers',NULL,NULL,NULL,NULL,NULL,'[]',NULL,NULL,NULL,NULL,'1','2026-04-06 19:43:26','2026-04-06 19:43:26',1),(99,42,NULL,'free subscription',NULL,'23',NULL,NULL,NULL,'30 days','2026-04-07 20:12:26','2026-05-07 20:12:26','[98]','Contus\\Subscribers\\Model\\OrgSubscribers',NULL,NULL,NULL,NULL,NULL,'null',NULL,NULL,NULL,NULL,'1','2026-04-06 20:12:26','2026-04-06 20:12:26',1),(100,45,NULL,'free subscription','top-up','25',NULL,NULL,NULL,'2 months 29 days','2026-04-07 20:32:50','2026-07-06 20:32:50','[100,101,102]','Contus\\Subscribers\\Model\\OrgSubscribers',NULL,NULL,NULL,NULL,NULL,'null',NULL,NULL,NULL,NULL,'1','2026-04-06 20:32:50','2026-04-06 21:34:10',1),(119,49,NULL,'free subscription',NULL,'27',NULL,NULL,NULL,'365 days','2026-04-11 14:22:54','2027-04-11 14:22:54',NULL,'Contus\\Subscribers\\Model\\OrgSubscribers',NULL,NULL,NULL,NULL,NULL,'[]',NULL,NULL,NULL,NULL,'0','2026-04-11 14:22:54','2026-04-11 14:23:42',1),(120,49,NULL,'free subscription','override','27',NULL,'1',NULL,'1 year','2026-04-13 07:04:15','2027-04-13 07:04:15',NULL,'Contus\\Subscribers\\Model\\OrgSubscribers',NULL,NULL,NULL,NULL,NULL,'[]',NULL,NULL,NULL,NULL,'1','2026-04-11 14:23:42','2026-04-11 14:23:42',1),(122,50,NULL,'free subscription',NULL,'24',NULL,'1',NULL,'12 days','2026-04-15 09:01:17','2026-04-27 09:01:17',NULL,'Contus\\Subscribers\\Model\\OrgSubscribers',NULL,NULL,NULL,NULL,NULL,'[]',NULL,NULL,NULL,NULL,'0','2026-04-15 09:01:17','2026-04-15 09:09:19',1),(123,50,NULL,'add devices/slots',NULL,NULL,NULL,NULL,NULL,NULL,NULL,NULL,NULL,'Contus\\Subscribers\\Model\\OrgSubscribers','cash',NULL,'Delhi Office - Connaught Place','($) usd','500',NULL,NULL,NULL,NULL,'0','0','2026-04-15 09:08:35','2026-04-15 09:09:19',0),(124,50,NULL,'free subscription','override','24',NULL,'1',NULL,'74 days','2026-04-15 09:09:19','2026-06-28 09:09:19',NULL,'Contus\\Subscribers\\Model\\OrgSubscribers',NULL,NULL,NULL,NULL,NULL,'[]',NULL,NULL,NULL,NULL,'1','2026-04-15 09:09:19','2026-04-15 09:09:19',1),(125,51,NULL,'add devices/slots',NULL,NULL,NULL,NULL,NULL,NULL,NULL,NULL,NULL,'Contus\\Subscribers\\Model\\OrgSubscribers','cash',NULL,'Delhi Office - Connaught Place','($) usd','10',NULL,NULL,NULL,NULL,'0','0','2026-04-15 10:56:04','2026-04-15 11:03:06',0),(126,51,NULL,'add devices/slots',NULL,NULL,NULL,NULL,NULL,NULL,NULL,NULL,NULL,'Contus\\Subscribers\\Model\\OrgSubscribers','cash',NULL,'Mumbai Branch - Andheri East','($) usd','10',NULL,NULL,NULL,NULL,'0','0','2026-04-15 11:02:38','2026-04-15 11:03:06',0),(127,51,NULL,'free subscription','override','24',NULL,'1',NULL,'56 days','2026-04-15 11:03:06','2026-06-10 11:03:06',NULL,'Contus\\Subscribers\\Model\\OrgSubscribers',NULL,NULL,NULL,NULL,NULL,'[]',NULL,NULL,NULL,NULL,'1','2026-04-15 11:03:06','2026-04-15 11:03:06',1);

--
-- Table structure for table `organization_accessories`
--

CREATE TABLE `organization_accessories` (
  `id` bigint unsigned NOT NULL AUTO_INCREMENT,
  `organization_id` bigint DEFAULT NULL,
  `accessories` varchar(255) COLLATE utf8mb4_unicode_ci DEFAULT NULL,
  `accessories_type` varchar(255) COLLATE utf8mb4_unicode_ci DEFAULT NULL,
  `identifier` varchar(255) COLLATE utf8mb4_unicode_ci DEFAULT NULL,
  `identifier_auto` tinyint(1) DEFAULT NULL COMMENT '0 For In Active, 1 For Active',
  `description` varchar(255) COLLATE utf8mb4_unicode_ci DEFAULT NULL,
  `currency` varchar(255) COLLATE utf8mb4_unicode_ci DEFAULT NULL,
  `price` double(8,2) DEFAULT NULL,
  `by_user` bigint DEFAULT NULL,
  `is_active` tinyint(1) DEFAULT NULL COMMENT '0 For In Active, 1 For Active',
  `created_at` timestamp NULL DEFAULT NULL,
  `updated_at` timestamp NULL DEFAULT NULL,
  PRIMARY KEY (`id`)
) ENGINE=InnoDB AUTO_INCREMENT=8 DEFAULT CHARSET=utf8mb4 COLLATE=utf8mb4_unicode_ci;

--
-- Dumping data for table `organization_accessories`
--

INSERT INTO `organization_accessories` VALUES (1,1,'Accessory Pro','Equipment','8cqgt2nq6679',1,'this bundle for test only','USD',10.00,19,1,'2025-12-17 16:29:01','2025-12-17 16:29:01'),(2,1,'Accessory Mini','Box','msbihqzt4337',1,'this bundle for test only','USD',10.00,19,1,'2025-12-17 16:29:32','2025-12-17 16:29:32'),(3,1,'Temp','Equipment','uof3yiuk443',1,'test','USD',120.00,19,1,'2026-01-27 13:10:55','2026-01-27 13:10:55'),(4,1,'Live Testing','Fee','nb174h4n2137',1,'this is description for testing','USD',5.00,19,1,'2026-02-04 06:19:43','2026-02-04 06:19:43'),(5,7,'live test','Fee','aaxxby5m2133',1,'live testing','USD',10.00,19,1,'2026-02-19 09:36:32','2026-02-19 09:36:32'),(6,10,'Free','Equipment','9qmcy89s768',1,'Test Shopping Cart','USD',50.00,19,1,'2026-02-20 11:46:02','2026-02-20 11:46:02'),(7,11,'Temp Acc','Box','vfl7v5i59029',1,'ACC Cart','USD',20.00,19,1,'2026-03-03 08:43:02','2026-03-03 08:43:02');

--
-- Table structure for table `organization_announcements`
--

CREATE TABLE `organization_announcements` (
  `id` bigint NOT NULL AUTO_INCREMENT,
  `organization_id` bigint unsigned DEFAULT NULL,
  `announcement` varchar(255) COLLATE utf8mb4_unicode_ci DEFAULT NULL,
  `message` varchar(255) COLLATE utf8mb4_unicode_ci DEFAULT NULL,
  `subject` varchar(255) COLLATE utf8mb4_unicode_ci DEFAULT NULL,
  `announcement_subscribers_id` bigint unsigned DEFAULT NULL,
  `created_by` bigint unsigned NOT NULL,
  `created_at` timestamp NULL DEFAULT NULL,
  `updated_at` timestamp NULL DEFAULT NULL,
  PRIMARY KEY (`id`),
  KEY `organization_announcements_user_id_foreign` (`created_by`),
  CONSTRAINT `organization_announcements_user_id_foreign` FOREIGN KEY (`created_by`) REFERENCES `users` (`id`) ON DELETE CASCADE
) ENGINE=InnoDB AUTO_INCREMENT=5 DEFAULT CHARSET=utf8mb4 COLLATE=utf8mb4_unicode_ci;

--
-- Dumping data for table `organization_announcements`
--

INSERT INTO `organization_announcements` VALUES (1,1,NULL,'Testing One','For Information',13,19,'2026-01-27 10:33:00','2026-01-27 10:33:00'),(2,1,NULL,'hello','hello',14,19,'2026-02-04 06:23:22','2026-02-04 06:23:22'),(3,7,NULL,'Testing only','Testing',15,19,'2026-02-19 09:44:23','2026-02-19 09:44:23'),(4,7,NULL,'Testing only','Testing',16,19,'2026-02-19 09:44:23','2026-02-19 09:44:23');

--
-- Table structure for table `organization_app_customizations`
--

CREATE TABLE `organization_app_customizations` (
  `id` bigint NOT NULL AUTO_INCREMENT,
  `add_banner` varchar(255) COLLATE utf8mb4_unicode_ci DEFAULT NULL,
  `privacy_policy` varchar(255) COLLATE utf8mb4_unicode_ci DEFAULT NULL,
  `feedback` varchar(255) COLLATE utf8mb4_unicode_ci DEFAULT NULL,
  `user_agreement` varchar(255) COLLATE utf8mb4_unicode_ci DEFAULT NULL,
  `reports` varchar(255) COLLATE utf8mb4_unicode_ci DEFAULT NULL,
  `created_at` timestamp NULL DEFAULT NULL,
  `updated_at` timestamp NULL DEFAULT NULL,
  PRIMARY KEY (`id`)
) ENGINE=InnoDB AUTO_INCREMENT=7 DEFAULT CHARSET=utf8mb4 COLLATE=utf8mb4_unicode_ci;

--
-- Dumping data for table `organization_app_customizations`
--

INSERT INTO `organization_app_customizations` VALUES (1,'uploads/app-customization/logos/1746081195_user6.png','nathi kevi ja','nathi aap vu','hehe nathi karvo user agreement','??......','2025-05-01 01:03:15','2025-05-01 01:03:15'),(2,'uploads/app-customization/logos/1746249003_user4.png','nathi kevi ja','nathi aap vu','hehe nathi karvo user agreement','??......','2025-05-02 23:40:03','2025-05-02 23:40:03'),(3,'uploads/app-customization/logos/1746250449_wallet-income.svg','nathi kevi ja','nathi aap vu','hehe nathi karvo user agreement','??......','2025-05-03 00:04:09','2025-05-03 00:04:09'),(4,'uploads/app-customization/logos/1746592499_hero-bg.png','privacy policy','feedback','user agreement','reports','2025-05-06 23:04:59','2025-05-06 23:04:59');

--
-- Table structure for table `organization_channel_listing`
--

CREATE TABLE `organization_channel_listing` (
  `id` bigint unsigned NOT NULL AUTO_INCREMENT,
  `organization_id` bigint unsigned DEFAULT NULL,
  `monitization_plan_id` bigint unsigned DEFAULT NULL,
  `channel_listing` varchar(255) COLLATE utf8mb4_unicode_ci DEFAULT NULL,
  `sequence_assigned_channels` json DEFAULT NULL,
  `group_channel_list` json DEFAULT NULL,
  `created_at` timestamp NULL DEFAULT NULL,
  `updated_at` timestamp NULL DEFAULT NULL,
  PRIMARY KEY (`id`),
  KEY `organization_channel_listing_organization_id_foreign` (`organization_id`),
  KEY `organization_channel_listing_monitization_plan_id_foreign` (`monitization_plan_id`),
  CONSTRAINT `organization_channel_listing_monitization_plan_id_foreign` FOREIGN KEY (`monitization_plan_id`) REFERENCES `org_monetization_planss` (`id`) ON DELETE CASCADE,
  CONSTRAINT `organization_channel_listing_organization_id_foreign` FOREIGN KEY (`organization_id`) REFERENCES `organization_details` (`id`) ON DELETE CASCADE
) ENGINE=InnoDB AUTO_INCREMENT=34 DEFAULT CHARSET=utf8mb4 COLLATE=utf8mb4_unicode_ci;

--
-- Dumping data for table `organization_channel_listing`
--

INSERT INTO `organization_channel_listing` VALUES (4,1,4,NULL,NULL,NULL,'2025-12-17 16:35:53','2025-12-17 16:35:53'),(5,1,4,'group_list','\"[]\"','\"[{\\\"group_id\\\":\\\"group-4\\\",\\\"from\\\":1,\\\"to\\\":2,\\\"cahnnel_list\\\":[{\\\"id\\\":1,\\\"channel_name\\\":\\\"A&E\\\"},{\\\"id\\\":3,\\\"channel_name\\\":\\\"Paramount Network\\\"},{\\\"id\\\":2,\\\"channel_name\\\":\\\"Comedy Central\\\"},{\\\"id\\\":5,\\\"channel_name\\\":\\\"CNN\\\"},{\\\"id\\\":4,\\\"channel_name\\\":\\\"BBC News\\\"},{\\\"id\\\":12,\\\"channel_name\\\":\\\"Disney XD\\\"},{\\\"id\\\":11,\\\"channel_name\\\":\\\"Cartoon Network\\\"},{\\\"id\\\":10,\\\"channel_name\\\":\\\"NBA TV\\\"},{\\\"id\\\":9,\\\"channel_name\\\":\\\"Motor Trend\\\"}]}]\"','2025-12-17 17:10:09','2025-12-17 17:10:09'),(12,1,12,NULL,NULL,NULL,'2026-01-28 05:34:44','2026-01-28 05:34:44'),(14,1,14,NULL,NULL,NULL,'2026-02-04 06:21:27','2026-02-04 06:21:27'),(18,9,18,NULL,NULL,NULL,'2026-02-19 10:40:43','2026-02-19 10:40:43'),(19,10,19,NULL,NULL,NULL,'2026-02-20 11:48:51','2026-02-20 11:48:51'),(20,10,19,'sequence_list','\"[{\\\"id\\\":24,\\\"channel_name\\\":\\\"Tears of Steel\\\"},{\\\"id\\\":22,\\\"channel_name\\\":\\\"Sintel\\\"},{\\\"id\\\":21,\\\"channel_name\\\":\\\"Big Buck Bunny\\\"}]\"','\"[{\\\"cahnnel_list\\\":[]}]\"','2026-02-20 11:57:00','2026-02-20 11:57:00'),(21,11,20,NULL,NULL,NULL,'2026-03-03 10:33:53','2026-03-03 10:33:53'),(22,11,20,'group_list','\"[]\"','\"[{\\\"group_id\\\":\\\"group-1\\\",\\\"from\\\":1,\\\"to\\\":3,\\\"cahnnel_list\\\":[{\\\"id\\\":13,\\\"channel_name\\\":\\\"Test Channel E\\\"},{\\\"id\\\":12,\\\"channel_name\\\":\\\"Test Channel D\\\"},{\\\"id\\\":10,\\\"channel_name\\\":\\\"Test Channel B\\\"}]}]\"','2026-03-03 10:44:19','2026-03-03 10:44:19'),(23,11,21,NULL,NULL,NULL,'2026-03-03 17:06:34','2026-03-03 17:06:34'),(24,11,21,'sequence_list','\"[{\\\"id\\\":25,\\\"channel_name\\\":\\\"Tears of Steel\\\"},{\\\"id\\\":21,\\\"channel_name\\\":\\\"Big Buck Bunny\\\"},{\\\"id\\\":19,\\\"channel_name\\\":\\\"Aaj Tak\\\"}]\"','\"[{\\\"cahnnel_list\\\":[]}]\"','2026-03-03 17:36:02','2026-03-03 17:36:02'),(25,11,20,'sequence_list','\"[{\\\"id\\\":13,\\\"channel_name\\\":\\\"Test Channel E\\\"},{\\\"id\\\":11,\\\"channel_name\\\":\\\"Test Channel C\\\"}]\"','\"[{\\\"cahnnel_list\\\":[]}]\"','2026-03-03 17:36:25','2026-03-03 17:36:25'),(26,11,21,'sequence_list','\"[{\\\"id\\\":22,\\\"channel_name\\\":\\\"Sintel\\\"},{\\\"id\\\":19,\\\"channel_name\\\":\\\"Aaj Tak\\\"}]\"','\"[{\\\"cahnnel_list\\\":[]}]\"','2026-03-03 17:36:49','2026-03-03 17:36:49'),(27,21,22,'sequence_list','\"[{\\\"id\\\":13,\\\"channel_name\\\":\\\"Test Channel E\\\"},{\\\"id\\\":19,\\\"channel_name\\\":\\\"Aaj Tak\\\"},{\\\"id\\\":20,\\\"channel_name\\\":\\\"Test Channel F\\\"},{\\\"id\\\":22,\\\"channel_name\\\":\\\"Sintel\\\"}]\"','\"[{\\\"cahnnel_list\\\":[]}]\"','2026-03-23 12:46:55','2026-03-23 12:46:55'),(28,29,23,NULL,NULL,NULL,'2026-04-01 10:36:23','2026-04-01 10:36:23'),(29,30,24,NULL,NULL,NULL,'2026-04-06 07:01:16','2026-04-06 07:01:16'),(30,31,25,'group_list','\"[]\"','\"[{\\\"group_id\\\":\\\"group-2\\\",\\\"from\\\":1,\\\"to\\\":2,\\\"cahnnel_list\\\":[{\\\"id\\\":1,\\\"channel_name\\\":\\\"Test Channel G\\\"},{\\\"id\\\":3,\\\"channel_name\\\":\\\"Test Channel I\\\"}]}]\"','2026-04-06 19:38:55','2026-04-06 19:38:55'),(31,31,26,NULL,NULL,NULL,'2026-04-06 21:08:34','2026-04-06 21:08:34'),(32,8,27,NULL,NULL,NULL,'2026-04-11 07:41:17','2026-04-11 07:41:17'),(33,30,28,NULL,NULL,NULL,'2026-04-15 09:16:11','2026-04-15 09:16:11');

--
-- Table structure for table `organization_content_sets`
--

CREATE TABLE `organization_content_sets` (
  `id` bigint unsigned NOT NULL AUTO_INCREMENT,
  `video_and_sound_quality` varchar(255) COLLATE utf8mb4_unicode_ci DEFAULT NULL,
  `resolution` varchar(255) COLLATE utf8mb4_unicode_ci DEFAULT NULL,
  `supported_devices` varchar(255) COLLATE utf8mb4_unicode_ci DEFAULT NULL,
  `download_devices` varchar(255) COLLATE utf8mb4_unicode_ci DEFAULT NULL,
  `no_ad` varchar(255) COLLATE utf8mb4_unicode_ci DEFAULT NULL,
  `monitization_plans_id` bigint unsigned NOT NULL,
  `created_at` timestamp NULL DEFAULT NULL,
  `updated_at` timestamp NULL DEFAULT NULL,
  PRIMARY KEY (`id`),
  KEY `organization_content_sets_monitization_plans_id_foreign` (`monitization_plans_id`),
  CONSTRAINT `organization_content_sets_monitization_plans_id_foreign` FOREIGN KEY (`monitization_plans_id`) REFERENCES `organization_monitization_plans` (`id`) ON DELETE CASCADE
) ENGINE=InnoDB AUTO_INCREMENT=30 DEFAULT CHARSET=utf8mb4 COLLATE=utf8mb4_unicode_ci;

--
-- Dumping data for table `organization_content_sets`
--

INSERT INTO `organization_content_sets` VALUES (1,'fair','[\"360p\"]','[\"Mobile Phone\"]','1','with ads',1,'2025-04-29 03:52:24','2025-04-29 03:52:24'),(2,'good','[\"360p\",\"480p\",\"720p(HD)\"]','[\"Mobile Phone\",\"Tablet\"]','2','with ads',2,'2025-04-29 03:54:32','2025-04-29 03:54:32'),(3,'great','[\"360p\",\"480p\",\"720p(HD)\",\"1080p(Full HD)\",\"4k\"]','[\"Mobile Phone\",\"Tablet\",\"TV\",\"Computer\"]','4','without ads',3,'2025-04-29 03:55:40','2025-04-29 03:55:40');

--
-- Table structure for table `organization_currencies`
--

CREATE TABLE `organization_currencies` (
  `id` bigint unsigned NOT NULL AUTO_INCREMENT,
  `organization_id` int DEFAULT NULL,
  `currency_id` int DEFAULT NULL,
  `default` int DEFAULT '0' COMMENT '0 = No, 1 = Yes',
  `created_at` timestamp NULL DEFAULT NULL,
  `updated_at` timestamp NULL DEFAULT NULL,
  PRIMARY KEY (`id`)
) ENGINE=InnoDB DEFAULT CHARSET=utf8mb4 COLLATE=utf8mb4_unicode_ci;

--
-- Dumping data for table `organization_currencies`
--


--
-- Table structure for table `organization_details`
--

CREATE TABLE `organization_details` (
  `id` bigint unsigned NOT NULL AUTO_INCREMENT,
  `organization_id` bigint unsigned NOT NULL,
  `provider_id` varchar(255) COLLATE utf8mb4_unicode_ci DEFAULT NULL,
  `organization_name` varchar(255) COLLATE utf8mb4_unicode_ci DEFAULT NULL,
  `organization_logo` varchar(255) COLLATE utf8mb4_unicode_ci DEFAULT NULL,
  `prefix` varchar(255) COLLATE utf8mb4_unicode_ci DEFAULT NULL,
  `select_platform` varchar(255) COLLATE utf8mb4_unicode_ci DEFAULT NULL,
  `api_access` tinyint(1) NOT NULL DEFAULT '0' COMMENT '0 = disallow, 1 = allow',
  `login_token` varchar(255) COLLATE utf8mb4_unicode_ci DEFAULT NULL,
  `api_token` varchar(255) COLLATE utf8mb4_unicode_ci DEFAULT NULL,
  `max_activation_length` varchar(255) COLLATE utf8mb4_unicode_ci DEFAULT NULL COMMENT '-1 = unlimited',
  `max_activation_length_system_default` tinyint(1) NOT NULL DEFAULT '0' COMMENT '0 = no, 1 = yes',
  `unlimited` tinyint(1) NOT NULL DEFAULT '0' COMMENT '0 = no, 1 = yes',
  `device_activation_limit` varchar(255) COLLATE utf8mb4_unicode_ci DEFAULT NULL,
  `device_activation_limit_system_default` tinyint(1) NOT NULL DEFAULT '0' COMMENT '0 = no, 1 = yes',
  `void_payment_in` varchar(255) COLLATE utf8mb4_unicode_ci DEFAULT NULL,
  `void_payment_in_system_default` tinyint(1) NOT NULL DEFAULT '0' COMMENT '0 = no, 1 = yes',
  `disallow_void` tinyint(1) NOT NULL DEFAULT '0' COMMENT '0 = no, 1 = yes',
  `custom_charges` tinyint(1) NOT NULL DEFAULT '0' COMMENT '0 = disallow, 1 = allow',
  `custom_charges_system_default` tinyint(1) NOT NULL DEFAULT '0' COMMENT '0 = no, 1 = yes',
  `custom_subscription` tinyint(1) NOT NULL DEFAULT '0' COMMENT '0 = disallow, 1 = allow',
  `custom_subscription_system_default` tinyint(1) NOT NULL DEFAULT '0' COMMENT '0 = no, 1 = yes',
  `device_slots` tinyint(1) NOT NULL DEFAULT '0' COMMENT '0 = disallow, 1 = allow',
  `device_slots_system_default` tinyint(1) NOT NULL DEFAULT '0' COMMENT '0 = no, 1 = yes',
  `device_linking` tinyint(1) NOT NULL DEFAULT '0' COMMENT '0 = disallow, 1 = allow',
  `device_linking_system_default` tinyint(1) NOT NULL DEFAULT '0' COMMENT '0 = no, 1 = yes',
  `link_code_expiration` varchar(255) COLLATE utf8mb4_unicode_ci DEFAULT NULL,
  `link_code_expiration_system_default` tinyint(1) NOT NULL DEFAULT '0' COMMENT '0 = no, 1 = yes',
  `active_toa` tinyint(1) NOT NULL DEFAULT '0' COMMENT '0 = acceptance_toa, 1 = active_toa',
  `active_toa_system_default` tinyint(1) NOT NULL DEFAULT '0' COMMENT '0 = no, 1 = yes',
  `subscription_activation` tinyint(1) NOT NULL DEFAULT '0' COMMENT '0 = disallow, 1 = allow',
  `subscription_activation_system_default` tinyint(1) NOT NULL DEFAULT '0' COMMENT '0 = no, 1 = yes',
  `subscription_prorating` tinyint(1) NOT NULL DEFAULT '0' COMMENT '0 = disallow, 1 = allow',
  `subscription_prorating_system_default` tinyint(1) NOT NULL DEFAULT '0' COMMENT '0 = no, 1 = yes',
  `content_add_on_prorating` tinyint(1) NOT NULL DEFAULT '0' COMMENT '0 = disallow, 1 = allow',
  `content_add_on_prorating_system_default` tinyint(1) NOT NULL DEFAULT '0' COMMENT '0 = no, 1 = yes',
  `voucher_subscribers` tinyint(1) NOT NULL DEFAULT '0' COMMENT '0 = disallow, 1 = allow',
  `voucher_subscribers_system_default` tinyint(1) NOT NULL DEFAULT '0' COMMENT '0 = no, 1 = yes',
  `expired_voucher_removal` varchar(255) COLLATE utf8mb4_unicode_ci DEFAULT NULL,
  `expired_voucher_removal_system_default` tinyint(1) NOT NULL DEFAULT '0' COMMENT '0 = no, 1 = yes',
  `voucher_slots` varchar(255) COLLATE utf8mb4_unicode_ci DEFAULT NULL,
  `voucher_slots_system_default` tinyint(1) NOT NULL DEFAULT '0' COMMENT '0 = no, 1 = yes',
  `payment_service_system_default` tinyint DEFAULT '0' COMMENT '0 for not default, 1 system default',
  `payment_service_default` tinyint DEFAULT '0' COMMENT '0 for not default, 1 system default',
  `currency_converter_system_default` tinyint DEFAULT NULL COMMENT '0 for not default, 1 system default',
  `created_at` timestamp NULL DEFAULT NULL,
  `updated_at` timestamp NULL DEFAULT NULL,
  `use_system_default` tinyint(1) NOT NULL DEFAULT '0' COMMENT 'Global system default toggle',
  PRIMARY KEY (`id`),
  KEY `organization_details_organization_id_foreign` (`organization_id`),
  CONSTRAINT `organization_details_organization_id_foreign` FOREIGN KEY (`organization_id`) REFERENCES `organizations` (`id`) ON DELETE CASCADE
) ENGINE=InnoDB AUTO_INCREMENT=33 DEFAULT CHARSET=utf8mb4 COLLATE=utf8mb4_unicode_ci;

--
-- Dumping data for table `organization_details`
--

INSERT INTO `organization_details` VALUES (1,1,'3948','TKOplex','http://15.204.253.153/ott-laravel/new-admin-api/public/uploads/tempimage/thumbnails/697740ed232aa.jpg','ma','[\"Android Mobile\",\"Samsung Tv\",\"Web\"]',1,'Eh7Jb8VKGww9n2PXZUz6QD','4BGmInja9Q2O57bHUljnIU4YVROFeO7ieqSo6pDWyL2vfC8ebs','-1',0,0,'3',0,'5',0,0,0,0,0,0,0,0,0,0,'5',0,0,0,0,0,0,0,0,0,0,0,'5',0,'2',0,1,1,1,'2025-03-23 20:06:42','2026-03-21 07:35:34',0),(6,6,'6225','VisionGrid','http://15.204.253.153/ott-laravel/new-admin-api/public/uploads/tempimage/thumbnails/6982db114e28a.jpg','vigr','[\"Stb\",\"Pc/Lg\",\"Ios\",\"tvOS\",\"Android Mobile\",\"Samsung Tv\",\"Web\",\"Others\"]',1,'jT8WurDesu8iGDelFHp1no','gVaLvhR8ZOAMhuxsTXFhyUaPCCmdf4lNeofxmpjUY1rmzLOwUC','-1',0,0,'15',0,'0',0,0,1,0,1,0,1,0,1,0,'5',0,0,0,1,0,1,0,0,0,0,0,'5',0,'2',0,0,0,NULL,'2026-02-04 05:30:32','2026-02-04 05:38:45',0),(8,8,'2712','APP STORES (DO NOT DELETE)','http://15.204.253.153/ott-laravel/new-admin-api/public/uploads/tempimage/thumbnails/69d8e3066e778.jpg','te(dnode','[\"Stb\",\"Pc/Lg\",\"Ios\",\"tvOS\",\"Android Mobile\",\"Samsung Tv\",\"Web\",\"Others\"]',1,'duvlZ74JGNmrYMYDoJpZSs','wZHOWY8fiDrDilvq7pKjAEz9lDByosoGjmVRWMlWRhLTxxO2YX','365',0,0,'1000',0,'2',1,0,1,1,1,1,1,1,1,1,'365',1,0,1,1,1,1,1,1,1,0,1,'365',1,'1000',1,0,0,NULL,'2026-02-18 06:57:26','2026-04-10 11:47:56',0),(9,9,'5605','Store Preference','http://15.204.253.153/ott-laravel/new-admin-api/public/uploads/tempimage/thumbnails/6996e00ce079b.jpg','stpr','[\"Stb\",\"Pc/Lg\",\"Ios\",\"tvOS\",\"Android Mobile\",\"Samsung Tv\",\"Web\",\"Others\"]',1,NULL,NULL,'10',0,0,'15',0,'5',0,0,1,0,1,0,1,0,1,0,'5',0,0,0,1,0,1,0,0,0,0,0,'5',0,'2',0,0,0,NULL,'2026-02-19 10:02:05','2026-02-19 10:04:46',0),(10,10,'9225','Data Organization','http://15.204.253.153/ott-laravel/new-admin-api/public/uploads/tempimage/thumbnails/699840e10a76b.jpg','daor','[\"Stb\",\"Pc/Lg\",\"Ios\",\"tvOS\",\"Android Mobile\",\"Samsung Tv\",\"Web\",\"Others\"]',1,'r6HyD3JtvS8Bnm61Zv3qVd','dixgmhsXc49jxPOE5dFPJhV1wZ8j4BRTHMU3BwDwx7hfW54Ba2','10',0,0,'15',0,'5',0,0,1,0,1,0,1,0,1,0,'5',0,0,0,1,0,1,0,0,0,0,0,'5',0,'2',0,0,0,NULL,'2026-02-20 11:07:40','2026-02-20 11:10:16',0),(11,11,'9586','TKOplex Test Organization','http://15.204.253.153/ott-laravel/new-admin-api/public/uploads/tempimage/thumbnails/699d7c16cdd92.jpg','tkteor','[\"Stb\",\"Pc/Lg\",\"Ios\",\"tvOS\",\"Android Mobile\",\"Samsung Tv\",\"Web\"]',1,'vc2DxL2Jk3fX4yCJuMDTvD','8vZdVZqztNLyXrUic6WdXc1ThesKx79nxSgho8HwJKWVXizig7','10',0,0,'15',0,'5',0,0,1,0,1,0,1,0,1,0,'5',0,0,0,1,0,1,0,0,0,0,0,'5',0,'2',0,2,2,NULL,'2026-02-24 10:22:52','2026-02-27 13:31:21',0),(12,12,'880','Netflix',NULL,NULL,NULL,0,NULL,NULL,NULL,0,0,NULL,0,NULL,0,0,0,0,0,0,0,0,0,0,NULL,0,0,0,0,0,0,0,0,0,0,0,NULL,0,NULL,0,0,0,NULL,'2026-02-26 21:55:57','2026-02-26 21:55:57',0),(21,21,'9417','Zone 10','http://15.204.253.153/ott-laravel/new-admin-api/public/uploads/tempimage/thumbnails/69c13c1a2312e.jpg','zo10','[\"Stb\",\"Pc/Lg\",\"Ios\",\"tvOS\",\"Android Mobile\",\"Samsung Tv\",\"Web\",\"Others\"]',1,NULL,NULL,'-1',1,0,'30',0,NULL,0,0,1,0,1,0,1,0,1,0,NULL,0,0,0,1,0,1,0,1,0,0,0,NULL,0,NULL,0,0,0,NULL,'2026-03-23 12:31:42','2026-04-13 13:04:02',1),(29,29,'3951','Teko','http://15.204.253.153/ott-laravel/new-admin-api/public/uploads/tempimage/thumbnails/69ccf398751b1.jpg','te','[\"Pc/Lg\",\"Ios\",\"Android Mobile\"]',1,'bVPBwdRg3aQ8Q3tyYKDotL','WUrtBN5pBWMJotg1OqHslQwGHlX6zhwosetdqHTit6Hlhp1SXy',NULL,0,0,NULL,0,NULL,0,0,0,0,0,0,0,0,0,0,NULL,0,0,0,0,0,0,0,0,0,0,0,NULL,0,NULL,0,0,0,NULL,'2026-04-01 10:26:53','2026-04-01 10:30:14',0),(30,30,'5979','Org For V3',NULL,'orfov3','[\"Stb\",\"Pc/Lg\",\"Ios\",\"tvOS\",\"Android Mobile\",\"Samsung Tv\",\"Web\",\"Others\"]',1,'1FOBCLiwsfZsjyxPUTLQjj','dc7hx51mTyjooaAfnfRZOacdDopuYqIEw6lyrSoYXfgHI86c2u','3',0,0,'1',0,'2',1,0,1,1,1,1,1,1,1,1,'2',1,0,1,1,1,1,1,1,1,0,1,'5',1,'5',1,0,0,NULL,'2026-04-06 06:31:33','2026-04-15 08:57:57',0),(31,31,'3050','Tiko','http://15.204.253.153/ott-laravel/new-admin-api/public/uploads/tempimage/thumbnails/69d40b0858105.jpg',NULL,'[]',1,NULL,NULL,'-1',1,0,'20',1,'2',1,0,1,1,1,1,1,1,1,1,'2',1,0,1,1,1,1,1,1,1,0,1,'5',1,'5',1,0,0,NULL,'2026-04-06 19:27:44','2026-04-08 13:07:10',1);

--
-- Table structure for table `organization_general`
--

CREATE TABLE `organization_general` (
  `id` bigint unsigned NOT NULL AUTO_INCREMENT,
  `organization_id` bigint unsigned DEFAULT NULL,
  `thumbnail_image` varchar(255) COLLATE utf8mb4_unicode_ci DEFAULT NULL,
  `live` tinyint(1) DEFAULT '0',
  `epg` tinyint(1) DEFAULT '0',
  `catchup` tinyint(1) DEFAULT '0',
  `movie` tinyint(1) DEFAULT '0',
  `sereis` tinyint(1) DEFAULT '0',
  `event` tinyint(1) DEFAULT '0',
  `created_at` timestamp NULL DEFAULT NULL,
  `updated_at` timestamp NULL DEFAULT NULL,
  PRIMARY KEY (`id`)
) ENGINE=InnoDB AUTO_INCREMENT=16 DEFAULT CHARSET=utf8mb4 COLLATE=utf8mb4_unicode_ci;

--
-- Dumping data for table `organization_general`
--

INSERT INTO `organization_general` VALUES (4,1,'http://15.204.253.153/ott-laravel/new-admin-api/public/uploads/tempimage/thumbnails/6979b2c8f0c57.jpg',1,1,1,1,1,1,'2025-12-17 17:12:41','2025-12-17 17:12:41'),(5,11,NULL,0,0,0,1,1,1,'2026-03-03 17:35:07','2026-03-03 17:35:07'),(14,30,'http://15.204.253.153/ott-laravel/new-admin-api/public/uploads/tempimage/thumbnails/69d385695bfe7.jpg',1,1,1,1,1,1,'2026-04-06 10:06:21','2026-04-06 10:06:21'),(15,21,'http://15.204.253.153/ott-laravel/new-admin-api/public/uploads/tempimage/thumbnails/69d38627e5fae.jpg',1,1,1,1,1,1,'2026-04-06 10:08:46','2026-04-06 10:08:46');

--
-- Table structure for table `organization_monitization_plans`
--

CREATE TABLE `organization_monitization_plans` (
  `id` bigint unsigned NOT NULL AUTO_INCREMENT,
  `organization_id` bigint unsigned DEFAULT NULL,
  `name` varchar(255) COLLATE utf8mb4_unicode_ci DEFAULT NULL,
  `slug` varchar(255) COLLATE utf8mb4_unicode_ci DEFAULT NULL,
  `amount` varchar(255) COLLATE utf8mb4_unicode_ci DEFAULT NULL,
  `description` varchar(255) COLLATE utf8mb4_unicode_ci DEFAULT NULL,
  `duration` bigint DEFAULT NULL,
  `is_active` varchar(255) COLLATE utf8mb4_unicode_ci DEFAULT NULL,
  `created_at` timestamp NULL DEFAULT NULL,
  `updated_at` timestamp NULL DEFAULT NULL,
  PRIMARY KEY (`id`),
  KEY `organization_monitization_plans_organization_id_foreign` (`organization_id`),
  CONSTRAINT `organization_monitization_plans_organization_id_foreign` FOREIGN KEY (`organization_id`) REFERENCES `organizations` (`id`) ON DELETE CASCADE
) ENGINE=InnoDB AUTO_INCREMENT=72 DEFAULT CHARSET=utf8mb4 COLLATE=utf8mb4_unicode_ci;

--
-- Dumping data for table `organization_monitization_plans`
--

INSERT INTO `organization_monitization_plans` VALUES (1,1,'Silver','silver','199','Renews at ₹199.00/mo for 4 years. Cancel anytime.',30,'1','2025-04-29 04:34:27','2025-04-29 04:34:27'),(2,1,'Gold','gold','499','Renews at ₹499.00/mo for 4 years. Cancel anytime.',30,'1','2025-04-29 04:34:27','2025-04-29 04:34:27'),(3,1,'Platinum','platinum','649','Renews at ₹649.00/mo for 4 years. Cancel anytime.',30,'1','2025-04-29 04:34:27','2025-04-29 04:34:27');

--
-- Table structure for table `organization_partner_product`
--

CREATE TABLE `organization_partner_product` (
  `id` bigint unsigned NOT NULL AUTO_INCREMENT,
  `organization_id` bigint DEFAULT NULL,
  `partner_program` varchar(255) COLLATE utf8mb4_unicode_ci DEFAULT NULL,
  `product_name` varchar(255) COLLATE utf8mb4_unicode_ci DEFAULT NULL,
  `product_image` varchar(255) COLLATE utf8mb4_unicode_ci DEFAULT NULL,
  `product_description` varchar(255) COLLATE utf8mb4_unicode_ci DEFAULT NULL,
  `product_id` bigint DEFAULT NULL,
  `by_user` bigint DEFAULT NULL,
  `created_at` timestamp NULL DEFAULT NULL,
  `updated_at` timestamp NULL DEFAULT NULL,
  PRIMARY KEY (`id`)
) ENGINE=InnoDB AUTO_INCREMENT=6 DEFAULT CHARSET=utf8mb4 COLLATE=utf8mb4_unicode_ci;

--
-- Dumping data for table `organization_partner_product`
--

INSERT INTO `organization_partner_product` VALUES (1,1,'technology','iptv','http://15.204.253.153/ott-laravel/new-admin-api/public/uploads/tempimage/thumbnails/6943c80a5f2d5.jpg','this bundle for test only',1,19,'2025-12-17 16:26:00','2025-12-17 16:26:00'),(2,1,'technology','TKOplex','http://15.204.253.153/ott-laravel/new-admin-api/public/uploads/tempimage/thumbnails/69789418e99a2.jpg','For Testing One',1234,19,'2026-01-27 10:32:13','2026-01-27 10:32:13'),(3,1,'technology','testing','http://15.204.253.153/ott-laravel/new-admin-api/public/uploads/tempimage/thumbnails/6982e5af9a30d.jpg','this bundle for test only',1,19,'2026-02-04 06:22:47','2026-02-04 06:22:47'),(4,7,'technology','testing','http://15.204.253.153/ott-laravel/new-admin-api/public/uploads/tempimage/thumbnails/6996daf6af533.jpg','for test purpose only',124,19,'2026-02-19 09:42:30','2026-02-19 09:42:30'),(5,11,'reseller','ACC','http://15.204.253.153/ott-laravel/new-admin-api/public/uploads/tempimage/thumbnails/69a69f9e2002c.jpg','ACC',13,19,'2026-03-03 08:45:24','2026-03-03 08:45:24');

--
-- Table structure for table `organization_payment_services`
--

CREATE TABLE `organization_payment_services` (
  `id` bigint unsigned NOT NULL AUTO_INCREMENT,
  `organization_id` int DEFAULT NULL,
  `payment_service_id` int DEFAULT NULL,
  `default` int DEFAULT '0' COMMENT '0 = No, 1 = Yes',
  `created_at` timestamp NULL DEFAULT NULL,
  `updated_at` timestamp NULL DEFAULT NULL,
  PRIMARY KEY (`id`)
) ENGINE=InnoDB DEFAULT CHARSET=utf8mb4 COLLATE=utf8mb4_unicode_ci;

--
-- Dumping data for table `organization_payment_services`
--


--
-- Table structure for table `organization_payments`
--

CREATE TABLE `organization_payments` (
  `id` bigint unsigned NOT NULL AUTO_INCREMENT,
  `user_id` varchar(255) COLLATE utf8mb4_unicode_ci NOT NULL,
  `plan_id` varchar(255) COLLATE utf8mb4_unicode_ci NOT NULL,
  `organization_id` bigint DEFAULT NULL,
  `payment_id` varchar(255) COLLATE utf8mb4_unicode_ci NOT NULL,
  `currency` varchar(255) COLLATE utf8mb4_unicode_ci NOT NULL,
  `method` varchar(255) COLLATE utf8mb4_unicode_ci NOT NULL,
  `payload` longtext COLLATE utf8mb4_unicode_ci NOT NULL,
  `amount` varchar(255) COLLATE utf8mb4_unicode_ci NOT NULL,
  `status` varchar(255) COLLATE utf8mb4_unicode_ci NOT NULL,
  `created_at` timestamp NULL DEFAULT NULL,
  `updated_at` timestamp NULL DEFAULT NULL,
  PRIMARY KEY (`id`)
) ENGINE=InnoDB AUTO_INCREMENT=37 DEFAULT CHARSET=utf8mb4 COLLATE=utf8mb4_unicode_ci;

--
-- Dumping data for table `organization_payments`
--

INSERT INTO `organization_payments` VALUES (1,'1','2',1,'pay_QPFxOnOZ62Lkja','INR','netbanking','{\"\\u0000*\\u0000attributes\":{\"id\":\"pay_QPFxOnOZ62Lkja\",\"entity\":\"payment\",\"amount\":49900,\"currency\":\"INR\",\"status\":\"captured\",\"order_id\":null,\"invoice_id\":null,\"international\":false,\"method\":\"netbanking\",\"amount_refunded\":0,\"refund_status\":null,\"captured\":true,\"description\":\"Razorpay payment\",\"card_id\":null,\"bank\":\"BARB_R\",\"wallet\":null,\"vpa\":null,\"email\":\"void@razorpay.com\",\"contact\":\"+916354769899\",\"notes\":{},\"fee\":1178,\"tax\":180,\"error_code\":null,\"error_description\":null,\"error_source\":null,\"error_step\":null,\"error_reason\":null,\"acquirer_data\":{},\"created_at\":1746013351,\"reward\":null}}','499','PAYMENT_SUCCESS','2025-04-30 06:15:36','2025-04-30 06:15:36'),(14,'1','1',1,'pay_QPGJmUaIwcSfYt','INR','netbanking','{\"\\u0000*\\u0000attributes\":{\"id\":\"pay_QPGJmUaIwcSfYt\",\"entity\":\"payment\",\"amount\":19900,\"currency\":\"INR\",\"status\":\"captured\",\"order_id\":null,\"invoice_id\":null,\"international\":false,\"method\":\"netbanking\",\"amount_refunded\":0,\"refund_status\":null,\"captured\":true,\"description\":\"Razorpay payment\",\"card_id\":null,\"bank\":\"BARB_R\",\"wallet\":null,\"vpa\":null,\"email\":\"void@razorpay.com\",\"contact\":\"+916354769899\",\"notes\":{},\"fee\":470,\"tax\":72,\"error_code\":null,\"error_description\":null,\"error_source\":null,\"error_step\":null,\"error_reason\":null,\"acquirer_data\":{},\"created_at\":1746014622,\"reward\":null}}','199','PAYMENT_SUCCESS','2025-04-30 06:33:59','2025-04-30 06:33:59'),(15,'1','3',1,'pay_QPHJU940tBFIns','INR','netbanking','{\"\\u0000*\\u0000attributes\":{\"id\":\"pay_QPHJU940tBFIns\",\"entity\":\"payment\",\"amount\":64900,\"currency\":\"INR\",\"status\":\"captured\",\"order_id\":null,\"invoice_id\":null,\"international\":false,\"method\":\"netbanking\",\"amount_refunded\":0,\"refund_status\":null,\"captured\":true,\"description\":\"Razorpay payment\",\"card_id\":null,\"bank\":\"BARB_R\",\"wallet\":null,\"vpa\":null,\"email\":\"void@razorpay.com\",\"contact\":\"+916354769899\",\"notes\":{},\"fee\":1532,\"tax\":234,\"error_code\":null,\"error_description\":null,\"error_source\":null,\"error_step\":null,\"error_reason\":null,\"acquirer_data\":{},\"created_at\":1746018127,\"reward\":null}}','649','PAYMENT_SUCCESS','2025-04-30 07:32:23','2025-04-30 07:32:23'),(18,'16','12',6,'pay_QQ4908M2ZDYwLq','INR','netbanking','{\"\\u0000*\\u0000attributes\":{\"id\":\"pay_QQ4908M2ZDYwLq\",\"entity\":\"payment\",\"amount\":84900,\"currency\":\"INR\",\"status\":\"captured\",\"order_id\":null,\"invoice_id\":null,\"international\":false,\"method\":\"netbanking\",\"amount_refunded\":0,\"refund_status\":null,\"captured\":true,\"description\":\"Razorpay payment\",\"card_id\":null,\"bank\":\"BARB_R\",\"wallet\":null,\"vpa\":null,\"email\":\"void@razorpay.com\",\"contact\":\"+916354769899\",\"notes\":{},\"fee\":2004,\"tax\":306,\"error_code\":null,\"error_description\":null,\"error_source\":null,\"error_step\":null,\"error_reason\":null,\"acquirer_data\":{},\"created_at\":1746190091,\"reward\":null}}','849','PAYMENT_SUCCESS','2025-05-02 07:18:26','2025-05-02 07:18:26'),(19,'16','11',6,'pay_QQ4Bs0Vz9ZxtE9','INR','netbanking','{\"\\u0000*\\u0000attributes\":{\"id\":\"pay_QQ4Bs0Vz9ZxtE9\",\"entity\":\"payment\",\"amount\":54900,\"currency\":\"INR\",\"status\":\"captured\",\"order_id\":null,\"invoice_id\":null,\"international\":false,\"method\":\"netbanking\",\"amount_refunded\":0,\"refund_status\":null,\"captured\":true,\"description\":\"Razorpay payment\",\"card_id\":null,\"bank\":\"BARB_R\",\"wallet\":null,\"vpa\":null,\"email\":\"void@razorpay.com\",\"contact\":\"+916354769899\",\"notes\":{},\"fee\":1296,\"tax\":198,\"error_code\":null,\"error_description\":null,\"error_source\":null,\"error_step\":null,\"error_reason\":null,\"acquirer_data\":{},\"created_at\":1746190254,\"reward\":null}}','549','PAYMENT_SUCCESS','2025-05-02 07:21:09','2025-05-02 07:21:09'),(20,'1','15',32,'pay_QQQIFBDvq7jAPo','INR','netbanking','{\"\\u0000*\\u0000attributes\":{\"id\":\"pay_QQQIFBDvq7jAPo\",\"entity\":\"payment\",\"amount\":84900,\"currency\":\"INR\",\"status\":\"captured\",\"order_id\":null,\"invoice_id\":null,\"international\":false,\"method\":\"netbanking\",\"amount_refunded\":0,\"refund_status\":null,\"captured\":true,\"description\":\"Razorpay payment\",\"card_id\":null,\"bank\":\"BARB_R\",\"wallet\":null,\"vpa\":null,\"email\":\"void@razorpay.com\",\"contact\":\"+916354769899\",\"notes\":{},\"fee\":2004,\"tax\":306,\"error_code\":null,\"error_description\":null,\"error_source\":null,\"error_step\":null,\"error_reason\":null,\"acquirer_data\":{},\"created_at\":1746268091,\"reward\":null}}','849','PAYMENT_SUCCESS','2025-05-03 04:58:27','2025-05-03 04:58:27'),(21,'1','14',32,'pay_QQQVJ2jKbyGRGz','INR','netbanking','{\"\\u0000*\\u0000attributes\":{\"id\":\"pay_QQQVJ2jKbyGRGz\",\"entity\":\"payment\",\"amount\":54900,\"currency\":\"INR\",\"status\":\"captured\",\"order_id\":null,\"invoice_id\":null,\"international\":false,\"method\":\"netbanking\",\"amount_refunded\":0,\"refund_status\":null,\"captured\":true,\"description\":\"Razorpay payment\",\"card_id\":null,\"bank\":\"BARB_R\",\"wallet\":null,\"vpa\":null,\"email\":\"void@razorpay.com\",\"contact\":\"+916354769899\",\"notes\":{},\"fee\":1296,\"tax\":198,\"error_code\":null,\"error_description\":null,\"error_source\":null,\"error_step\":null,\"error_reason\":null,\"acquirer_data\":{},\"created_at\":1746268833,\"reward\":null}}','549','PAYMENT_SUCCESS','2025-05-03 05:10:48','2025-05-03 05:10:48'),(22,'16','16',31,'pay_QRDtyUDJhmFsWq','INR','netbanking','{\"\\u0000*\\u0000attributes\":{\"id\":\"pay_QRDtyUDJhmFsWq\",\"entity\":\"payment\",\"amount\":10000,\"currency\":\"INR\",\"status\":\"captured\",\"order_id\":null,\"invoice_id\":null,\"international\":false,\"method\":\"netbanking\",\"amount_refunded\":0,\"refund_status\":null,\"captured\":true,\"description\":\"Razorpay payment\",\"card_id\":null,\"bank\":\"BARB_R\",\"wallet\":null,\"vpa\":null,\"email\":\"void@razorpay.com\",\"contact\":\"+916354769899\",\"notes\":{},\"fee\":236,\"tax\":36,\"error_code\":null,\"error_description\":null,\"error_source\":null,\"error_step\":null,\"error_reason\":null,\"acquirer_data\":{},\"created_at\":1746442793,\"reward\":null}}','100','PAYMENT_SUCCESS','2025-05-05 05:30:11','2025-05-05 05:30:11'),(23,'1','22',38,'pay_QRblujR2YcA6QK','INR','netbanking','{\"\\u0000*\\u0000attributes\":{\"id\":\"pay_QRblujR2YcA6QK\",\"entity\":\"payment\",\"amount\":25000,\"currency\":\"INR\",\"status\":\"captured\",\"order_id\":null,\"invoice_id\":null,\"international\":false,\"method\":\"netbanking\",\"amount_refunded\":0,\"refund_status\":null,\"captured\":true,\"description\":\"Razorpay payment\",\"card_id\":null,\"bank\":\"BARB_R\",\"wallet\":null,\"vpa\":null,\"email\":\"void@razorpay.com\",\"contact\":\"+916354769899\",\"notes\":{},\"fee\":590,\"tax\":90,\"error_code\":null,\"error_description\":null,\"error_source\":null,\"error_step\":null,\"error_reason\":null,\"acquirer_data\":{},\"created_at\":1746526854,\"reward\":null}}','250','PAYMENT_SUCCESS','2025-05-06 04:51:11','2025-05-06 04:51:11'),(24,'1','26',41,'pay_QRuO0qOWqOKxI7','INR','netbanking','{\"\\u0000*\\u0000attributes\":{\"id\":\"pay_QRuO0qOWqOKxI7\",\"entity\":\"payment\",\"amount\":65000,\"currency\":\"INR\",\"status\":\"captured\",\"order_id\":null,\"invoice_id\":null,\"international\":false,\"method\":\"netbanking\",\"amount_refunded\":0,\"refund_status\":null,\"captured\":true,\"description\":\"Razorpay payment\",\"card_id\":null,\"bank\":\"BARB_R\",\"wallet\":null,\"vpa\":null,\"email\":\"void@razorpay.com\",\"contact\":\"+916354769899\",\"notes\":{},\"fee\":1534,\"tax\":234,\"error_code\":null,\"error_description\":null,\"error_source\":null,\"error_step\":null,\"error_reason\":null,\"acquirer_data\":{},\"created_at\":1746592407,\"reward\":null}}','650','PAYMENT_SUCCESS','2025-05-06 23:03:42','2025-05-06 23:03:42'),(25,'16','3',1,'pay_QVYv7NM1NIFrvX','INR','netbanking','{\"\\u0000*\\u0000attributes\":{\"id\":\"pay_QVYv7NM1NIFrvX\",\"entity\":\"payment\",\"amount\":64900,\"currency\":\"INR\",\"status\":\"captured\",\"order_id\":null,\"invoice_id\":null,\"international\":false,\"method\":\"netbanking\",\"amount_refunded\":0,\"refund_status\":null,\"captured\":true,\"description\":\"Razorpay payment\",\"card_id\":null,\"bank\":\"BARB_R\",\"wallet\":null,\"vpa\":null,\"email\":\"void@razorpay.com\",\"contact\":\"+916354770692\",\"notes\":{},\"fee\":1532,\"tax\":234,\"error_code\":null,\"error_description\":null,\"error_source\":null,\"error_step\":null,\"error_reason\":null,\"acquirer_data\":{},\"created_at\":1747390173,\"reward\":null}}','649','PAYMENT_SUCCESS','2025-05-16 04:39:50','2025-05-16 04:39:50'),(26,'1','2',1,'pay_QVsj6oDEVN3dG9','INR','netbanking','{\"\\u0000*\\u0000attributes\":{\"id\":\"pay_QVsj6oDEVN3dG9\",\"entity\":\"payment\",\"amount\":49900,\"currency\":\"INR\",\"status\":\"captured\",\"order_id\":null,\"invoice_id\":null,\"international\":false,\"method\":\"netbanking\",\"amount_refunded\":0,\"refund_status\":null,\"captured\":true,\"description\":\"Razorpay payment\",\"card_id\":null,\"bank\":\"BARB_R\",\"wallet\":null,\"vpa\":null,\"email\":\"void@razorpay.com\",\"contact\":\"+916354769899\",\"notes\":{},\"fee\":1178,\"tax\":180,\"error_code\":null,\"error_description\":null,\"error_source\":null,\"error_step\":null,\"error_reason\":null,\"acquirer_data\":{},\"created_at\":1747459923,\"reward\":null}}','499','PAYMENT_SUCCESS','2025-05-17 00:02:18','2025-05-17 00:02:18'),(27,'1','3',1,'pay_QajVEQcNx4zaUa','INR','netbanking','{\"\\u0000*\\u0000attributes\":{\"id\":\"pay_QajVEQcNx4zaUa\",\"entity\":\"payment\",\"amount\":64900,\"currency\":\"INR\",\"status\":\"captured\",\"order_id\":null,\"invoice_id\":null,\"international\":false,\"method\":\"netbanking\",\"amount_refunded\":0,\"refund_status\":null,\"captured\":true,\"description\":\"Razorpay payment\",\"card_id\":null,\"bank\":\"BARB_R\",\"wallet\":null,\"vpa\":null,\"email\":\"void@razorpay.com\",\"contact\":\"+917069218479\",\"notes\":{},\"fee\":1532,\"tax\":234,\"error_code\":null,\"error_description\":null,\"error_source\":null,\"error_step\":null,\"error_reason\":null,\"acquirer_data\":{},\"created_at\":1748519141,\"reward\":null}}','649','PAYMENT_SUCCESS','2025-05-29 06:16:00','2025-05-29 06:16:00'),(28,'1','2',1,'pay_QajWes8hA1pI1L','INR','netbanking','{\"\\u0000*\\u0000attributes\":{\"id\":\"pay_QajWes8hA1pI1L\",\"entity\":\"payment\",\"amount\":49900,\"currency\":\"INR\",\"status\":\"captured\",\"order_id\":null,\"invoice_id\":null,\"international\":false,\"method\":\"netbanking\",\"amount_refunded\":0,\"refund_status\":null,\"captured\":true,\"description\":\"Razorpay payment\",\"card_id\":null,\"bank\":\"BARB_R\",\"wallet\":null,\"vpa\":null,\"email\":\"void@razorpay.com\",\"contact\":\"+917069218479\",\"notes\":{},\"fee\":1178,\"tax\":180,\"error_code\":null,\"error_description\":null,\"error_source\":null,\"error_step\":null,\"error_reason\":null,\"acquirer_data\":{},\"created_at\":1748519222,\"reward\":null}}','499','PAYMENT_SUCCESS','2025-05-29 06:17:18','2025-05-29 06:17:18'),(29,'1','64',51,'pay_QcDjrc1HWsFCiU','INR','netbanking','{\"\\u0000*\\u0000attributes\":{\"id\":\"pay_QcDjrc1HWsFCiU\",\"entity\":\"payment\",\"amount\":3000,\"currency\":\"INR\",\"status\":\"captured\",\"order_id\":null,\"invoice_id\":null,\"international\":false,\"method\":\"netbanking\",\"amount_refunded\":0,\"refund_status\":null,\"captured\":true,\"description\":\"Razorpay payment\",\"card_id\":null,\"bank\":\"BARB_R\",\"wallet\":null,\"vpa\":null,\"email\":\"void@razorpay.com\",\"contact\":\"+916354769899\",\"notes\":{},\"fee\":70,\"tax\":10,\"error_code\":null,\"error_description\":null,\"error_source\":null,\"error_step\":null,\"error_reason\":null,\"acquirer_data\":{},\"created_at\":1748843960,\"reward\":null}}','30','PAYMENT_SUCCESS','2025-06-02 00:29:40','2025-06-02 00:29:40'),(30,'17','64',51,'pay_QcGd2AWLPzB5R7','INR','netbanking','{\"\\u0000*\\u0000attributes\":{\"id\":\"pay_QcGd2AWLPzB5R7\",\"entity\":\"payment\",\"amount\":3000,\"currency\":\"INR\",\"status\":\"captured\",\"order_id\":null,\"invoice_id\":null,\"international\":false,\"method\":\"netbanking\",\"amount_refunded\":0,\"refund_status\":null,\"captured\":true,\"description\":\"Ip tv solution group payment gateway\",\"card_id\":null,\"bank\":\"BARB_R\",\"wallet\":null,\"vpa\":null,\"email\":\"void@razorpay.com\",\"contact\":\"+916354769899\",\"notes\":{},\"fee\":70,\"tax\":10,\"error_code\":null,\"error_description\":null,\"error_source\":null,\"error_step\":null,\"error_reason\":null,\"acquirer_data\":{},\"created_at\":1748854137,\"reward\":null}}','30','PAYMENT_SUCCESS','2025-06-02 03:19:14','2025-06-02 03:19:14'),(31,'','',NULL,'pay_QcGgma8KL8zlWd','INR','razorpay','{\"error\":\"Your payment didn\'t go through as it was declined by the bank. Try another payment method or contact your bank.\",\"reason\":\"payment_failed\",\"plan_id\":65,\"organization_id\":51}','60','PAYMENT_FAILED','2025-06-02 03:22:37','2025-06-02 03:22:37'),(32,'17','66',51,'pay_QcGj29BLpCwCr3','INR','razorpay','{\"error\":\"Your payment didn\'t go through as it was declined by the bank. Try another payment method or contact your bank.\",\"reason\":\"payment_failed\",\"plan_id\":66,\"organization_id\":51}','90','PAYMENT_FAILED','2025-06-02 03:24:45','2025-06-02 03:24:45'),(33,'1','3',1,'pay_Qd2Ia3juJKZzdI','INR','netbanking','{\"\\u0000*\\u0000attributes\":{\"id\":\"pay_Qd2Ia3juJKZzdI\",\"entity\":\"payment\",\"amount\":64900,\"currency\":\"INR\",\"status\":\"captured\",\"order_id\":null,\"invoice_id\":null,\"international\":false,\"method\":\"netbanking\",\"amount_refunded\":0,\"refund_status\":null,\"captured\":true,\"description\":\"Ip tv solution group payment gateway\",\"card_id\":null,\"bank\":\"BARB_R\",\"wallet\":null,\"vpa\":null,\"email\":\"void@razorpay.com\",\"contact\":\"+916354769899\",\"notes\":{},\"fee\":1532,\"tax\":234,\"error_code\":null,\"error_description\":null,\"error_source\":null,\"error_step\":null,\"error_reason\":null,\"acquirer_data\":{},\"created_at\":1749022013,\"reward\":null}}','649','PAYMENT_SUCCESS','2025-06-04 01:57:18','2025-06-04 01:57:18'),(34,'1','3',1,'pay_QgfzIKHGv5AU8i','INR','razorpay','{\"error\":\"International cards are not supported. Please contact our support team for help\",\"reason\":\"international_transaction_not_allowed\",\"plan_id\":3,\"organization_id\":1}','649','PAYMENT_FAILED','2025-06-13 06:43:29','2025-06-13 06:43:29'),(35,'19','11',6,'pay_QpGiEe343VGDGk','INR','razorpay','{\"error\":\"Your payment didn\'t go through as it was declined by the bank. Try another payment method or contact your bank.\",\"reason\":\"payment_failed\",\"plan_id\":11,\"organization_id\":6}','549','PAYMENT_FAILED','2025-07-04 23:51:00','2025-07-04 23:51:00'),(36,'19','68',57,'pay_RIXTDCTWQoTvSg','INR','netbanking','{\"\\u0000*\\u0000attributes\":{\"id\":\"pay_RIXTDCTWQoTvSg\",\"entity\":\"payment\",\"amount\":20000,\"currency\":\"INR\",\"status\":\"captured\",\"order_id\":null,\"invoice_id\":null,\"international\":false,\"method\":\"netbanking\",\"amount_refunded\":0,\"refund_status\":null,\"captured\":true,\"description\":\"Ip tv solution group payment gateway\",\"card_id\":null,\"bank\":\"BARB_R\",\"wallet\":null,\"vpa\":null,\"email\":\"void@razorpay.com\",\"contact\":\"+916354769899\",\"notes\":{},\"fee\":472,\"tax\":72,\"error_code\":null,\"error_description\":null,\"error_source\":null,\"error_step\":null,\"error_reason\":null,\"acquirer_data\":{},\"created_at\":1758083731,\"reward\":null}}','200','PAYMENT_SUCCESS','2025-09-17 04:35:48','2025-09-17 04:35:48');

--
-- Table structure for table `organization_setting`
--

CREATE TABLE `organization_setting` (
  `id` bigint unsigned NOT NULL AUTO_INCREMENT,
  `organization_id` bigint unsigned NOT NULL,
  `time_zone` varchar(255) COLLATE utf8mb4_unicode_ci DEFAULT NULL,
  `system_default` varchar(255) COLLATE utf8mb4_unicode_ci DEFAULT NULL COMMENT '0 For InActive, 1 For Active',
  `pin_code` varchar(255) COLLATE utf8mb4_unicode_ci DEFAULT NULL,
  `random` varchar(255) COLLATE utf8mb4_unicode_ci DEFAULT NULL COMMENT '0 For InActive, 1 For Active',
  `screen_server` varchar(255) COLLATE utf8mb4_unicode_ci DEFAULT NULL,
  `minutes` varchar(255) COLLATE utf8mb4_unicode_ci DEFAULT NULL COMMENT '0 For InActive, 1 For Active',
  `ss_system_default` varchar(255) COLLATE utf8mb4_unicode_ci DEFAULT NULL COMMENT '0 For InActive, 1 For Active',
  `stb_start_channel` varchar(255) COLLATE utf8mb4_unicode_ci DEFAULT NULL COMMENT '0 For InActive, 1 For Active',
  `channel_id` varchar(255) COLLATE utf8mb4_unicode_ci DEFAULT NULL,
  `sorting_number` varchar(255) COLLATE utf8mb4_unicode_ci DEFAULT NULL,
  `created_at` timestamp NULL DEFAULT NULL,
  `updated_at` timestamp NULL DEFAULT NULL,
  PRIMARY KEY (`id`)
) ENGINE=InnoDB AUTO_INCREMENT=3 DEFAULT CHARSET=utf8mb4 COLLATE=utf8mb4_unicode_ci;

--
-- Dumping data for table `organization_setting`
--

INSERT INTO `organization_setting` VALUES (1,1,'America/Santiago','1','6014','1','5','1','1','1','13','386','2025-12-17 17:15:45','2025-12-17 17:15:45'),(2,7,'Africa/Abidjan','1','2322','1','10','1','1','1','15','410','2026-02-04 10:28:23','2026-02-04 10:28:23');

--
-- Table structure for table `organization_subscriptions`
--

CREATE TABLE `organization_subscriptions` (
  `id` bigint unsigned NOT NULL AUTO_INCREMENT,
  `user_id` bigint unsigned NOT NULL,
  `organization_id` bigint unsigned DEFAULT NULL,
  `subscribable_id` bigint unsigned DEFAULT NULL,
  `subscribable_type` varchar(255) COLLATE utf8mb4_unicode_ci DEFAULT NULL,
  `start_at` datetime DEFAULT NULL,
  `end_at` datetime DEFAULT NULL,
  `created_at` timestamp NULL DEFAULT NULL,
  `updated_at` timestamp NULL DEFAULT NULL,
  PRIMARY KEY (`id`),
  KEY `organization_subscriptions_user_id_foreign` (`user_id`),
  KEY `organization_subscriptions_organization_id_foreign` (`organization_id`),
  CONSTRAINT `organization_subscriptions_organization_id_foreign` FOREIGN KEY (`organization_id`) REFERENCES `organizations` (`id`) ON DELETE CASCADE,
  CONSTRAINT `organization_subscriptions_user_id_foreign` FOREIGN KEY (`user_id`) REFERENCES `users` (`id`) ON DELETE CASCADE
) ENGINE=InnoDB AUTO_INCREMENT=43 DEFAULT CHARSET=utf8mb4 COLLATE=utf8mb4_unicode_ci;

--
-- Dumping data for table `organization_subscriptions`
--

INSERT INTO `organization_subscriptions` VALUES (27,16,1,3,'Contus\\Organizations\\Model\\OrganizationMonitizationPlan','2025-05-16 10:09:50','2025-06-15 10:09:50','2025-05-16 04:39:50','2025-05-16 04:39:50');

--
-- Table structure for table `organizations`
--

CREATE TABLE `organizations` (
  `id` bigint unsigned NOT NULL AUTO_INCREMENT,
  `organization_name` varchar(255) COLLATE utf8mb4_unicode_ci NOT NULL,
  `owner_by` varchar(255) COLLATE utf8mb4_unicode_ci DEFAULT NULL,
  `created_at` timestamp NULL DEFAULT NULL,
  `updated_at` timestamp NULL DEFAULT NULL,
  PRIMARY KEY (`id`)
) ENGINE=InnoDB AUTO_INCREMENT=33 DEFAULT CHARSET=utf8mb4 COLLATE=utf8mb4_unicode_ci;

--
-- Dumping data for table `organizations`
--

INSERT INTO `organizations` VALUES (1,'TKOplex','28','2025-04-17 23:55:40','2026-01-26 10:28:50'),(6,'VisionGrid','28','2026-02-04 05:30:32','2026-02-04 05:30:32'),(8,'APP STORES (DO NOT DELETE)','28','2026-02-18 06:57:26','2026-04-10 11:46:17'),(9,'Store Preference','28','2026-02-19 10:02:05','2026-02-19 10:02:05'),(10,'Data Organization','28','2026-02-20 11:07:40','2026-02-20 11:07:40'),(11,'TKOplex Test Organization','28','2026-02-24 10:22:52','2026-02-24 10:22:52'),(12,'Netflix','28','2026-02-26 21:55:57','2026-02-26 21:55:57'),(21,'Zone 10',NULL,'2026-03-23 12:31:42','2026-03-23 12:31:42'),(29,'Teko',NULL,'2026-04-01 10:26:53','2026-04-01 10:26:53'),(30,'Org For V3',NULL,'2026-04-06 06:31:33','2026-04-06 06:31:33'),(31,'Tiko',NULL,'2026-04-06 19:27:44','2026-04-06 19:27:44');

--
-- Table structure for table `otp_verification`
--

CREATE TABLE `otp_verification` (
  `id` bigint unsigned NOT NULL AUTO_INCREMENT,
  `user_email` varchar(255) COLLATE utf8mb4_unicode_ci NOT NULL,
  `otp` varchar(255) COLLATE utf8mb4_unicode_ci NOT NULL,
  `created_at` timestamp NULL DEFAULT NULL,
  `updated_at` timestamp NULL DEFAULT NULL,
  PRIMARY KEY (`id`)
) ENGINE=InnoDB AUTO_INCREMENT=8 DEFAULT CHARSET=utf8mb4 COLLATE=utf8mb4_unicode_ci;

--
-- Dumping data for table `otp_verification`
--

INSERT INTO `otp_verification` VALUES (1,'tvappsdevelopers@gmail.com','542893','2026-01-05 09:12:05','2026-01-05 09:12:05'),(2,'tvappsdevelopers@gmail.com','466297','2026-01-05 09:14:28','2026-01-05 09:14:28'),(3,'ananya.sharma@testmail.com','183885','2026-01-05 09:14:57','2026-01-05 09:14:57'),(4,'ananya.sharma@testmail.com','153811','2026-01-05 09:15:20','2026-01-05 09:15:20'),(5,'ananya.sharma@testmail.com','310495','2026-01-05 09:19:13','2026-01-05 09:19:13'),(6,'tvappsdevelopers@gmail.com','600360','2026-01-07 05:31:05','2026-01-07 05:31:05'),(7,'tvappsdevelopers@gmail.com','833477','2026-01-07 05:33:52','2026-01-07 05:33:52');

--
-- Table structure for table `parental_pin`
--

CREATE TABLE `parental_pin` (
  `id` int unsigned NOT NULL AUTO_INCREMENT,
  `customer_id` int NOT NULL,
  `parental_pinkey` varchar(255) COLLATE utf8mb4_unicode_ci NOT NULL,
  `verify_password` varchar(255) COLLATE utf8mb4_unicode_ci NOT NULL,
  `is_active` int NOT NULL DEFAULT '0',
  `created_at` timestamp NULL DEFAULT NULL,
  `updated_at` timestamp NULL DEFAULT NULL,
  PRIMARY KEY (`id`)
) ENGINE=InnoDB AUTO_INCREMENT=87 DEFAULT CHARSET=utf8mb4 COLLATE=utf8mb4_unicode_ci;

--
-- Dumping data for table `parental_pin`
--

INSERT INTO `parental_pin` VALUES (2,771,'1234','',1,'2020-10-21 14:41:35','2020-10-21 14:43:20'),(3,773,'1234','490442',0,'2020-10-21 14:54:13','2020-10-21 14:55:29'),(4,774,'2345','532411',1,'2020-10-21 15:15:45','2020-10-21 15:30:40'),(5,775,'2345','',1,'2020-10-21 16:20:36','2020-10-21 16:39:50'),(6,772,'5678','461659',0,'2020-10-21 16:29:36','2020-10-21 16:29:36'),(7,417,'9093','',1,'2020-10-22 19:16:07','2020-11-19 17:12:38'),(10,358,'1234','',1,'2020-11-02 21:51:07','2020-11-04 23:13:36'),(11,589,'1111','',1,'2020-11-03 00:33:57','2020-11-03 00:34:19'),(12,781,'1234','',1,'2020-11-03 17:45:16','2020-11-03 17:47:12'),(13,786,'1234','282774',0,'2020-11-03 22:28:39','2020-11-03 22:28:39'),(14,790,'1234','',1,'2020-11-06 01:45:00','2020-11-06 01:50:49'),(15,788,'1234','',1,'2020-11-06 18:08:45','2020-11-06 18:09:53'),(16,792,'1234','',1,'2020-11-06 21:10:59','2020-11-06 21:14:13'),(17,797,'2345','',1,'2020-11-20 21:45:07','2020-11-20 22:19:17'),(18,793,'1234','815887',1,'2020-12-10 17:13:26','2021-02-05 20:17:49'),(19,805,'1234','811718',0,'2020-12-28 16:28:30','2021-01-08 23:35:09'),(20,273,'1234','305466',0,'2021-01-11 10:37:04','2021-01-11 10:37:04'),(21,251,'1234','815728',0,'2021-01-17 23:42:06','2021-01-17 23:42:06'),(22,806,'1233','547310',1,'2021-01-18 01:50:09','2021-04-22 18:12:16'),(23,809,'1234','820436',1,'2021-01-21 20:32:44','2021-01-21 23:08:17'),(24,795,'1234','812224',0,'2021-01-21 20:43:33','2021-01-21 20:50:36'),(25,810,'1234','734678',1,'2021-01-22 15:47:10','2021-02-05 16:45:53'),(26,811,'1234','',1,'2021-02-04 21:35:16','2021-02-04 21:39:10'),(27,812,'1234','',1,'2021-02-05 20:06:09','2021-02-05 20:07:46'),(28,827,'1234','415820',1,'2021-04-19 18:21:41','2021-05-07 18:05:04'),(29,827,'1234','415820',0,'2021-04-19 18:22:07','2021-05-07 18:05:04'),(30,821,'','156430',0,'2021-04-26 03:59:16','2021-04-26 05:32:39'),(31,789,'4444','',1,'2021-04-30 14:52:43','2021-07-16 10:13:04'),(32,837,'1234','594862',0,'2021-04-30 19:44:01','2021-04-30 19:44:01'),(33,829,'','900194',0,'2021-05-06 19:47:51','2021-05-07 19:21:11'),(34,845,'1234','212527',0,'2021-05-17 19:54:30','2021-05-17 19:54:30'),(35,813,'1111','',1,'2021-05-22 04:57:22','2022-09-24 13:43:14'),(36,813,'1111','',1,'2021-05-22 04:57:32','2022-09-24 13:43:14'),(37,813,'1111','',1,'2021-05-22 04:57:39','2022-09-24 13:43:14'),(38,854,'1234','128433',0,'2021-05-31 18:30:14','2021-05-31 18:32:53'),(39,854,'1235','128433',0,'2021-05-31 18:30:55','2021-05-31 18:32:53'),(40,854,'1234','128433',0,'2021-05-31 18:31:14','2021-05-31 18:32:53'),(41,846,'1234','612287',0,'2021-06-01 00:01:42','2021-06-01 00:01:42'),(42,856,'1234','531597',0,'2021-06-01 18:48:20','2021-06-01 18:48:20'),(43,856,'1234','638896',0,'2021-06-01 18:48:31','2021-06-01 18:48:31'),(44,855,'1234','917679',1,'2021-07-21 14:12:49','2022-08-19 20:18:39'),(45,878,'1234','',1,'2021-09-19 00:11:12','2021-09-21 17:23:21'),(46,883,'1234','535298',0,'2021-09-24 16:15:37','2021-09-24 16:15:37'),(47,889,'1234','884603',0,'2021-09-28 12:10:26','2021-09-28 12:10:26'),(48,858,'1234','501131',0,'2021-09-28 12:12:38','2021-09-28 12:12:38'),(49,888,'1234','',1,'2021-09-28 13:17:21','2021-09-28 13:17:49'),(50,893,'1234','648436',0,'2021-10-23 22:42:31','2023-09-01 19:34:20'),(51,893,'1234','648436',0,'2021-10-23 22:42:42','2023-09-01 19:34:20'),(52,886,'0000','',1,'2021-12-15 10:17:29','2025-02-12 20:12:53'),(53,886,'0000','',1,'2021-12-15 10:17:34','2025-02-12 20:12:53'),(54,886,'0000','',1,'2021-12-15 10:17:42','2025-02-12 20:12:53'),(55,882,'1234','619724',0,'2021-12-20 11:24:32','2021-12-20 11:24:32'),(56,897,'1234','278384',1,'2022-05-22 08:00:58','2022-05-22 08:00:58'),(57,952,'1234','',1,'2022-08-26 15:55:10','2022-08-26 15:55:39'),(58,1052,'1212','451455',0,'2022-11-15 21:54:21','2022-11-15 21:54:21'),(59,924,'1453','222302',0,'2022-11-23 09:07:59','2022-11-23 09:07:59'),(60,1074,'3112','473053',0,'2022-11-28 22:14:28','2022-11-28 22:14:28'),(61,976,'2580','899355',0,'2022-11-29 09:27:05','2022-11-29 09:29:29'),(62,988,'1234','',1,'2023-02-05 10:10:26','2023-02-05 10:11:09'),(63,988,'1234','943807',0,'2023-02-05 10:12:10','2023-02-05 10:12:10'),(64,1294,'1234','547644',0,'2023-03-27 23:00:04','2023-03-27 23:00:04'),(65,1307,'1976','831988',0,'2023-03-28 16:38:28','2023-03-28 16:38:28'),(66,1347,'0000','',1,'2023-04-02 02:01:46','2023-04-02 02:42:57'),(67,1459,'9903','371267',0,'2023-04-13 06:37:27','2023-04-13 06:37:27'),(68,981,'1982','808421',0,'2023-05-31 22:41:18','2023-06-03 11:06:57'),(69,1817,'2580','615628',0,'2023-08-07 18:21:39','2023-08-07 18:21:39'),(70,2038,'1605','708626',0,'2023-08-13 18:41:21','2023-08-13 18:41:21'),(72,2833,'0599','716972',0,'2024-05-13 16:44:04','2024-05-13 16:44:04'),(73,3261,'1234','',1,'2024-06-01 18:05:18','2024-06-01 18:06:00'),(74,3359,'0852','835692',0,'2024-06-17 13:31:23','2024-06-17 13:31:23'),(75,3636,'6979','371216',0,'2024-08-16 23:44:57','2024-08-16 23:44:57'),(76,3662,'7829','',1,'2024-08-22 06:20:21','2024-08-22 06:20:44'),(77,2049,'6987','130660',0,'2024-09-25 23:19:31','2024-09-25 23:19:31'),(78,2049,'6987','715528',0,'2024-09-25 23:19:31','2024-09-25 23:19:31'),(79,2095,'1234','860594',0,'2024-11-01 19:18:04','2024-11-01 19:18:04'),(80,2447,'4158','232207',0,'2025-01-12 20:43:51','2025-01-12 20:43:51'),(81,4204,'1993','355005',0,'2025-01-26 16:53:16','2025-01-26 16:53:16'),(82,4345,'0789','977730',0,'2025-03-02 11:19:54','2025-03-02 11:19:54'),(83,4412,'2287','114579',0,'2025-03-17 19:21:33','2025-03-17 19:21:33'),(84,3891,'0505','823237',0,'2025-03-23 02:37:30','2025-03-23 02:37:30'),(85,3891,'0505','306004',0,'2025-03-23 02:37:34','2025-03-23 02:37:34'),(86,3891,'0505','788744',0,'2025-03-23 02:37:37','2025-03-23 02:37:37');

--
-- Table structure for table `partner_programs`
--

CREATE TABLE `partner_programs` (
  `id` bigint unsigned NOT NULL AUTO_INCREMENT,
  `program_name` varchar(255) COLLATE utf8mb4_unicode_ci NOT NULL,
  `partner_provider` varchar(255) COLLATE utf8mb4_unicode_ci NOT NULL,
  `partner_code` varchar(255) COLLATE utf8mb4_unicode_ci NOT NULL,
  `partner_app_logo` varchar(255) COLLATE utf8mb4_unicode_ci NOT NULL,
  `api_key` varchar(255) COLLATE utf8mb4_unicode_ci NOT NULL,
  `partner_api_link` varchar(255) COLLATE utf8mb4_unicode_ci NOT NULL,
  `description` varchar(255) COLLATE utf8mb4_unicode_ci NOT NULL,
  `created_by` bigint unsigned NOT NULL,
  `created_at` timestamp NULL DEFAULT NULL,
  `updated_at` timestamp NULL DEFAULT NULL,
  PRIMARY KEY (`id`)
) ENGINE=InnoDB AUTO_INCREMENT=6 DEFAULT CHARSET=utf8mb4 COLLATE=utf8mb4_unicode_ci;

--
-- Dumping data for table `partner_programs`
--

INSERT INTO `partner_programs` VALUES (1,'Pandora Levy','option-4','Dolore officia sed p','uploads/partner-app-logo/1758280579_Avengers-Endgame-2019-Backgrounds.jpg','Et cum duis qui hic','Cupidatat in cum ven','Fugiat ut dolor lab',19,'2025-09-19 11:16:19','2025-09-19 11:16:19'),(2,'Jada Ayers','option-1','Dolor velit exercita','http://15.204.253.153/ott-laravel/new-admin-api/public/uploads/tempimage/thumbnails/68f0d1a7a8ca0.jpg','Placeat qui delectu','Dicta ad delectus m','Cumque deleniti aliq',19,'2025-10-16 11:06:21','2025-10-16 11:06:21'),(3,'Rana Carr','option-2','Reiciendis qui et na','http://15.204.253.153/ott-laravel/new-admin-api/public/uploads/tempimage/thumbnails/690486676886b.jpg','Sint dolores est q','Non quod Nam delenit','Dolorum consectetur',1,'2025-10-31 09:50:08','2025-10-31 09:50:34'),(5,'Acc','option-1','123','http://15.204.253.153/ott-laravel/new-admin-api/public/uploads/tempimage/thumbnails/69a69f55ef1e7.jpg','acc','acc','acc',19,'2026-03-03 08:44:12','2026-03-03 08:44:12');

--
-- Table structure for table `password_resets`
--

CREATE TABLE `password_resets` (
  `email` varchar(191) COLLATE utf8mb4_unicode_ci NOT NULL,
  `token` varchar(191) COLLATE utf8mb4_unicode_ci NOT NULL,
  `created_at` timestamp NULL DEFAULT NULL,
  KEY `password_resets_email_index` (`email`)
) ENGINE=InnoDB DEFAULT CHARSET=utf8mb4 COLLATE=utf8mb4_unicode_ci;

--
-- Dumping data for table `password_resets`
--


--
-- Table structure for table `payment_currencie`
--

CREATE TABLE `payment_currencie` (
  `id` bigint unsigned NOT NULL AUTO_INCREMENT,
  `currency_code` varchar(255) COLLATE utf8mb4_unicode_ci DEFAULT NULL,
  `currency_symbol` varchar(255) COLLATE utf8mb4_unicode_ci DEFAULT NULL,
  `position` varchar(255) COLLATE utf8mb4_unicode_ci DEFAULT NULL,
  `sample` varchar(255) COLLATE utf8mb4_unicode_ci DEFAULT NULL,
  `is_active` tinyint DEFAULT '0' COMMENT '0 for in active, 1 for active',
  `created_at` timestamp NULL DEFAULT NULL,
  `updated_at` timestamp NULL DEFAULT NULL,
  PRIMARY KEY (`id`)
) ENGINE=InnoDB AUTO_INCREMENT=4 DEFAULT CHARSET=utf8mb4 COLLATE=utf8mb4_unicode_ci;

--
-- Dumping data for table `payment_currencie`
--

INSERT INTO `payment_currencie` VALUES (1,'USD','($)','Before','($) 100',1,'2025-10-02 09:47:11','2025-10-02 09:47:11');

--
-- Table structure for table `payment_methods`
--

CREATE TABLE `payment_methods` (
  `id` bigint unsigned NOT NULL AUTO_INCREMENT,
  `name` varchar(255) COLLATE utf8mb4_unicode_ci NOT NULL,
  `type` varchar(255) COLLATE utf8mb4_unicode_ci NOT NULL,
  `slug` varchar(255) COLLATE utf8mb4_unicode_ci NOT NULL,
  `description` text COLLATE utf8mb4_unicode_ci NOT NULL,
  `is_test` tinyint NOT NULL DEFAULT '0',
  `is_active` tinyint NOT NULL DEFAULT '0',
  `creator_id` bigint NOT NULL DEFAULT '0',
  `updator_id` bigint NOT NULL DEFAULT '0',
  `created_at` timestamp NULL DEFAULT NULL,
  `updated_at` timestamp NULL DEFAULT NULL,
  PRIMARY KEY (`id`)
) ENGINE=InnoDB AUTO_INCREMENT=4 DEFAULT CHARSET=utf8mb4 COLLATE=utf8mb4_unicode_ci;

--
-- Dumping data for table `payment_methods`
--

INSERT INTO `payment_methods` VALUES (1,'Offline','Offline','self','Offline Payment Method',1,1,1,1,'2017-03-23 21:48:29','2018-10-12 11:29:45'),(2,'Paypal','Online','online','Online Payment Method',1,1,1,1,'2017-03-23 21:48:29','2018-10-12 11:29:45'),(3,'CyberSource','Online','online','Online Payment Method',1,1,1,1,'2024-11-11 03:18:29','2024-11-11 03:18:29');

--
-- Table structure for table `payment_services`
--

CREATE TABLE `payment_services` (
  `id` bigint unsigned NOT NULL AUTO_INCREMENT,
  `payment_provider` varchar(255) COLLATE utf8mb4_unicode_ci DEFAULT NULL,
  `provider_data` json DEFAULT NULL,
  `is_active` tinyint(1) DEFAULT '0' COMMENT '0 for in active, 1 for active',
  `default` tinyint(1) DEFAULT '0' COMMENT '0 for not default, 1 for default',
  `created_at` timestamp NULL DEFAULT NULL,
  `updated_at` timestamp NULL DEFAULT NULL,
  PRIMARY KEY (`id`)
) ENGINE=InnoDB AUTO_INCREMENT=3 DEFAULT CHARSET=utf8mb4 COLLATE=utf8mb4_unicode_ci;

--
-- Dumping data for table `payment_services`
--

INSERT INTO `payment_services` VALUES (1,'Authorize.net','{\"mode\": \"sandbox\", \"api_id\": \"74W79ffVuUPG\", \"api_key\": \"Expedita debitis qui\", \"auto_pay\": \"no\", \"MoneyGram\": true, \"merchant_id\": \"In aperiam incididun\", \"Authorize_id\": true, \"MoneyGram_id\": true, \"redirect_url\": \"https://www.pynybor.org.uk\", \"tansaction_key\": \"29Jy5T4GmqwW6J39\", \"select_currency\": \"USD\", \"authorize_manual\": true, \"payment_provider\": \"Authorize.net\", \"public_client_key\": \"6KmTDx2kFBU9EWryf2hydh2UCVU8Z3g5eS7YLd8a7ahrfc6PzZ59W8d7wyV2rWFX\", \"merchant_private_key\": \"Asperiores delectus\", \"true_money_public_key\": \"Omnis do saepe venia\"}',1,0,'2025-10-02 09:46:44','2025-10-02 09:46:44'),(2,'Cash','{\"location\": \"office\", \"required\": true, \"location_filed\": true, \"select_currency\": \"INR\", \"payment_provider\": \"Cash\"}',1,0,'2025-10-16 10:43:59','2025-10-16 10:43:59');

--
-- Table structure for table `payment_settings`
--

CREATE TABLE `payment_settings` (
  `id` bigint unsigned NOT NULL AUTO_INCREMENT,
  `payment_method_id` bigint unsigned NOT NULL,
  `slug` varchar(255) COLLATE utf8mb4_unicode_ci NOT NULL,
  `key` text COLLATE utf8mb4_unicode_ci NOT NULL,
  `value` text COLLATE utf8mb4_unicode_ci NOT NULL,
  `validation` varchar(191) COLLATE utf8mb4_unicode_ci NOT NULL,
  `is_test` tinyint NOT NULL DEFAULT '0',
  `creator_id` bigint NOT NULL DEFAULT '0',
  `updator_id` bigint NOT NULL DEFAULT '0',
  `created_at` timestamp NULL DEFAULT NULL,
  `updated_at` timestamp NULL DEFAULT NULL,
  PRIMARY KEY (`id`),
  KEY `payment_settings_payment_method_id_foreign` (`payment_method_id`)
) ENGINE=InnoDB DEFAULT CHARSET=utf8mb4 COLLATE=utf8mb4_unicode_ci;

--
-- Dumping data for table `payment_settings`
--


--
-- Table structure for table `payment_transactions`
--

CREATE TABLE `payment_transactions` (
  `id` bigint unsigned NOT NULL AUTO_INCREMENT,
  `name` varchar(191) COLLATE utf8mb4_unicode_ci NOT NULL,
  `email` varchar(191) COLLATE utf8mb4_unicode_ci NOT NULL,
  `phone` varchar(191) COLLATE utf8mb4_unicode_ci NOT NULL,
  `payment_method_id` bigint unsigned NOT NULL,
  `customer_id` bigint unsigned NOT NULL,
  `status` varchar(50) COLLATE utf8mb4_unicode_ci NOT NULL,
  `transaction_message` text COLLATE utf8mb4_unicode_ci NOT NULL,
  `transaction_id` varchar(255) COLLATE utf8mb4_unicode_ci NOT NULL,
  `subscription_plan_id` bigint DEFAULT NULL,
  `subscriber_id` bigint DEFAULT NULL,
  `plan_name` varchar(191) COLLATE utf8mb4_unicode_ci DEFAULT NULL,
  `card_id` int DEFAULT NULL,
  `response` text COLLATE utf8mb4_unicode_ci NOT NULL,
  `global_view_count` int NOT NULL DEFAULT '0',
  `view_count` int NOT NULL DEFAULT '0',
  `video_id` int NOT NULL DEFAULT '0',
  `creator_id` bigint NOT NULL DEFAULT '0',
  `updator_id` bigint NOT NULL DEFAULT '0',
  `created_at` timestamp NULL DEFAULT NULL,
  `updated_at` timestamp NULL DEFAULT NULL,
  `amount` double(8,2) NOT NULL,
  `paid_amount` double(8,2) NOT NULL,
  `applied_coupon` varchar(191) COLLATE utf8mb4_unicode_ci NOT NULL,
  `coupon_id` int NOT NULL,
  `device` varchar(191) COLLATE utf8mb4_unicode_ci DEFAULT NULL,
  `end_date` date DEFAULT NULL,
  `due_on_date` date DEFAULT NULL,
  `currency` varchar(191) COLLATE utf8mb4_unicode_ci DEFAULT NULL,
  `paypal_payer_id` varchar(191) COLLATE utf8mb4_unicode_ci DEFAULT NULL,
  `paypal_token` varchar(191) COLLATE utf8mb4_unicode_ci DEFAULT NULL,
  PRIMARY KEY (`id`),
  KEY `payment_transactions_payment_method_id_foreign` (`payment_method_id`),
  KEY `payment_transactions_customer_id_foreign` (`customer_id`)
) ENGINE=InnoDB AUTO_INCREMENT=3215 DEFAULT CHARSET=utf8mb4 COLLATE=utf8mb4_unicode_ci;

--
-- Dumping data for table `payment_transactions`
--

INSERT INTO `payment_transactions` VALUES (3209,'Fadi','Fadi.saeed86@gmail.com','054435193',1,4435,'Paid','','mYr3kctC88',32,1087,'Prepaid 12 Months',NULL,'{\"payment_method_id\":1,\"subscription_plan_id\":\"prepaid-one-year\",\"paid_amount\":0,\"coupon_id\":1364,\"coupon\":\"9VU687\",\"amount\":\"0\",\"randomKey\":\"wbwewm\",\"user_id\":null}',0,0,0,4435,4435,'2025-03-25 00:11:19','2025-03-25 00:11:19',500.00,0.00,'9VU687',1364,NULL,'2026-03-25',NULL,NULL,NULL,NULL),(3210,'mustafa1234','mustafashabani1992@gmail.com','0548769964',1,2291,'Paid','','ZI4cdC5ioK',33,706,'Prepaid 6 Months',NULL,'{\"payment_method_id\":1,\"subscription_plan_id\":\"prepaid-6-months\",\"paid_amount\":0,\"coupon_id\":1365,\"coupon\":\"IKBLCA\",\"amount\":\"0\",\"randomKey\":\"cbtrlf\",\"user_id\":null}',0,0,0,2291,2291,'2025-03-25 13:59:35','2025-03-25 13:59:35',700.00,0.00,'IKBLCA',1365,NULL,'2025-09-21',NULL,NULL,NULL,NULL),(3211,'Michel','Michel.frj@gmail.com','054980558',1,4437,'Paid','','6dYgv9Cp0N',25,1088,'Offer',NULL,'{\"payment_method_id\":1,\"subscription_plan_id\":\"trial\",\"paid_amount\":0,\"coupon_id\":1366,\"coupon\":\"D876A9\",\"amount\":\"0\",\"randomKey\":\"gzcsuj\",\"user_id\":null}',0,0,0,4437,4437,'2025-03-25 14:13:28','2025-03-25 14:13:28',100.00,0.00,'D876A9',1366,NULL,'2025-03-28',NULL,NULL,NULL,NULL),(3212,'John','stephan.john28@gmail.com','0547739812',1,4440,'Paid','','uUYknjhVaV',32,1089,'Prepaid 12 Months',NULL,'{\"payment_method_id\":1,\"subscription_plan_id\":\"prepaid-one-year\",\"paid_amount\":0,\"coupon_id\":1367,\"coupon\":\"MDGPJY\",\"amount\":\"0\",\"randomKey\":\"t95mm6\",\"user_id\":null}',0,0,0,4440,4440,'2025-03-27 10:49:18','2025-03-27 10:49:18',900.00,0.00,'MDGPJY',1367,NULL,'2026-03-27',NULL,NULL,NULL,NULL),(3213,'Jakleen','Jakleenhassan8@gmail.com','058594000',1,4441,'Paid','','aBi6fmYBYp',25,1090,'Offer',NULL,'{\"payment_method_id\":1,\"subscription_plan_id\":\"trial\",\"paid_amount\":0,\"coupon_id\":1368,\"coupon\":\"ISQTRX\",\"amount\":\"0\",\"randomKey\":\"9v3nod\",\"user_id\":null}',0,0,0,4441,4441,'2025-03-27 22:15:08','2025-03-27 22:15:08',90.00,0.00,'ISQTRX',1368,NULL,'2025-03-30',NULL,NULL,NULL,NULL);

--
-- Table structure for table `permission_rules_organizations`
--

CREATE TABLE `permission_rules_organizations` (
  `id` bigint unsigned NOT NULL AUTO_INCREMENT,
  `permission_rule_id` bigint unsigned DEFAULT NULL,
  `organization_id` bigint unsigned DEFAULT NULL,
  `created_by` bigint unsigned DEFAULT NULL,
  `created_at` timestamp NULL DEFAULT NULL,
  `updated_at` timestamp NULL DEFAULT NULL,
  PRIMARY KEY (`id`)
) ENGINE=InnoDB AUTO_INCREMENT=9 DEFAULT CHARSET=utf8mb4 COLLATE=utf8mb4_unicode_ci;

--
-- Dumping data for table `permission_rules_organizations`
--

INSERT INTO `permission_rules_organizations` VALUES (1,22,6,19,'2026-02-13 12:53:31','2026-02-16 13:53:38'),(2,22,1,19,'2026-02-13 12:53:31','2026-02-16 13:53:38'),(3,22,9,19,'2026-02-19 10:27:20','2026-02-19 10:27:20'),(4,22,13,19,'2026-03-06 17:14:09','2026-03-06 17:14:09'),(5,23,13,16,'2026-03-23 11:52:39','2026-03-23 11:52:39'),(6,24,21,19,'2026-03-23 14:10:32','2026-03-23 14:10:32'),(7,25,30,19,'2026-04-06 06:32:50','2026-04-06 06:32:50'),(8,25,21,19,'2026-04-15 10:14:23','2026-04-15 10:14:23');

--
-- Table structure for table `play_back_token`
--

CREATE TABLE `play_back_token` (
  `id` bigint unsigned NOT NULL AUTO_INCREMENT,
  `name` varchar(255) COLLATE utf8mb4_unicode_ci DEFAULT NULL,
  `type` varchar(255) COLLATE utf8mb4_unicode_ci DEFAULT NULL,
  `secret_key` varchar(255) COLLATE utf8mb4_unicode_ci DEFAULT NULL,
  `token_time` varchar(255) COLLATE utf8mb4_unicode_ci DEFAULT NULL,
  `secret_generation_number` varchar(255) COLLATE utf8mb4_unicode_ci DEFAULT NULL,
  `ignore_device_ip_verification` varchar(255) COLLATE utf8mb4_unicode_ci DEFAULT NULL,
  `rsa_Private_key` varchar(255) COLLATE utf8mb4_unicode_ci DEFAULT NULL,
  `url_format` varchar(255) COLLATE utf8mb4_unicode_ci DEFAULT NULL,
  `is_active` tinyint(1) DEFAULT '0' COMMENT '0 for in active, 1 for active',
  `created_at` timestamp NULL DEFAULT NULL,
  `updated_at` timestamp NULL DEFAULT NULL,
  PRIMARY KEY (`id`)
) ENGINE=InnoDB AUTO_INCREMENT=3 DEFAULT CHARSET=utf8mb4 COLLATE=utf8mb4_unicode_ci;

--
-- Dumping data for table `play_back_token`
--

INSERT INTO `play_back_token` VALUES (1,'Leandra Aguilar','AWS Cloudfront','Qui a rerum sunt ali','3600',NULL,NULL,'Nisi rerum quia cupi',NULL,1,'2025-10-02 09:48:03','2025-10-02 09:48:03'),(2,'Signe Neal','Flussonic','Animi vero dolores','Incidunt quaerat la',NULL,NULL,NULL,NULL,1,'2025-11-18 14:24:07','2025-11-18 14:24:07');

--
-- Table structure for table `playlist_translations`
--

CREATE TABLE `playlist_translations` (
  `id` int unsigned NOT NULL AUTO_INCREMENT,
  `playlist_id` int NOT NULL,
  `language_id` int NOT NULL,
  `name` varchar(255) COLLATE utf8mb4_unicode_ci NOT NULL,
  `created_at` timestamp NULL DEFAULT NULL,
  `updated_at` timestamp NULL DEFAULT NULL,
  PRIMARY KEY (`id`)
) ENGINE=InnoDB AUTO_INCREMENT=20 DEFAULT CHARSET=utf8mb4 COLLATE=utf8mb4_unicode_ci;

--
-- Dumping data for table `playlist_translations`
--

INSERT INTO `playlist_translations` VALUES (1,3,2,'أفلام موصى بها','2021-09-01 07:05:45','2021-09-01 07:05:45'),(2,1,2,'خاص بشهر رمضان الفضيل','2021-09-01 07:06:31','2021-09-01 07:06:31'),(3,4,2,'مسلسلات تركية','2021-12-01 08:05:35','2021-12-01 08:05:35'),(4,6,2,'الحلقات المضافة حديثاً','2022-02-22 10:02:21','2022-02-22 10:02:21'),(5,7,2,'أفلام السوبر هيروز','2022-04-08 10:23:08','2022-04-08 10:23:08'),(6,8,2,'أفلام الأعلى تقييمًا','2022-08-30 12:11:12','2022-08-30 12:11:12'),(7,9,2,'أفلام توم كروز المميزة','2022-10-12 16:18:06','2022-10-12 16:18:06'),(8,10,2,'أفلام جيسون ستاثام المميزة','2022-11-29 19:31:45','2022-11-29 19:31:45'),(9,11,2,'أفلام ويل سميث المميزة','2022-12-26 18:11:24','2022-12-26 18:11:24'),(10,12,2,'يستحق المشاهدة','2023-01-09 18:24:56','2023-01-09 18:24:56'),(11,13,2,'سلسسلة أفلام جيسون بورن','2023-03-18 22:26:20','2023-03-18 22:26:20'),(12,14,2,'أفلام حرب مميزة','2023-05-12 15:39:02','2023-05-12 15:39:02'),(13,15,2,'أفضل 10 أفلام لليوم','2023-05-31 21:18:37','2023-05-31 21:18:37'),(14,16,2,'حلقات مضافة حديثا','2023-06-30 11:21:14','2023-06-30 11:21:14'),(15,17,2,'أفلام الزمن الجميل','2023-09-30 14:30:24','2023-09-30 14:30:24'),(16,18,2,'أفضل الأفلام العربية','2024-02-05 17:50:37','2024-02-05 17:50:37'),(17,19,2,'🌙رمضان 2025✨','2024-03-11 13:09:03','2024-03-11 13:09:03'),(18,20,2,'أفلام حائزة على الاوسكار 2024','2024-03-18 19:46:40','2024-03-18 19:46:40'),(19,21,2,'أفلام أعياد الميلاد','2024-12-08 12:58:04','2024-12-08 12:58:04');

--
-- Table structure for table `playlists`
--

CREATE TABLE `playlists` (
  `id` bigint unsigned NOT NULL AUTO_INCREMENT,
  `name` varchar(255) COLLATE utf8mb4_unicode_ci NOT NULL,
  `slug` varchar(255) COLLATE utf8mb4_unicode_ci NOT NULL,
  `playlist_image` varchar(191) COLLATE utf8mb4_unicode_ci DEFAULT NULL,
  `playlist_order` int NOT NULL DEFAULT '0',
  `is_active` tinyint NOT NULL DEFAULT '0',
  `creator_id` bigint NOT NULL DEFAULT '0',
  `updator_id` bigint NOT NULL DEFAULT '0',
  `created_at` timestamp NULL DEFAULT NULL,
  `updated_at` timestamp NULL DEFAULT NULL,
  PRIMARY KEY (`id`)
) ENGINE=InnoDB AUTO_INCREMENT=24 DEFAULT CHARSET=utf8mb4 COLLATE=utf8mb4_unicode_ci;

--
-- Dumping data for table `playlists`
--

INSERT INTO `playlists` VALUES (7,'Superheroes Movies','superhero-movies',NULL,10,1,1,1,'2022-04-08 10:22:28','2022-04-08 10:22:28'),(14,'Best War Movies','best-war-movies',NULL,3,1,1,1,'2023-05-12 15:37:47','2023-05-12 15:37:47'),(20,'OSCAR Winners 2024','oscar-winners-2024',NULL,10,1,1,1,'2024-03-18 19:45:11','2024-03-18 19:45:11'),(23,'Kid','kid',NULL,2,1,19,19,'2025-05-28 07:02:05','2025-05-28 07:02:05');

--
-- Table structure for table `recently_viewed_videos`
--

CREATE TABLE `recently_viewed_videos` (
  `id` bigint unsigned NOT NULL AUTO_INCREMENT,
  `video_id` bigint unsigned NOT NULL,
  `customer_id` bigint unsigned NOT NULL,
  `created_at` timestamp NULL DEFAULT NULL,
  `updated_at` timestamp NULL DEFAULT NULL,
  PRIMARY KEY (`id`),
  KEY `recently_viewed_videos_video_id_index` (`video_id`),
  KEY `recently_viewed_videos_customer_id_index` (`customer_id`)
) ENGINE=InnoDB AUTO_INCREMENT=2587 DEFAULT CHARSET=utf8mb4 COLLATE=utf8mb4_unicode_ci;

--
-- Dumping data for table `recently_viewed_videos`
--

INSERT INTO `recently_viewed_videos` VALUES (8,12,1,'2018-09-04 21:32:29','2018-09-04 21:32:29'),(17,13,1,'2018-09-05 09:39:11','2018-09-05 09:39:11'),(19,17,1,'2018-09-05 09:43:42','2018-09-05 09:43:42'),(46,26,9,'2018-09-05 11:11:30','2018-09-05 11:11:30'),(84,19,3,'2018-09-05 13:50:22','2018-09-05 13:50:22'),(95,27,12,'2018-09-05 14:25:11','2018-09-05 14:25:11'),(97,27,11,'2018-09-05 14:47:12','2018-09-05 14:47:12'),(101,26,3,'2018-09-05 15:02:40','2018-09-05 15:02:40'),(102,19,14,'2018-09-05 15:13:01','2018-09-05 15:13:01'),(106,21,3,'2018-09-05 15:24:56','2018-09-05 15:24:56'),(113,18,11,'2018-09-05 16:03:19','2018-09-05 16:03:19'),(117,15,13,'2018-09-05 16:26:20','2018-09-05 16:26:20'),(121,27,3,'2018-09-05 16:30:28','2018-09-05 16:30:28'),(124,16,3,'2018-09-05 17:09:14','2018-09-05 17:09:14'),(125,28,16,'2018-09-05 17:10:50','2018-09-05 17:10:50'),(131,30,3,'2018-09-05 17:25:58','2018-09-05 17:25:58'),(140,13,2,'2018-09-05 17:41:29','2018-09-05 17:41:29'),(144,27,18,'2018-09-05 17:56:58','2018-09-05 17:56:58'),(157,30,19,'2018-09-05 19:13:45','2018-09-05 19:13:45'),(167,25,20,'2018-09-06 10:10:52','2018-09-06 10:10:52'),(169,12,20,'2018-09-06 10:16:38','2018-09-06 10:16:38'),(177,39,17,'2018-09-10 17:59:13','2018-09-10 17:59:13'),(178,40,17,'2018-09-10 18:01:11','2018-09-10 18:01:11'),(179,21,17,'2018-09-10 18:01:28','2018-09-10 18:01:28'),(192,39,4,'2018-09-10 19:15:27','2018-09-10 19:15:27'),(193,13,4,'2018-09-10 20:46:30','2018-09-10 20:46:30'),(194,28,4,'2018-09-10 20:57:49','2018-09-10 20:57:49'),(219,42,21,'2018-09-11 13:25:36','2018-09-11 13:25:36'),(220,15,21,'2018-09-11 13:26:16','2018-09-11 13:26:16'),(221,41,21,'2018-09-11 13:31:29','2018-09-11 13:31:29'),(222,41,22,'2018-09-11 13:39:40','2018-09-11 13:39:40'),(224,40,23,'2018-09-11 15:01:36','2018-09-11 15:01:36'),(227,39,23,'2018-09-11 15:04:05','2018-09-11 15:04:05'),(228,27,23,'2018-09-11 15:04:14','2018-09-11 15:04:14'),(234,25,23,'2018-09-11 15:35:43','2018-09-11 15:35:43'),(235,41,23,'2018-09-11 15:35:44','2018-09-11 15:35:44'),(236,25,11,'2018-09-11 15:40:27','2018-09-11 15:40:27'),(242,21,23,'2018-09-11 15:53:32','2018-09-11 15:53:32'),(249,38,11,'2018-09-11 16:26:43','2018-09-11 16:26:43'),(252,39,18,'2018-09-11 17:39:53','2018-09-11 17:39:53'),(307,38,5,'2018-09-12 17:21:15','2018-09-12 17:21:15'),(327,19,11,'2018-09-12 17:52:49','2018-09-12 17:52:49'),(328,21,11,'2018-09-12 17:53:54','2018-09-12 17:53:54'),(329,39,11,'2018-09-12 17:54:37','2018-09-12 17:54:37'),(341,14,3,'2018-09-12 23:17:20','2018-09-12 23:17:20'),(347,34,15,'2018-09-14 09:55:18','2018-09-14 09:55:18'),(361,41,5,'2018-09-14 12:58:28','2018-09-14 12:58:28'),(365,21,13,'2018-09-14 14:28:17','2018-09-14 14:28:17'),(507,44,3,'2018-09-14 19:30:55','2018-09-14 19:30:55'),(509,49,3,'2018-09-14 19:31:36','2018-09-14 19:31:36'),(510,22,3,'2018-09-14 19:32:01','2018-09-14 19:32:01'),(514,38,3,'2018-09-14 19:33:54','2018-09-14 19:33:54'),(526,25,3,'2018-09-14 19:35:13','2018-09-14 19:35:13'),(541,23,3,'2018-09-14 19:36:34','2018-09-14 19:36:34'),(696,33,25,'2018-09-14 20:01:14','2018-09-14 20:01:14'),(702,36,25,'2018-09-14 20:06:31','2018-09-14 20:06:31'),(712,25,25,'2018-09-14 20:11:48','2018-09-14 20:11:48'),(741,17,25,'2018-09-14 20:19:58','2018-09-14 20:19:58'),(753,23,25,'2018-09-14 20:25:52','2018-09-14 20:25:52'),(756,13,28,'2018-09-14 20:29:52','2018-09-14 20:29:52'),(768,15,25,'2018-09-14 20:32:38','2018-09-14 20:32:38'),(797,37,25,'2018-09-14 20:38:03','2018-09-14 20:38:03'),(802,21,25,'2018-09-14 20:38:21','2018-09-14 20:38:21'),(805,28,25,'2018-09-14 20:38:33','2018-09-14 20:38:33'),(806,12,25,'2018-09-14 20:38:35','2018-09-14 20:38:35'),(808,14,25,'2018-09-14 20:38:43','2018-09-14 20:38:43'),(813,19,25,'2018-09-14 20:52:24','2018-09-14 20:52:24'),(847,16,25,'2018-09-15 11:20:12','2018-09-15 11:20:12'),(850,12,29,'2018-09-15 11:37:49','2018-09-15 11:37:49'),(855,13,29,'2018-09-15 11:49:39','2018-09-15 11:49:39'),(881,42,30,'2018-09-15 16:55:19','2018-09-15 16:55:19'),(882,40,30,'2018-09-15 16:55:27','2018-09-15 16:55:27'),(930,39,6,'2018-09-16 23:08:11','2018-09-16 23:08:11'),(1006,28,26,'2018-09-17 15:22:46','2018-09-17 15:22:46'),(1007,13,13,'2018-09-17 15:22:50','2018-09-17 15:22:50'),(1010,14,26,'2018-09-17 15:24:14','2018-09-17 15:24:14'),(1128,40,31,'2018-09-17 19:25:19','2018-09-17 19:25:19'),(1131,42,31,'2018-09-17 19:49:15','2018-09-17 19:49:15'),(1138,42,26,'2018-09-18 10:20:18','2018-09-18 10:20:18'),(1153,17,26,'2018-09-18 12:04:27','2018-09-18 12:04:27'),(1154,41,26,'2018-09-18 12:07:29','2018-09-18 12:07:29'),(1163,13,26,'2018-09-18 12:42:17','2018-09-18 12:42:17'),(1203,41,36,'2018-09-18 15:37:07','2018-09-18 15:37:07'),(1215,13,38,'2018-09-18 16:16:32','2018-09-18 16:16:32'),(1222,12,26,'2018-09-18 16:48:59','2018-09-18 16:48:59'),(1241,38,25,'2018-09-18 17:21:49','2018-09-18 17:21:49'),(1269,21,41,'2018-09-18 18:28:29','2018-09-18 18:28:29'),(1276,40,3,'2018-09-18 18:58:29','2018-09-18 18:58:29'),(1292,41,25,'2018-09-18 19:19:06','2018-09-18 19:19:06'),(1323,21,32,'2018-09-18 20:04:39','2018-09-18 20:04:39'),(1325,42,32,'2018-09-18 20:06:09','2018-09-18 20:06:09'),(1328,40,25,'2018-09-18 20:09:31','2018-09-18 20:09:31'),(1333,39,25,'2018-09-18 20:49:55','2018-09-18 20:49:55'),(1334,41,3,'2018-09-18 21:04:12','2018-09-18 21:04:12'),(1339,40,32,'2018-09-19 10:49:29','2018-09-19 10:49:29'),(1355,19,41,'2018-09-19 12:01:25','2018-09-19 12:01:25'),(1359,36,5,'2018-09-19 13:31:01','2018-09-19 13:31:01'),(1361,19,5,'2018-09-19 13:32:54','2018-09-19 13:32:54'),(1366,13,40,'2018-09-19 15:34:15','2018-09-19 15:34:15'),(1404,71,7,'2018-09-19 18:31:39','2018-09-19 18:31:39'),(1406,13,21,'2018-09-19 18:33:44','2018-09-19 18:33:44'),(1408,72,11,'2018-09-19 18:39:41','2018-09-19 18:39:41'),(1419,15,11,'2018-09-19 19:03:14','2018-09-19 19:03:14'),(1423,28,11,'2018-09-19 19:22:28','2018-09-19 19:22:28'),(1430,71,11,'2018-09-19 20:05:40','2018-09-19 20:05:40'),(1432,39,5,'2018-09-19 20:56:23','2018-09-19 20:56:23'),(1433,40,5,'2018-09-19 21:33:29','2018-09-19 21:33:29'),(1447,72,7,'2018-09-20 15:27:02','2018-09-20 15:27:02'),(1452,72,10,'2018-09-20 17:43:54','2018-09-20 17:43:54'),(1457,12,11,'2018-09-20 19:05:46','2018-09-20 19:05:46'),(1459,17,11,'2018-09-20 19:08:34','2018-09-20 19:08:34'),(1466,13,12,'2018-09-20 19:37:21','2018-09-20 19:37:21'),(1475,42,25,'2018-09-20 20:06:02','2018-09-20 20:06:02'),(1484,77,5,'2018-09-20 20:20:53','2018-09-20 20:20:53'),(1485,71,5,'2018-09-20 20:23:40','2018-09-20 20:23:40'),(1491,42,5,'2018-09-20 20:26:43','2018-09-20 20:26:43'),(1498,13,25,'2018-09-20 20:34:20','2018-09-20 20:34:20'),(1512,71,10,'2018-09-20 20:42:32','2018-09-20 20:42:32'),(1519,15,10,'2018-09-20 20:43:03','2018-09-20 20:43:03'),(1524,42,10,'2018-09-20 20:43:24','2018-09-20 20:43:24'),(1525,25,10,'2018-09-20 20:43:28','2018-09-20 20:43:28'),(1527,14,10,'2018-09-20 20:43:39','2018-09-20 20:43:39'),(1528,12,10,'2018-09-20 20:43:42','2018-09-20 20:43:42'),(1529,77,10,'2018-09-20 20:43:58','2018-09-20 20:43:58'),(1530,79,10,'2018-09-20 20:44:47','2018-09-20 20:44:47'),(1534,72,5,'2018-09-20 20:46:51','2018-09-20 20:46:51'),(1537,12,5,'2018-09-20 20:49:16','2018-09-20 20:49:16'),(1538,79,44,'2018-09-20 20:53:29','2018-09-20 20:53:29'),(1539,13,44,'2018-09-20 20:56:41','2018-09-20 20:56:41'),(1540,42,44,'2018-09-20 20:56:52','2018-09-20 20:56:52'),(1544,77,15,'2018-09-20 21:26:18','2018-09-20 21:26:18'),(1569,86,1,'2018-09-21 10:59:21','2018-09-21 10:59:21'),(1570,13,46,'2018-09-21 11:32:27','2018-09-21 11:32:27'),(1582,83,10,'2018-09-21 13:32:51','2018-09-21 13:32:51'),(1583,86,10,'2018-09-21 13:36:42','2018-09-21 13:36:42'),(1584,82,10,'2018-09-21 13:36:47','2018-09-21 13:36:47'),(1585,78,10,'2018-09-21 13:36:54','2018-09-21 13:36:54'),(1586,80,10,'2018-09-21 13:37:00','2018-09-21 13:37:00'),(1592,13,45,'2018-09-21 15:10:48','2018-09-21 15:10:48'),(1600,17,15,'2018-09-21 15:48:10','2018-09-21 15:48:10'),(1601,72,15,'2018-09-21 15:48:37','2018-09-21 15:48:37'),(1608,13,10,'2018-09-21 16:25:08','2018-09-21 16:25:08'),(1611,89,33,'2018-09-21 16:50:52','2018-09-21 16:50:52'),(1622,81,3,'2018-09-21 17:27:01','2018-09-21 17:27:01'),(1634,17,3,'2018-09-21 17:29:59','2018-09-21 17:29:59'),(1645,14,36,'2018-09-21 17:44:01','2018-09-21 17:44:01'),(1646,13,36,'2018-09-21 17:44:02','2018-09-21 17:44:02'),(1647,91,36,'2018-09-21 17:46:06','2018-09-21 17:46:06'),(1655,74,36,'2018-09-21 17:49:46','2018-09-21 17:49:46'),(1660,42,3,'2018-09-21 17:52:26','2018-09-21 17:52:26'),(1665,79,11,'2018-09-21 17:55:25','2018-09-21 17:55:25'),(1669,71,3,'2018-09-21 17:58:12','2018-09-21 17:58:12'),(1672,79,7,'2018-09-21 18:02:40','2018-09-21 18:02:40'),(1673,79,29,'2018-09-21 18:03:06','2018-09-21 18:03:06'),(1675,89,15,'2018-09-21 18:08:11','2018-09-21 18:08:11'),(1680,78,3,'2018-09-21 18:11:32','2018-09-21 18:11:32'),(1682,73,25,'2018-09-21 18:12:28','2018-09-21 18:12:28'),(1683,88,25,'2018-09-21 18:12:45','2018-09-21 18:12:45'),(1685,90,25,'2018-09-21 18:13:21','2018-09-21 18:13:21'),(1690,21,5,'2018-09-21 18:51:31','2018-09-21 18:51:31'),(1691,89,25,'2018-09-21 18:52:18','2018-09-21 18:52:18'),(1694,89,47,'2018-09-21 18:54:03','2018-09-21 18:54:03'),(1699,91,29,'2018-09-21 20:22:12','2018-09-21 20:22:12'),(1700,86,29,'2018-09-21 20:24:33','2018-09-21 20:24:33'),(1706,13,48,'2018-09-21 20:30:44','2018-09-21 20:30:44'),(1709,90,50,'2018-09-23 12:21:02','2018-09-23 12:21:02'),(1713,42,50,'2018-09-23 12:35:53','2018-09-23 12:35:53'),(1723,12,50,'2018-09-23 12:48:23','2018-09-23 12:48:23'),(1728,88,11,'2018-09-24 11:10:57','2018-09-24 11:10:57'),(1738,13,52,'2018-09-24 12:16:15','2018-09-24 12:16:15'),(1746,90,7,'2018-09-24 12:47:45','2018-09-24 12:47:45'),(1751,89,7,'2018-09-24 13:04:57','2018-09-24 13:04:57'),(1752,91,7,'2018-09-24 13:05:05','2018-09-24 13:05:05'),(1759,13,54,'2018-09-24 13:14:06','2018-09-24 13:14:06'),(1767,13,56,'2018-09-24 14:30:05','2018-09-24 14:30:05'),(1768,13,57,'2018-09-24 14:31:46','2018-09-24 14:31:46'),(1769,13,58,'2018-09-24 14:33:09','2018-09-24 14:33:09'),(1770,13,59,'2018-09-24 14:34:37','2018-09-24 14:34:37'),(1771,90,54,'2018-09-24 14:52:58','2018-09-24 14:52:58'),(1773,89,3,'2018-09-24 15:07:12','2018-09-24 15:07:12'),(1776,90,60,'2018-09-24 15:10:24','2018-09-24 15:10:24'),(1779,91,60,'2018-09-24 15:12:22','2018-09-24 15:12:22'),(1790,41,17,'2018-09-24 19:00:37','2018-09-24 19:00:37'),(1791,13,61,'2018-09-24 19:12:11','2018-09-24 19:12:11'),(1803,42,6,'2018-09-24 20:10:56','2018-09-24 20:10:56'),(1804,12,6,'2018-09-24 20:11:00','2018-09-24 20:11:00'),(1805,89,11,'2018-09-24 20:38:18','2018-09-24 20:38:18'),(1809,12,3,'2018-09-25 10:39:14','2018-09-25 10:39:14'),(1811,74,34,'2018-09-25 10:40:51','2018-09-25 10:40:51'),(1813,73,34,'2018-09-25 10:40:54','2018-09-25 10:40:54'),(1814,75,34,'2018-09-25 10:40:56','2018-09-25 10:40:56'),(1815,88,34,'2018-09-25 10:40:58','2018-09-25 10:40:58'),(1816,89,34,'2018-09-25 10:40:59','2018-09-25 10:40:59'),(1818,21,34,'2018-09-25 10:56:42','2018-09-25 10:56:42'),(1857,73,6,'2018-09-25 11:43:45','2018-09-25 11:43:45'),(1858,75,6,'2018-09-25 11:43:47','2018-09-25 11:43:47'),(1886,86,64,'2018-09-25 13:40:58','2018-09-25 13:40:58'),(1887,84,64,'2018-09-25 13:41:18','2018-09-25 13:41:18'),(1888,83,64,'2018-09-25 13:41:25','2018-09-25 13:41:25'),(1899,21,64,'2018-09-25 13:43:43','2018-09-25 13:43:43'),(1901,19,64,'2018-09-25 13:43:49','2018-09-25 13:43:49'),(1902,36,64,'2018-09-25 13:43:52','2018-09-25 13:43:52'),(1905,37,64,'2018-09-25 13:44:03','2018-09-25 13:44:03'),(1906,38,64,'2018-09-25 13:44:05','2018-09-25 13:44:05'),(1914,14,64,'2018-09-25 14:17:03','2018-09-25 14:17:03'),(1916,15,64,'2018-09-25 14:17:11','2018-09-25 14:17:11'),(1917,17,64,'2018-09-25 14:17:21','2018-09-25 14:17:21'),(1921,72,17,'2018-09-25 14:26:06','2018-09-25 14:26:06'),(1922,42,64,'2018-09-25 14:26:30','2018-09-25 14:26:30'),(1925,88,64,'2018-09-25 14:30:05','2018-09-25 14:30:05'),(1929,89,64,'2018-09-25 14:47:38','2018-09-25 14:47:38'),(1930,13,64,'2018-09-25 14:47:52','2018-09-25 14:47:52'),(1941,91,64,'2018-09-25 15:21:43','2018-09-25 15:21:43'),(1945,90,64,'2018-09-25 15:28:51','2018-09-25 15:28:51'),(1949,88,6,'2018-09-25 16:15:50','2018-09-25 16:15:50'),(1950,74,6,'2018-09-25 16:15:53','2018-09-25 16:15:53'),(1952,89,6,'2018-09-25 16:26:14','2018-09-25 16:26:14'),(1967,28,15,'2018-09-26 10:57:10','2018-09-26 10:57:10'),(1969,90,37,'2018-09-26 11:03:31','2018-09-26 11:03:31'),(1971,78,15,'2018-09-26 11:34:24','2018-09-26 11:34:24'),(1972,13,11,'2018-09-26 11:50:40','2018-09-26 11:50:40'),(1973,88,3,'2018-09-26 11:53:18','2018-09-26 11:53:18'),(1974,28,37,'2018-09-26 12:22:55','2018-09-26 12:22:55'),(1980,89,37,'2018-09-26 12:37:16','2018-09-26 12:37:16'),(1981,88,37,'2018-09-26 12:46:38','2018-09-26 12:46:38'),(1982,72,37,'2018-09-26 12:54:43','2018-09-26 12:54:43'),(1989,85,68,'2018-09-26 17:09:09','2018-09-26 17:09:09'),(1995,21,45,'2018-09-27 15:28:55','2018-09-27 15:28:55'),(1996,19,45,'2018-09-27 15:30:00','2018-09-27 15:30:00'),(1997,72,3,'2018-09-27 21:00:51','2018-09-27 21:00:51'),(2014,13,5,'2018-09-28 12:19:27','2018-09-28 12:19:27'),(2046,73,37,'2018-09-28 14:33:22','2018-09-28 14:33:22'),(2047,28,33,'2018-09-28 14:42:34','2018-09-28 14:42:34'),(2056,15,37,'2018-09-28 15:28:40','2018-09-28 15:28:40'),(2063,13,33,'2018-09-28 16:50:29','2018-09-28 16:50:29'),(2064,91,33,'2018-09-28 16:52:39','2018-09-28 16:52:39'),(2089,71,8,'2018-09-28 19:23:32','2018-09-28 19:23:32'),(2093,13,37,'2018-09-29 11:37:58','2018-09-29 11:37:58'),(2098,13,63,'2018-09-29 16:08:37','2018-09-29 16:08:37'),(2112,13,39,'2018-10-01 12:42:49','2018-10-01 12:42:49'),(2113,89,17,'2018-10-01 12:49:22','2018-10-01 12:49:22'),(2114,90,14,'2018-10-01 13:01:25','2018-10-01 13:01:25'),(2115,91,14,'2018-10-01 13:02:52','2018-10-01 13:02:52'),(2119,13,20,'2018-10-01 13:07:33','2018-10-01 13:07:33'),(2120,89,5,'2018-10-01 13:11:02','2018-10-01 13:11:02'),(2121,73,3,'2018-10-01 13:26:32','2018-10-01 13:26:32'),(2124,15,20,'2018-10-01 14:33:42','2018-10-01 14:33:42'),(2125,28,20,'2018-10-01 14:33:46','2018-10-01 14:33:46'),(2132,87,3,'2018-10-01 16:50:51','2018-10-01 16:50:51'),(2133,82,3,'2018-10-01 16:52:33','2018-10-01 16:52:33'),(2134,91,45,'2018-10-01 16:53:23','2018-10-01 16:53:23'),(2135,13,3,'2018-10-01 16:54:51','2018-10-01 16:54:51'),(2136,28,3,'2018-10-01 16:55:08','2018-10-01 16:55:08'),(2138,90,45,'2018-10-01 16:56:52','2018-10-01 16:56:52'),(2141,15,3,'2018-10-01 18:23:11','2018-10-01 18:23:11'),(2142,91,5,'2018-10-01 19:35:40','2018-10-01 19:35:40'),(2143,88,5,'2018-10-01 19:37:29','2018-10-01 19:37:29'),(2144,90,5,'2018-10-01 19:37:51','2018-10-01 19:37:51'),(2145,28,39,'2018-10-03 10:15:10','2018-10-03 10:15:10'),(2146,89,39,'2018-10-03 10:18:17','2018-10-03 10:18:17'),(2148,79,3,'2018-10-03 11:07:18','2018-10-03 11:07:18'),(2149,90,3,'2018-10-03 11:48:24','2018-10-03 11:48:24'),(2150,37,3,'2018-10-03 11:58:46','2018-10-03 11:58:46'),(2151,13,14,'2018-10-03 12:29:40','2018-10-03 12:29:40'),(2152,91,3,'2018-10-03 16:13:19','2018-10-03 16:13:19'),(2154,28,17,'2018-10-03 19:16:02','2018-10-03 19:16:02'),(2155,77,3,'2018-10-03 19:54:23','2018-10-03 19:54:23'),(2156,32,3,'2018-10-04 15:14:24','2018-10-04 15:14:24'),(2157,13,17,'2018-10-04 15:59:41','2018-10-04 15:59:41'),(2158,86,5,'2018-10-04 18:13:36','2018-10-04 18:13:36'),(2159,89,1,'2018-10-05 11:49:35','2018-10-05 11:49:35'),(2160,72,1,'2018-10-05 11:52:45','2018-10-05 11:52:45'),(2173,12,23,'2018-10-05 17:51:29','2018-10-05 17:51:29'),(2176,90,71,'2018-10-05 17:54:04','2018-10-05 17:54:04'),(2178,88,71,'2018-10-05 18:12:37','2018-10-05 18:12:37'),(2179,75,71,'2018-10-05 18:12:47','2018-10-05 18:12:47'),(2180,89,71,'2018-10-05 18:12:53','2018-10-05 18:12:53'),(2187,73,23,'2018-10-05 18:16:55','2018-10-05 18:16:55'),(2191,41,71,'2018-10-05 18:18:48','2018-10-05 18:18:48'),(2194,82,71,'2018-10-05 18:19:37','2018-10-05 18:19:37'),(2212,93,23,'2018-10-05 18:53:57','2018-10-05 18:53:57'),(2224,42,23,'2018-10-05 19:58:15','2018-10-05 19:58:15'),(2227,34,23,'2018-10-05 20:00:14','2018-10-05 20:00:14'),(2228,30,23,'2018-10-05 20:00:23','2018-10-05 20:00:23'),(2229,31,23,'2018-10-05 20:00:29','2018-10-05 20:00:29'),(2231,32,23,'2018-10-05 20:01:08','2018-10-05 20:01:08'),(2237,37,23,'2018-10-05 20:17:32','2018-10-05 20:17:32'),(2238,72,23,'2018-10-05 20:17:58','2018-10-05 20:17:58'),(2241,92,23,'2018-10-05 20:24:02','2018-10-05 20:24:02'),(2245,90,23,'2018-10-05 20:49:44','2018-10-05 20:49:44'),(2258,15,8,'2018-10-08 12:58:55','2018-10-08 12:58:55'),(2270,13,23,'2018-10-08 15:20:46','2018-10-08 15:20:46'),(2273,95,23,'2018-10-08 15:28:44','2018-10-08 15:28:44'),(2274,89,23,'2018-10-08 15:28:53','2018-10-08 15:28:53'),(2278,42,8,'2018-10-08 15:32:12','2018-10-08 15:32:12'),(2306,72,8,'2018-10-08 17:20:38','2018-10-08 17:20:38'),(2324,41,8,'2018-10-08 17:43:44','2018-10-08 17:43:44'),(2335,107,6,'2018-10-08 20:14:58','2018-10-08 20:14:58'),(2338,89,8,'2018-10-08 20:21:47','2018-10-08 20:21:47'),(2339,33,8,'2018-10-09 11:02:07','2018-10-09 11:02:07'),(2343,95,7,'2018-10-09 11:30:39','2018-10-09 11:30:39'),(2344,14,6,'2018-10-09 11:32:22','2018-10-09 11:32:22'),(2345,92,8,'2018-10-09 11:32:36','2018-10-09 11:32:36'),(2363,107,7,'2018-10-09 12:18:27','2018-10-09 12:18:27'),(2364,13,7,'2018-10-09 12:18:45','2018-10-09 12:18:45'),(2365,42,7,'2018-10-09 12:19:35','2018-10-09 12:19:35'),(2369,14,7,'2018-10-09 12:28:28','2018-10-09 12:28:28'),(2373,95,32,'2018-10-09 12:31:50','2018-10-09 12:31:50'),(2377,72,6,'2018-10-09 12:41:21','2018-10-09 12:41:21'),(2385,15,32,'2018-10-09 13:40:32','2018-10-09 13:40:32'),(2387,12,32,'2018-10-09 13:41:38','2018-10-09 13:41:38'),(2389,93,32,'2018-10-09 13:43:23','2018-10-09 13:43:23'),(2391,41,6,'2018-10-09 13:44:23','2018-10-09 13:44:23'),(2394,107,32,'2018-10-09 14:47:40','2018-10-09 14:47:40'),(2400,13,32,'2018-10-09 14:55:08','2018-10-09 14:55:08'),(2401,32,32,'2018-10-09 14:55:29','2018-10-09 14:55:29'),(2402,17,32,'2018-10-09 14:56:00','2018-10-09 14:56:00'),(2403,33,34,'2018-10-09 15:14:40','2018-10-09 15:14:40'),(2405,14,32,'2018-10-09 15:58:17','2018-10-09 15:58:17'),(2406,90,6,'2018-10-09 16:00:44','2018-10-09 16:00:44'),(2413,87,6,'2018-10-09 16:06:02','2018-10-09 16:06:02'),(2414,95,34,'2018-10-09 16:08:40','2018-10-09 16:08:40'),(2416,91,6,'2018-10-09 16:11:26','2018-10-09 16:11:26'),(2419,107,34,'2018-10-09 16:44:50','2018-10-09 16:44:50'),(2420,12,34,'2018-10-09 16:46:18','2018-10-09 16:46:18'),(2421,87,34,'2018-10-09 16:46:26','2018-10-09 16:46:26'),(2422,35,8,'2018-10-09 17:03:14','2018-10-09 17:03:14'),(2425,90,8,'2018-10-09 17:09:07','2018-10-09 17:09:07'),(2426,25,8,'2018-10-09 17:11:30','2018-10-09 17:11:30'),(2427,91,8,'2018-10-09 17:27:03','2018-10-09 17:27:03'),(2428,14,8,'2018-10-09 17:28:10','2018-10-09 17:28:10'),(2430,90,34,'2018-10-09 17:57:03','2018-10-09 17:57:03'),(2439,87,8,'2018-10-10 15:56:50','2018-10-10 15:56:50'),(2440,107,76,'2018-10-11 14:06:35','2018-10-11 14:06:35'),(2441,108,71,'2018-10-11 15:02:55','2018-10-11 15:02:55'),(2442,34,71,'2018-10-11 15:46:11','2018-10-11 15:46:11'),(2457,13,6,'2018-10-11 20:10:40','2018-10-11 20:10:40'),(2458,95,6,'2018-10-11 20:10:52','2018-10-11 20:10:52'),(2459,111,6,'2018-10-11 20:10:59','2018-10-11 20:10:59'),(2463,117,6,'2018-10-11 20:12:27','2018-10-11 20:12:27'),(2473,118,6,'2018-10-11 20:26:14','2018-10-11 20:26:14'),(2474,118,8,'2018-10-11 20:27:41','2018-10-11 20:27:41'),(2476,113,8,'2018-10-11 20:28:37','2018-10-11 20:28:37'),(2477,12,8,'2018-10-11 20:28:47','2018-10-11 20:28:47'),(2480,95,8,'2018-10-11 20:29:24','2018-10-11 20:29:24'),(2483,114,8,'2018-10-11 20:30:59','2018-10-11 20:30:59'),(2487,111,8,'2018-10-11 20:34:59','2018-10-11 20:34:59'),(2488,116,8,'2018-10-11 20:39:36','2018-10-11 20:39:36'),(2497,95,35,'2018-10-11 20:44:17','2018-10-11 20:44:17'),(2498,95,71,'2018-10-11 20:44:41','2018-10-11 20:44:41'),(2499,114,71,'2018-10-11 20:44:47','2018-10-11 20:44:47'),(2501,13,71,'2018-10-11 20:45:47','2018-10-11 20:45:47'),(2502,121,35,'2018-10-11 20:46:19','2018-10-11 20:46:19'),(2503,118,71,'2018-10-11 20:46:34','2018-10-11 20:46:34'),(2504,114,35,'2018-10-11 20:46:56','2018-10-11 20:46:56'),(2505,107,35,'2018-10-11 20:47:01','2018-10-11 20:47:01'),(2506,120,35,'2018-10-11 20:48:38','2018-10-11 20:48:38'),(2507,120,6,'2018-10-11 20:51:05','2018-10-11 20:51:05'),(2508,93,8,'2018-10-11 21:01:12','2018-10-11 21:01:12'),(2513,122,35,'2018-10-11 21:08:03','2018-10-11 21:08:03'),(2515,111,35,'2018-10-11 21:08:23','2018-10-11 21:08:23'),(2516,116,35,'2018-10-11 21:10:45','2018-10-11 21:10:45'),(2517,12,35,'2018-10-11 21:12:28','2018-10-11 21:12:28'),(2518,13,35,'2018-10-11 21:27:23','2018-10-11 21:27:23'),(2519,95,3,'2018-10-12 10:29:37','2018-10-12 10:29:37'),(2520,116,17,'2018-10-12 11:09:39','2018-10-12 11:09:39'),(2521,115,17,'2018-10-12 11:15:34','2018-10-12 11:15:34'),(2522,108,8,'2018-10-12 14:28:13','2018-10-12 14:28:13'),(2527,12,15,'2018-10-12 16:54:09','2018-10-12 16:54:09'),(2528,108,15,'2018-10-12 16:55:46','2018-10-12 16:55:46'),(2530,13,15,'2018-10-12 16:59:05','2018-10-12 16:59:05'),(2531,42,15,'2018-10-12 17:01:26','2018-10-12 17:01:26'),(2533,107,71,'2018-10-12 17:10:47','2018-10-12 17:10:47'),(2535,121,71,'2018-10-12 17:16:50','2018-10-12 17:16:50'),(2536,107,15,'2018-10-12 17:30:47','2018-10-12 17:30:47'),(2537,14,15,'2018-10-12 17:31:28','2018-10-12 17:31:28'),(2540,110,71,'2018-10-12 17:35:26','2018-10-12 17:35:26'),(2542,122,71,'2018-10-12 17:36:39','2018-10-12 17:36:39'),(2543,42,71,'2018-10-12 17:38:57','2018-10-12 17:38:57'),(2544,25,71,'2018-10-12 17:39:08','2018-10-12 17:39:08'),(2545,72,71,'2018-10-12 17:41:32','2018-10-12 17:41:32'),(2546,109,71,'2018-10-12 17:41:50','2018-10-12 17:41:50'),(2547,35,71,'2018-10-12 17:42:00','2018-10-12 17:42:00'),(2548,32,71,'2018-10-12 17:42:20','2018-10-12 17:42:20'),(2549,122,38,'2018-10-12 17:43:25','2018-10-12 17:43:25'),(2550,121,38,'2018-10-12 17:43:39','2018-10-12 17:43:39'),(2551,119,38,'2018-10-12 17:44:21','2018-10-12 17:44:21'),(2553,120,38,'2018-10-12 17:44:55','2018-10-12 17:44:55'),(2554,14,38,'2018-10-12 17:54:00','2018-10-12 17:54:00'),(2555,12,38,'2018-10-12 17:54:56','2018-10-12 17:54:56'),(2556,12,71,'2018-10-12 18:39:12','2018-10-12 18:39:12'),(2558,127,71,'2018-10-13 11:14:36','2018-10-13 11:14:36'),(2559,12,64,'2018-10-13 11:49:44','2018-10-13 11:49:44'),(2560,125,64,'2018-10-13 11:50:20','2018-10-13 11:50:20'),(2563,13,8,'2018-10-13 13:22:36','2018-10-13 13:22:36'),(2564,127,8,'2018-10-13 13:23:02','2018-10-13 13:23:02'),(2565,115,8,'2018-10-13 13:25:40','2018-10-13 13:25:40'),(2568,117,23,'2018-10-13 17:31:24','2018-10-13 17:31:24'),(2573,125,23,'2018-10-13 17:39:24','2018-10-13 17:39:24'),(2574,128,23,'2018-10-13 17:47:46','2018-10-13 17:47:46'),(2576,127,23,'2018-10-13 17:51:19','2018-10-13 17:51:19'),(2577,14,23,'2018-10-13 17:54:32','2018-10-13 17:54:32'),(2578,119,8,'2018-10-13 23:47:06','2018-10-13 23:47:06'),(2579,117,8,'2018-10-13 23:47:22','2018-10-13 23:47:22'),(2580,107,8,'2018-10-13 23:51:06','2018-10-13 23:51:06'),(2581,128,8,'2018-10-15 21:56:29','2018-10-15 21:56:29'),(2582,130,8,'2018-10-15 22:13:42','2018-10-15 22:13:42'),(2584,41,46,'2018-10-16 15:30:34','2018-10-16 15:30:34'),(2585,25,46,'2018-10-16 15:30:54','2018-10-16 15:30:54'),(2586,115,46,'2018-10-16 15:32:04','2018-10-16 15:32:04');

--
-- Table structure for table `reply_comments`
--

CREATE TABLE `reply_comments` (
  `id` bigint unsigned NOT NULL AUTO_INCREMENT,
  `comment_id` bigint unsigned NOT NULL,
  `user_type` varchar(191) COLLATE utf8mb4_unicode_ci NOT NULL,
  `user_id` bigint unsigned NOT NULL,
  `customer_id` bigint unsigned NOT NULL,
  `comment` text COLLATE utf8mb4_unicode_ci NOT NULL,
  `creator_id` bigint NOT NULL DEFAULT '0',
  `updator_id` bigint NOT NULL DEFAULT '0',
  `created_at` timestamp NULL DEFAULT NULL,
  `updated_at` timestamp NULL DEFAULT NULL,
  PRIMARY KEY (`id`),
  KEY `reply_comments_comment_id_foreign` (`comment_id`)
) ENGINE=InnoDB DEFAULT CHARSET=utf8mb4 COLLATE=utf8mb4_unicode_ci;

--
-- Dumping data for table `reply_comments`
--


--
-- Table structure for table `rule_permissions`
--

CREATE TABLE `rule_permissions` (
  `id` bigint unsigned NOT NULL AUTO_INCREMENT,
  `rule_id` bigint unsigned NOT NULL,
  `permission_module_name` varchar(255) COLLATE utf8mb4_unicode_ci NOT NULL,
  `view` varchar(255) COLLATE utf8mb4_unicode_ci DEFAULT NULL COMMENT '0 = false, 1 = true',
  `create` varchar(255) COLLATE utf8mb4_unicode_ci DEFAULT NULL COMMENT '0 = false, 1 = true',
  `edit` varchar(255) COLLATE utf8mb4_unicode_ci DEFAULT NULL COMMENT '0 = false, 1 = true',
  `delete` varchar(255) COLLATE utf8mb4_unicode_ci DEFAULT NULL COMMENT '0 = false, 1 = true',
  `hide` varchar(255) COLLATE utf8mb4_unicode_ci DEFAULT NULL COMMENT '0 = false, 1 = true',
  `cash_payment` varchar(255) COLLATE utf8mb4_unicode_ci DEFAULT NULL COMMENT '0 = false, 1 = true',
  `refund_payment` varchar(255) COLLATE utf8mb4_unicode_ci DEFAULT NULL COMMENT '0 = false, 1 = true',
  `length_adjustment` varchar(255) COLLATE utf8mb4_unicode_ci DEFAULT NULL COMMENT '0 = false, 1 = true',
  `security_search` varchar(255) COLLATE utf8mb4_unicode_ci DEFAULT NULL COMMENT '0 = false, 1 = true',
  `created_at` timestamp NULL DEFAULT NULL,
  `updated_at` timestamp NULL DEFAULT NULL,
  PRIMARY KEY (`id`)
) ENGINE=InnoDB AUTO_INCREMENT=993 DEFAULT CHARSET=utf8mb4 COLLATE=utf8mb4_unicode_ci;

--
-- Dumping data for table `rule_permissions`
--

INSERT INTO `rule_permissions` VALUES (801,22,'subscribers','1','1','1','1','0','0','0','0','0','2026-02-13 12:53:31','2026-02-16 13:53:38'),(802,22,'Categories','0','0','0','0','0','0','0','0','0','2026-02-13 12:53:31','2026-02-13 12:53:31'),(803,22,'Channel Service','0','0','0','0','0','0','0','0','0','2026-02-13 12:53:31','2026-02-13 12:53:31'),(804,22,'Settings','0','0','0','0','0','0','0','0','0','2026-02-13 12:53:31','2026-02-13 12:53:31'),(805,22,'Reports','0','0','0','0','0','0','0','0','0','2026-02-13 12:53:31','2026-02-13 12:53:31'),(806,22,'DRM Service','0','0','0','0','0','0','0','0','0','2026-02-13 12:53:31','2026-02-13 12:53:31'),(807,22,'api_access','1','1','1','1','0','0','0','0','0','2026-02-13 12:53:31','2026-02-13 12:53:31'),(808,22,'orgnaization_settings','1','0','1','0','0','0','0','0','0','2026-02-13 12:53:31','2026-02-13 12:53:31'),(809,22,'tenant_settings','1','0','1','0','0','0','0','0','0','2026-02-13 12:53:31','2026-02-13 12:53:31'),(810,22,'monetization_plans','1','1','1','1','0','0','0','0','0','2026-02-13 12:53:31','2026-02-13 12:53:31'),(811,22,'announcements','1','1','1','1','0','0','0','0','0','2026-02-13 12:53:31','2026-02-13 12:53:31'),(812,22,'banner_featured_carousel','1','1','1','1','0','0','0','0','0','2026-02-13 12:53:31','2026-02-13 12:53:31'),(813,22,'payment_services','1','1','1','1','0','0','0','0','0','2026-02-13 12:53:31','2026-02-13 12:53:31'),(814,22,'currencies','1','1','1','1','0','0','0','0','0','2026-02-13 12:53:31','2026-02-13 12:53:31'),(815,22,'shopping_cart','1','0','1','0','0','0','0','0','0','2026-02-13 12:53:31','2026-02-13 12:53:31'),(816,22,'search_results','1','0','1','1','0','0','0','0','0','2026-02-13 12:53:31','2026-02-13 12:53:31'),(817,22,'devices','1','0','1','0','0','0','0','0','0','2026-02-13 12:53:32','2026-02-13 12:53:32'),(818,22,'devices_slots','0','1','1','1','0','0','0','0','0','2026-02-13 12:53:32','2026-02-13 12:53:32'),(819,22,'activation','1','0','0','0','0','0','0','0','0','2026-02-13 12:53:32','2026-02-13 12:53:32'),(820,22,'credit_cards','1','1','1','1','0','0','0','0','0','2026-02-13 12:53:32','2026-02-13 12:53:32'),(821,22,'custom_streams','1','0','1','0','0','0','0','0','0','2026-02-13 12:53:32','2026-02-13 12:53:32'),(822,22,'notes','1','1','1','0','0','0','0','0','0','2026-02-13 12:53:32','2026-02-13 12:53:32'),(823,22,'channel','1','1','1','1','0','0','0','0','0','2026-02-13 12:53:32','2026-02-13 12:53:32'),(824,22,'live_event','1','1','1','1','0','0','0','0','0','2026-02-13 12:53:32','2026-02-13 12:53:32'),(825,22,'video_on_demand','1','1','1','1','0','0','0','0','0','2026-02-13 12:53:32','2026-02-13 12:53:32'),(826,22,'tv_shows','1','1','1','1','0','0','0','0','0','2026-02-13 12:53:32','2026-02-13 12:53:32'),(827,22,'channel_categories','1','1','1','1','0','0','0','0','0','2026-02-13 12:53:32','2026-02-13 12:53:32'),(828,22,'vod_categories','1','1','1','1','0','0','0','0','0','2026-02-13 12:53:32','2026-02-13 12:53:32'),(829,22,'tv_show_categories','1','1','1','1','0','0','0','0','0','2026-02-13 12:53:32','2026-02-13 12:53:32'),(830,22,'catch_up_tv','1','1','1','1','0','0','0','0','0','2026-02-13 12:53:32','2026-02-13 12:53:32'),(831,22,'live_rewind','1','1','1','1','0','0','0','0','0','2026-02-13 12:53:32','2026-02-13 12:53:32'),(832,22,'epg_service','1','1','1','1','0','0','0','0','0','2026-02-13 12:53:32','2026-02-13 12:53:32'),(833,22,'general_settings','1','1','1','1','0','0','0','0','0','2026-02-13 12:53:32','2026-02-13 12:53:32'),(834,22,'extensions','1','1','1','1','0','0','0','0','0','2026-02-13 12:53:32','2026-02-13 12:53:32'),(835,22,'info','1','1','1','1','0','0','0','0','0','2026-02-13 12:53:32','2026-02-13 12:53:32'),(836,22,'system_users','1','1','1','1','0','0','0','0','0','2026-02-13 12:53:32','2026-02-13 12:53:32'),(837,22,'permission_rules','1','1','1','1','0','0','0','0','0','2026-02-13 12:53:32','2026-02-13 12:53:32'),(838,22,'subscriber_reports','1','1','1','1','0','0','0','0','0','2026-02-13 12:53:32','2026-02-13 12:53:32'),(839,22,'cps_reports','1','1','1','1','0','0','0','0','0','2026-02-13 12:53:32','2026-02-13 12:53:32'),(840,22,'activation_audit_reports','1','1','1','1','0','0','0','0','0','2026-02-13 12:53:32','2026-02-13 12:53:32'),(841,22,'drm_accounts','1','1','1','1','0','0','0','0','0','2026-02-13 12:53:32','2026-02-13 12:53:32'),(842,22,'drm_profiles','1','1','1','1','0','0','0','0','0','2026-02-13 12:53:32','2026-02-13 12:53:32'),(843,22,'geo_blocking','1','1','1','1','0','0','0','0','0','2026-02-13 12:53:32','2026-02-13 12:53:32'),(844,22,'stream_service','1','1','1','1','0','0','0','0','0','2026-02-13 12:53:32','2026-02-13 12:53:32'),(845,22,'dashboard','1','0','1','0','0','0','0','0','0','2026-02-13 13:08:28','2026-02-13 13:08:28'),(846,22,'organization','1','1','1','1','0','0','0','0','0','2026-02-13 13:08:28','2026-02-13 13:08:28'),(847,22,'site_configurations','1','1','1','1','0','0','0','0','0','2026-02-16 13:53:38','2026-02-16 13:53:38'),(848,23,'dashboard','0','0','0','0','0','0','0','0','0','2026-03-23 11:52:39','2026-03-23 11:52:39'),(849,23,'organization','1','0','1','1','0','0','0','0','0','2026-03-23 11:52:39','2026-03-23 11:52:39'),(850,23,'subscribers','0','0','0','0','0','0','0','0','0','2026-03-23 11:52:39','2026-03-23 11:52:39'),(851,23,'categories','0','0','0','0','0','0','0','0','0','2026-03-23 11:52:39','2026-03-23 11:52:39'),(852,23,'channel_services','0','0','0','0','0','0','0','0','0','2026-03-23 11:52:39','2026-03-23 11:52:39'),(853,23,'settings','0','0','0','0','0','0','0','0','0','2026-03-23 11:52:39','2026-03-23 11:52:39'),(854,23,'reports','0','0','0','0','0','0','0','0','0','2026-03-23 11:52:39','2026-03-23 11:52:39'),(855,23,'drm_services','0','0','0','0','0','0','0','0','0','2026-03-23 11:52:39','2026-03-23 11:52:39'),(856,23,'api_access','0','0','0','0','0','0','0','0','0','2026-03-23 11:52:39','2026-03-23 11:52:39'),(857,23,'orgnaization_settings','0','0','0','0','0','0','0','0','0','2026-03-23 11:52:39','2026-03-23 11:52:39'),(858,23,'tenant_settings','0','0','0','0','0','0','0','0','0','2026-03-23 11:52:39','2026-03-23 11:52:39'),(859,23,'monetization_plans','0','0','0','0','0','0','0','0','0','2026-03-23 11:52:39','2026-03-23 11:52:39'),(860,23,'announcements','0','0','0','0','0','0','0','0','0','2026-03-23 11:52:39','2026-03-23 11:52:39'),(861,23,'banner_featured_carousel','0','0','0','0','0','0','0','0','0','2026-03-23 11:52:39','2026-03-23 11:52:39'),(862,23,'payment_services','0','0','0','0','0','0','0','0','0','2026-03-23 11:52:39','2026-03-23 11:52:39'),(863,23,'currencies','0','0','0','0','0','0','0','0','0','2026-03-23 11:52:39','2026-03-23 11:52:39'),(864,23,'shopping_cart','0','0','0','0','0','0','0','0','0','2026-03-23 11:52:39','2026-03-23 11:52:39'),(865,23,'search_results','0','0','0','0','0','0','0','0','0','2026-03-23 11:52:39','2026-03-23 11:52:39'),(866,23,'devices','0','0','0','0','0','0','0','0','0','2026-03-23 11:52:39','2026-03-23 11:52:39'),(867,23,'devices_slots','0','0','0','0','0','0','0','0','0','2026-03-23 11:52:39','2026-03-23 11:52:39'),(868,23,'activation','0','0','0','0','0','0','0','0','0','2026-03-23 11:52:39','2026-03-23 11:52:39'),(869,23,'credit_cards','0','0','0','0','0','0','0','0','0','2026-03-23 11:52:39','2026-03-23 11:52:39'),(870,23,'custom_streams','0','0','0','0','0','0','0','0','0','2026-03-23 11:52:39','2026-03-23 11:52:39'),(871,23,'notes','0','0','0','0','0','0','0','0','0','2026-03-23 11:52:39','2026-03-23 11:52:39'),(872,23,'channel','0','0','0','0','0','0','0','0','0','2026-03-23 11:52:39','2026-03-23 11:52:39'),(873,23,'live_event','0','0','0','0','0','0','0','0','0','2026-03-23 11:52:39','2026-03-23 11:52:39'),(874,23,'video_on_demand','0','0','0','0','0','0','0','0','0','2026-03-23 11:52:39','2026-03-23 11:52:39'),(875,23,'tv_shows','0','0','0','0','0','0','0','0','0','2026-03-23 11:52:39','2026-03-23 11:52:39'),(876,23,'channel_categories','0','0','0','0','0','0','0','0','0','2026-03-23 11:52:39','2026-03-23 11:52:39'),(877,23,'vod_categories','0','0','0','0','0','0','0','0','0','2026-03-23 11:52:39','2026-03-23 11:52:39'),(878,23,'tv_show_categories','0','0','0','0','0','0','0','0','0','2026-03-23 11:52:39','2026-03-23 11:52:39'),(879,23,'catch_up_tv','0','0','0','0','0','0','0','0','0','2026-03-23 11:52:39','2026-03-23 11:52:39'),(880,23,'live_rewind','0','0','0','0','0','0','0','0','0','2026-03-23 11:52:39','2026-03-23 11:52:39'),(881,23,'epg_service','0','0','0','0','0','0','0','0','0','2026-03-23 11:52:39','2026-03-23 11:52:39'),(882,23,'general_settings','0','0','0','0','0','0','0','0','0','2026-03-23 11:52:39','2026-03-23 11:52:39'),(883,23,'extensions','0','0','0','0','0','0','0','0','0','2026-03-23 11:52:39','2026-03-23 11:52:39'),(884,23,'site_configurations','0','0','0','0','0','0','0','0','0','2026-03-23 11:52:39','2026-03-23 11:52:39'),(885,23,'info','0','0','0','0','0','0','0','0','0','2026-03-23 11:52:39','2026-03-23 11:52:39'),(886,23,'system_users','0','0','0','0','0','0','0','0','0','2026-03-23 11:52:39','2026-03-23 11:52:39'),(887,23,'permission_rules','0','0','0','0','0','0','0','0','0','2026-03-23 11:52:39','2026-03-23 11:52:39'),(888,23,'subscriber_reports','0','0','0','0','0','0','0','0','0','2026-03-23 11:52:39','2026-03-23 11:52:39'),(889,23,'cps_reports','0','0','0','0','0','0','0','0','0','2026-03-23 11:52:39','2026-03-23 11:52:39'),(890,23,'activation_audit_reports','0','0','0','0','0','0','0','0','0','2026-03-23 11:52:39','2026-03-23 11:52:39'),(891,23,'drm_accounts','0','0','0','0','0','0','0','0','0','2026-03-23 11:52:39','2026-03-23 11:52:39'),(892,23,'drm_profiles','0','0','0','0','0','0','0','0','0','2026-03-23 11:52:39','2026-03-23 11:52:39'),(893,23,'geo_blocking','0','0','0','0','0','0','0','0','0','2026-03-23 11:52:39','2026-03-23 11:52:39'),(894,23,'stream_service','0','0','0','0','0','0','0','0','0','2026-03-23 11:52:39','2026-03-23 11:52:39'),(895,24,'dashboard','1','0','0','0','0','0','0','0','0','2026-03-23 14:10:32','2026-03-23 14:10:32'),(896,24,'organization','1','0','1','1','0','0','0','0','0','2026-03-23 14:10:32','2026-03-23 14:10:32'),(897,24,'subscribers','1','1','1','1','0','0','0','0','0','2026-03-23 14:10:32','2026-03-24 07:56:11'),(898,24,'categories','0','0','0','0','0','0','0','0','0','2026-03-23 14:10:32','2026-03-23 14:10:32'),(899,24,'channel_services','0','0','0','0','0','0','0','0','0','2026-03-23 14:10:32','2026-03-23 14:10:32'),(900,24,'settings','0','0','0','0','0','0','0','0','0','2026-03-23 14:10:32','2026-03-23 14:10:32'),(901,24,'reports','0','0','0','0','0','0','0','0','0','2026-03-23 14:10:32','2026-03-23 14:10:32'),(902,24,'drm_services','0','0','0','0','0','0','0','0','0','2026-03-23 14:10:32','2026-03-23 14:10:32'),(903,24,'api_access','1','0','1','0','0','0','0','0','0','2026-03-23 14:10:32','2026-03-24 08:05:30'),(904,24,'orgnaization_settings','1','0','1','0','0','0','0','0','0','2026-03-23 14:10:32','2026-03-24 08:05:30'),(905,24,'tenant_settings','0','0','0','0','0','0','0','0','0','2026-03-23 14:10:32','2026-03-23 14:10:32'),(906,24,'monetization_plans','1','1','1','1','0','0','0','0','0','2026-03-23 14:10:32','2026-03-24 08:05:30'),(907,24,'announcements','1','1','1','1','0','0','0','0','0','2026-03-23 14:10:32','2026-03-24 08:05:30'),(908,24,'banner_featured_carousel','0','0','0','0','0','0','0','0','0','2026-03-23 14:10:32','2026-03-23 14:10:32'),(909,24,'payment_services','1','0','1','0','0','0','0','0','0','2026-03-23 14:10:32','2026-03-24 08:05:30'),(910,24,'currencies','1','1','1','0','0','0','0','0','0','2026-03-23 14:10:32','2026-03-24 08:05:30'),(911,24,'shopping_cart','0','0','0','0','0','0','0','0','0','2026-03-23 14:10:32','2026-03-23 14:10:32'),(912,24,'search_results','1','0','1','1','0','0','0','0','0','2026-03-23 14:10:32','2026-03-24 07:56:11'),(913,24,'devices','1','0','1','0','0','0','0','0','0','2026-03-23 14:10:32','2026-03-24 07:56:11'),(914,24,'devices_slots','0','1','1','1','0','0','0','0','0','2026-03-23 14:10:32','2026-03-24 07:56:11'),(915,24,'activation','1','0','0','0','0','0','0','0','0','2026-03-23 14:10:32','2026-03-24 07:56:11'),(916,24,'credit_cards','1','1','1','1','0','0','0','0','0','2026-03-23 14:10:32','2026-03-24 07:56:11'),(917,24,'custom_streams','1','0','1','0','0','0','0','0','0','2026-03-23 14:10:32','2026-03-24 07:56:11'),(918,24,'notes','1','1','1','0','0','0','0','0','0','2026-03-23 14:10:32','2026-03-24 07:56:11'),(919,24,'channel','1','0','0','0','0','0','0','0','0','2026-03-23 14:10:32','2026-03-24 08:05:30'),(920,24,'live_event','1','0','0','0','0','0','0','0','0','2026-03-23 14:10:32','2026-03-24 08:05:30'),(921,24,'video_on_demand','1','0','0','0','0','0','0','0','0','2026-03-23 14:10:32','2026-03-24 08:05:30'),(922,24,'tv_shows','1','0','0','1','0','0','0','0','0','2026-03-23 14:10:32','2026-03-24 08:05:30'),(923,24,'channel_categories','1','0','0','0','1','0','0','0','0','2026-03-23 14:10:32','2026-03-24 10:08:41'),(924,24,'vod_categories','1','0','0','0','1','0','0','0','0','2026-03-23 14:10:32','2026-03-24 10:08:41'),(925,24,'tv_show_categories','1','0','0','0','1','0','0','0','0','2026-03-23 14:10:32','2026-03-24 10:08:41'),(926,24,'catch_up_tv','0','0','0','0','1','0','0','0','0','2026-03-23 14:10:32','2026-03-23 14:10:32'),(927,24,'live_rewind','0','0','0','0','1','0','0','0','0','2026-03-23 14:10:32','2026-03-23 14:10:32'),(928,24,'epg_service','0','0','0','0','1','0','0','0','0','2026-03-23 14:10:32','2026-03-23 14:10:32'),(929,24,'general_settings','1','0','0','0','0','0','0','0','0','2026-03-23 14:10:32','2026-03-23 14:10:32'),(930,24,'extensions','1','1','1','1','0','0','0','0','0','2026-03-23 14:10:32','2026-03-24 08:05:30'),(931,24,'site_configurations','1','0','0','0','0','0','0','0','0','2026-03-23 14:10:32','2026-03-23 14:10:32'),(932,24,'info','1','0','0','0','0','0','0','0','0','2026-03-23 14:10:32','2026-03-23 14:10:32'),(933,24,'system_users','1','0','0','0','0','0','0','0','0','2026-03-23 14:10:32','2026-03-23 14:10:32'),(934,24,'permission_rules','1','0','0','0','0','0','0','0','0','2026-03-23 14:10:32','2026-03-23 14:10:32'),(935,24,'subscriber_reports','1','1','1','0','0','0','0','0','0','2026-03-23 14:10:32','2026-03-23 14:10:32'),(936,24,'cps_reports','1','1','1','0','0','0','0','0','0','2026-03-23 14:10:32','2026-03-23 14:10:32'),(937,24,'activation_audit_reports','1','1','1','0','0','0','0','0','0','2026-03-23 14:10:32','2026-03-23 14:10:32'),(938,24,'drm_accounts','1','1','1','1','0','0','0','0','0','2026-03-23 14:10:32','2026-03-23 14:10:32'),(939,24,'drm_profiles','1','1','1','1','0','0','0','0','0','2026-03-23 14:10:32','2026-03-23 14:10:32'),(940,24,'geo_blocking','1','1','1','1','0','0','0','0','0','2026-03-23 14:10:32','2026-03-23 14:10:32'),(941,24,'stream_service','1','1','1','1','0','0','0','0','0','2026-03-23 14:10:32','2026-03-23 14:10:32'),(942,24,'Channel Service','0','0','0','0','0','0','0','0','0','2026-03-23 14:14:33','2026-03-23 14:14:33'),(943,24,'DRM Service','0','0','0','0','0','0','0','0','0','2026-03-23 14:14:33','2026-03-23 14:14:33'),(944,25,'dashboard','0','0','0','0','1','0','0','0','0','2026-04-06 06:32:50','2026-04-06 06:32:50'),(945,25,'organization','1','1','1','1','0','0','0','0','0','2026-04-06 06:32:50','2026-04-06 06:32:50'),(946,25,'subscribers','1','1','1','1','0','0','0','0','0','2026-04-06 06:32:50','2026-04-06 06:32:50'),(947,25,'categories','0','0','0','0','0','0','0','0','0','2026-04-06 06:32:50','2026-04-06 06:32:50'),(948,25,'channel_services','0','0','0','0','0','0','0','0','0','2026-04-06 06:32:50','2026-04-06 06:32:50'),(949,25,'settings','0','0','0','0','0','0','0','0','0','2026-04-06 06:32:50','2026-04-06 06:32:50'),(950,25,'reports','0','0','0','0','0','0','0','0','0','2026-04-06 06:32:50','2026-04-06 06:32:50'),(951,25,'drm_services','0','0','0','0','0','0','0','0','0','2026-04-06 06:32:50','2026-04-06 06:32:50'),(952,25,'api_access','0','0','0','0','1','0','0','0','0','2026-04-06 06:32:50','2026-04-06 06:34:12'),(953,25,'orgnaization_settings','1','0','1','0','0','0','0','0','0','2026-04-06 06:32:50','2026-04-06 06:32:50'),(954,25,'tenant_settings','1','0','1','0','0','0','0','0','0','2026-04-06 06:32:50','2026-04-06 06:32:50'),(955,25,'monetization_plans','1','1','1','1','0','0','0','0','0','2026-04-06 06:32:50','2026-04-06 06:32:50'),(956,25,'announcements','1','1','1','1','0','0','0','0','0','2026-04-06 06:32:50','2026-04-06 06:32:50'),(957,25,'banner_featured_carousel','1','1','1','1','0','0','0','0','0','2026-04-06 06:32:50','2026-04-06 06:32:50'),(958,25,'payment_services','1','0','1','0','0','0','0','0','0','2026-04-06 06:32:50','2026-04-06 06:32:50'),(959,25,'currencies','0','0','0','0','1','0','0','0','0','2026-04-06 06:32:50','2026-04-06 06:34:12'),(960,25,'shopping_cart','1','0','1','0','0','0','0','0','0','2026-04-06 06:32:50','2026-04-06 06:32:50'),(961,25,'search_results','1','0','1','1','0','0','0','0','0','2026-04-06 06:32:50','2026-04-06 06:32:50'),(962,25,'devices','1','0','1','0','0','0','0','0','0','2026-04-06 06:32:50','2026-04-06 06:32:50'),(963,25,'devices_slots','0','1','1','1','0','0','0','0','0','2026-04-06 06:32:50','2026-04-06 06:32:50'),(964,25,'activation','1','0','0','0','0','0','0','0','0','2026-04-06 06:32:50','2026-04-06 06:32:50'),(965,25,'credit_cards','1','1','1','1','0','0','0','0','0','2026-04-06 06:32:50','2026-04-06 06:32:50'),(966,25,'custom_streams','1','0','1','0','0','0','0','0','0','2026-04-06 06:32:50','2026-04-06 06:32:50'),(967,25,'notes','1','1','1','0','0','0','0','0','0','2026-04-06 06:32:50','2026-04-06 06:32:50'),(968,25,'channel','0','0','0','0','1','0','0','0','0','2026-04-06 06:32:50','2026-04-06 06:34:12'),(969,25,'live_event','0','0','0','0','1','0','0','0','0','2026-04-06 06:32:50','2026-04-06 06:34:12'),(970,25,'video_on_demand','0','0','0','0','1','0','0','0','0','2026-04-06 06:32:50','2026-04-06 06:34:12'),(971,25,'tv_shows','0','0','0','0','1','0','0','0','0','2026-04-06 06:32:50','2026-04-06 06:34:12'),(972,25,'channel_categories','0','0','0','0','1','0','0','0','0','2026-04-06 06:32:50','2026-04-06 06:34:12'),(973,25,'vod_categories','0','0','0','0','1','0','0','0','0','2026-04-06 06:32:50','2026-04-06 06:34:12'),(974,25,'tv_show_categories','0','0','0','0','1','0','0','0','0','2026-04-06 06:32:50','2026-04-06 06:34:12'),(975,25,'catch_up_tv','0','0','0','0','1','0','0','0','0','2026-04-06 06:32:50','2026-04-06 06:34:12'),(976,25,'live_rewind','0','0','0','0','1','0','0','0','0','2026-04-06 06:32:50','2026-04-06 06:34:12'),(977,25,'epg_service','0','0','0','0','1','0','0','0','0','2026-04-06 06:32:50','2026-04-06 06:34:12'),(978,25,'general_settings','0','0','0','0','1','0','0','0','0','2026-04-06 06:32:50','2026-04-06 06:34:12'),(979,25,'extensions','0','0','0','0','1','0','0','0','0','2026-04-06 06:32:50','2026-04-06 06:34:12'),(980,25,'site_configurations','0','0','0','0','1','0','0','0','0','2026-04-06 06:32:50','2026-04-06 06:34:12'),(981,25,'info','0','0','0','0','1','0','0','0','0','2026-04-06 06:32:50','2026-04-06 06:34:12'),(982,25,'system_users','0','0','0','0','1','0','0','0','0','2026-04-06 06:32:50','2026-04-06 06:34:12'),(983,25,'permission_rules','0','0','0','0','1','0','0','0','0','2026-04-06 06:32:50','2026-04-06 06:34:12'),(984,25,'subscriber_reports','0','0','0','0','1','0','0','0','0','2026-04-06 06:32:50','2026-04-06 06:34:12'),(985,25,'cps_reports','0','0','0','0','1','0','0','0','0','2026-04-06 06:32:50','2026-04-06 06:34:12'),(986,25,'activation_audit_reports','0','0','0','0','1','0','0','0','0','2026-04-06 06:32:50','2026-04-06 06:34:12'),(987,25,'drm_accounts','0','0','0','0','1','0','0','0','0','2026-04-06 06:32:50','2026-04-06 06:34:12'),(988,25,'drm_profiles','0','0','0','0','1','0','0','0','0','2026-04-06 06:32:50','2026-04-06 06:34:12'),(989,25,'geo_blocking','0','0','0','0','1','0','0','0','0','2026-04-06 06:32:50','2026-04-06 06:34:12'),(990,25,'stream_service','0','0','0','0','1','0','0','0','0','2026-04-06 06:32:50','2026-04-06 06:34:12'),(991,25,'Channel Service','0','0','0','0','0','0','0','0','0','2026-04-06 06:34:12','2026-04-06 06:34:12'),(992,25,'DRM Service','0','0','0','0','0','0','0','0','0','2026-04-06 06:34:12','2026-04-06 06:34:12');

--
-- Table structure for table `rules`
--

CREATE TABLE `rules` (
  `id` bigint unsigned NOT NULL AUTO_INCREMENT,
  `rule_name` varchar(255) COLLATE utf8mb4_unicode_ci NOT NULL,
  `organization_id` bigint unsigned NOT NULL,
  `created_at` timestamp NULL DEFAULT NULL,
  `updated_at` timestamp NULL DEFAULT NULL,
  PRIMARY KEY (`id`)
) ENGINE=InnoDB AUTO_INCREMENT=26 DEFAULT CHARSET=utf8mb4 COLLATE=utf8mb4_unicode_ci;

--
-- Dumping data for table `rules`
--

INSERT INTO `rules` VALUES (22,'Live Isg',0,'2026-02-13 12:53:31','2026-02-13 12:53:31'),(24,'Zonewise',0,'2026-03-23 14:10:32','2026-03-23 14:10:32'),(25,'Org For V3',0,'2026-04-06 06:32:50','2026-04-06 06:32:50');

--
-- Table structure for table `seasons`
--

CREATE TABLE `seasons` (
  `id` bigint unsigned NOT NULL AUTO_INCREMENT,
  `title` varchar(255) COLLATE utf8mb4_unicode_ci NOT NULL,
  `is_active` tinyint NOT NULL DEFAULT '1',
  `created_at` timestamp NULL DEFAULT NULL,
  `updated_at` timestamp NULL DEFAULT NULL,
  `season_order` int DEFAULT NULL,
  `image` varchar(191) COLLATE utf8mb4_unicode_ci NOT NULL,
  PRIMARY KEY (`id`)
) ENGINE=InnoDB AUTO_INCREMENT=25 DEFAULT CHARSET=utf8mb4 COLLATE=utf8mb4_unicode_ci;

--
-- Dumping data for table `seasons`
--

INSERT INTO `seasons` VALUES (2,'Season 1',1,'2018-10-05 18:37:30','2019-12-06 16:37:56',NULL,'images/season_image/2024/11/67438586f0f9f.jpeg'),(3,'Season 2',1,'2018-10-11 18:12:07','2021-07-23 22:51:24',NULL,'images/season_image/2022/01/61f5320b00a3e.jpeg'),(24,'Lucifer S02',1,'2025-05-28 06:58:45','2025-08-11 06:52:36',NULL,'https://new-admin-api.test/uploads\\tempimage\\category_images\\6837017b11222.jpg');

--
-- Table structure for table `seasons_translation`
--

CREATE TABLE `seasons_translation` (
  `id` int unsigned NOT NULL AUTO_INCREMENT,
  `season_id` int NOT NULL,
  `language_id` int NOT NULL,
  `title` varchar(191) COLLATE utf8mb4_unicode_ci NOT NULL,
  `created_at` timestamp NULL DEFAULT NULL,
  `updated_at` timestamp NULL DEFAULT NULL,
  PRIMARY KEY (`id`)
) ENGINE=InnoDB AUTO_INCREMENT=22 DEFAULT CHARSET=utf8mb4 COLLATE=utf8mb4_unicode_ci;

--
-- Dumping data for table `seasons_translation`
--

INSERT INTO `seasons_translation` VALUES (1,5,2,'الموسم 4','2018-12-05 17:37:21','2018-12-05 17:37:21'),(2,5,3,'Saison 4','2018-12-05 17:37:56','2018-12-05 17:37:56'),(3,4,3,'Saison 3','2018-12-05 17:38:04','2018-12-05 17:38:04'),(4,3,3,'Saison 2','2018-12-05 17:38:15','2018-12-05 17:38:15'),(5,2,3,'Saison 1','2018-12-05 17:38:25','2018-12-05 17:38:25'),(6,2,2,'الموسم 1','2018-12-05 17:38:41','2018-12-05 17:38:41'),(7,3,2,'الموسم 2','2018-12-05 17:38:50','2018-12-05 17:38:50'),(8,4,2,'الموسم 3','2018-12-05 17:38:59','2018-12-05 17:38:59'),(9,8,2,'मौसम','2020-08-17 14:46:56','2020-08-17 14:46:56'),(10,8,3,'saison 5','2020-08-17 14:47:18','2020-08-17 14:47:18'),(11,13,2,'الموسم 5','2022-01-28 22:23:48','2022-01-28 22:23:48'),(12,14,2,'الموسم 6','2022-01-28 22:24:14','2022-01-28 22:24:14'),(13,15,2,'الموسم 7','2022-01-28 22:24:36','2022-01-28 22:24:36'),(14,16,2,'الموسم 8','2022-06-28 11:41:30','2022-06-28 11:41:30'),(15,17,2,'الموسم 9','2022-06-28 11:41:51','2022-06-28 11:41:51'),(16,18,2,'الموسم 10','2022-06-28 11:42:09','2022-06-28 11:42:09'),(17,19,2,'الموسم 11','2022-06-28 11:42:31','2022-06-28 11:42:31'),(18,20,2,'الموسم 12','2022-06-28 11:42:48','2022-06-28 11:42:48'),(19,21,2,'الموسم 13','2022-06-28 11:43:05','2022-06-28 11:43:05'),(20,22,2,'الموسم 14','2022-06-28 11:43:25','2022-06-28 11:43:25'),(21,23,2,'الموسم 15','2022-06-28 11:43:40','2022-06-28 11:43:40');

--
-- Table structure for table `series_category`
--

CREATE TABLE `series_category` (
  `id` bigint unsigned NOT NULL AUTO_INCREMENT,
  `organization` bigint unsigned DEFAULT NULL,
  `sub_category_id` varchar(255) COLLATE utf8mb4_unicode_ci DEFAULT NULL,
  `series_categorie_name` varchar(255) COLLATE utf8mb4_unicode_ci DEFAULT NULL,
  `category_name` varchar(255) COLLATE utf8mb4_unicode_ci DEFAULT NULL,
  `categorie_id` varchar(255) COLLATE utf8mb4_unicode_ci DEFAULT NULL,
  `category_order` varchar(255) COLLATE utf8mb4_unicode_ci DEFAULT NULL,
  `created_at` timestamp NULL DEFAULT NULL,
  `updated_at` timestamp NULL DEFAULT NULL,
  PRIMARY KEY (`id`),
  KEY `series_category_organization_foreign` (`organization`)
) ENGINE=InnoDB AUTO_INCREMENT=30 DEFAULT CHARSET=utf8mb4 COLLATE=utf8mb4_unicode_ci;

--
-- Dumping data for table `series_category`
--

INSERT INTO `series_category` VALUES (1,NULL,NULL,'Action',NULL,NULL,NULL,'2025-12-17 09:13:15','2025-12-17 09:13:15'),(2,NULL,'2',NULL,'Action','1','1','2025-12-17 09:13:25','2025-12-17 09:13:25'),(3,NULL,NULL,'Drama',NULL,NULL,NULL,'2025-12-17 09:16:03','2025-12-17 09:16:03'),(4,NULL,'3',NULL,'Drama','3','1','2025-12-17 09:16:20','2025-12-17 09:16:20'),(5,NULL,NULL,'Crime',NULL,NULL,NULL,'2025-12-17 09:16:45','2025-12-17 09:16:45'),(6,NULL,NULL,'Sci-Fi',NULL,NULL,NULL,'2025-12-17 09:16:54','2025-12-17 09:16:54'),(7,NULL,NULL,'Thriller',NULL,NULL,NULL,'2025-12-17 09:17:05','2025-12-17 09:17:05'),(8,NULL,NULL,'Romance',NULL,NULL,NULL,'2025-12-17 09:17:12','2025-12-17 09:17:12'),(9,NULL,NULL,'Comedy',NULL,NULL,NULL,'2025-12-17 09:17:20','2025-12-17 09:17:20'),(10,NULL,NULL,'Fantasy',NULL,NULL,NULL,'2025-12-17 09:17:28','2025-12-17 09:17:28'),(11,NULL,NULL,'Animation',NULL,NULL,NULL,'2025-12-17 09:17:36','2025-12-17 09:17:36'),(12,NULL,NULL,'Documentary',NULL,NULL,NULL,'2025-12-17 09:17:47','2025-12-17 09:17:47'),(13,NULL,'4',NULL,'Crime','5','1','2025-12-17 09:18:26','2025-12-17 09:18:26'),(14,NULL,'5',NULL,'Sci-Fi','6','1','2025-12-17 09:19:09','2025-12-17 09:19:09'),(15,NULL,'6',NULL,'Thriller','7','1','2025-12-17 09:19:23','2025-12-17 09:19:23'),(16,NULL,'7',NULL,'Romance','8','1','2025-12-17 09:19:31','2025-12-17 09:19:31'),(17,NULL,'8',NULL,'Comedy','9','1','2025-12-17 09:19:41','2025-12-17 09:19:41'),(18,NULL,'9',NULL,'Fantasy','10','1','2025-12-17 09:20:14','2025-12-17 09:20:14'),(19,NULL,'10',NULL,'Animation','11','1','2025-12-17 09:20:24','2025-12-17 09:20:24'),(20,NULL,'11',NULL,'Documentary','12','1','2025-12-17 09:20:33','2025-12-17 09:20:33'),(24,NULL,NULL,'Testing',NULL,NULL,NULL,'2026-02-12 05:35:37','2026-02-12 05:35:37'),(25,NULL,NULL,NULL,'Sub-Testing','24','1','2026-02-12 05:36:00','2026-02-12 05:36:00'),(26,NULL,'25',NULL,'Sub-Sub-Testing',NULL,'1','2026-02-12 05:36:30','2026-02-12 05:36:30'),(27,NULL,NULL,'Family',NULL,NULL,NULL,'2026-02-19 11:22:44','2026-02-19 11:22:44'),(28,NULL,NULL,NULL,'Drama','27','1','2026-02-19 11:23:08','2026-02-19 11:23:08'),(29,NULL,'28',NULL,'Animation',NULL,'1','2026-02-19 11:23:25','2026-02-19 11:23:25');

--
-- Table structure for table `series_category_organizations`
--

CREATE TABLE `series_category_organizations` (
  `id` bigint unsigned NOT NULL AUTO_INCREMENT,
  `series_category_id` bigint unsigned DEFAULT NULL,
  `organization_id` bigint unsigned DEFAULT NULL,
  `created_by` bigint unsigned DEFAULT NULL,
  `created_at` timestamp NULL DEFAULT NULL,
  `updated_at` timestamp NULL DEFAULT NULL,
  PRIMARY KEY (`id`)
) ENGINE=InnoDB AUTO_INCREMENT=23 DEFAULT CHARSET=utf8mb4 COLLATE=utf8mb4_unicode_ci;

--
-- Dumping data for table `series_category_organizations`
--

INSERT INTO `series_category_organizations` VALUES (1,1,6,16,'2026-02-11 08:55:45','2026-02-11 08:55:45'),(2,1,1,16,'2026-02-11 08:55:45','2026-02-11 08:55:45'),(3,3,1,16,'2026-02-11 08:55:58','2026-02-11 08:55:58'),(4,5,1,16,'2026-02-11 08:56:09','2026-02-11 08:56:09'),(5,6,6,16,'2026-02-11 08:56:20','2026-02-11 08:56:20'),(6,6,1,16,'2026-02-11 08:56:20','2026-02-11 08:56:20'),(7,7,6,16,'2026-02-11 08:56:34','2026-02-11 08:56:34'),(8,7,1,16,'2026-02-11 08:56:34','2026-02-11 08:56:34'),(9,8,6,16,'2026-02-11 08:56:47','2026-02-11 08:56:47'),(10,8,1,16,'2026-02-11 08:56:47','2026-02-11 08:56:47'),(11,9,6,19,'2026-02-11 08:57:00','2026-04-11 07:32:55'),(12,9,1,19,'2026-02-11 08:57:00','2026-04-11 07:32:55'),(13,10,6,16,'2026-02-11 08:57:13','2026-02-11 08:57:13'),(14,10,1,16,'2026-02-11 08:57:13','2026-02-11 08:57:13'),(15,11,1,16,'2026-02-11 08:57:26','2026-02-11 08:57:26'),(16,12,6,16,'2026-02-11 08:57:36','2026-02-11 08:57:36'),(17,12,1,16,'2026-02-11 08:57:36','2026-02-11 08:57:36'),(18,24,7,16,'2026-02-12 05:35:37','2026-02-12 05:35:37'),(19,24,6,16,'2026-02-12 05:35:37','2026-02-12 05:35:37'),(20,24,1,16,'2026-02-12 05:35:37','2026-02-12 05:35:37'),(21,27,9,19,'2026-02-19 11:22:44','2026-02-19 11:22:44'),(22,9,8,19,'2026-04-11 07:32:55','2026-04-11 07:32:55');

--
-- Table structure for table `series_category_sub_category`
--

CREATE TABLE `series_category_sub_category` (
  `id` bigint unsigned NOT NULL AUTO_INCREMENT,
  `categorie_id` bigint DEFAULT NULL,
  `sub_category_name` varchar(255) COLLATE utf8mb4_unicode_ci DEFAULT NULL,
  `category_order` bigint DEFAULT NULL,
  `created_at` timestamp NULL DEFAULT NULL,
  `updated_at` timestamp NULL DEFAULT NULL,
  PRIMARY KEY (`id`)
) ENGINE=InnoDB AUTO_INCREMENT=12 DEFAULT CHARSET=utf8mb4 COLLATE=utf8mb4_unicode_ci;

--
-- Dumping data for table `series_category_sub_category`
--

INSERT INTO `series_category_sub_category` VALUES (1,2,'Military',1,'2025-12-17 09:14:47','2025-12-17 09:14:47'),(2,2,'Superhero',2,'2025-12-17 09:15:14','2025-12-17 09:15:14'),(3,4,'Family Drama',1,'2025-12-17 09:16:33','2025-12-17 09:16:33'),(4,13,'Investigation',1,'2025-12-17 09:21:03','2025-12-17 09:21:03'),(5,14,'Space',1,'2025-12-17 09:21:17','2025-12-17 09:21:17'),(6,15,'Psychological',1,'2025-12-17 09:21:30','2025-12-17 09:21:30'),(7,16,'Romantic Series',1,'2025-12-17 09:21:42','2025-12-17 09:21:42'),(8,17,'Stand-up',1,'2025-12-17 09:22:05','2025-12-17 09:22:05'),(9,18,'Mythology',1,'2025-12-17 09:22:16','2025-12-17 09:22:16'),(10,19,'Anime',1,'2025-12-17 09:22:31','2025-12-17 09:22:31'),(11,20,'True Crime',1,'2025-12-17 09:22:49','2025-12-17 09:22:49');

--
-- Table structure for table `setting_categories`
--

CREATE TABLE `setting_categories` (
  `id` int unsigned NOT NULL AUTO_INCREMENT,
  `parent_id` int unsigned DEFAULT NULL,
  `name` varchar(191) COLLATE utf8mb4_unicode_ci NOT NULL,
  `slug` varchar(191) COLLATE utf8mb4_unicode_ci NOT NULL,
  `description` varchar(191) COLLATE utf8mb4_unicode_ci DEFAULT NULL,
  `created_at` timestamp NULL DEFAULT NULL,
  `updated_at` timestamp NULL DEFAULT NULL,
  PRIMARY KEY (`id`)
) ENGINE=InnoDB AUTO_INCREMENT=7 DEFAULT CHARSET=utf8mb4 COLLATE=utf8mb4_unicode_ci;

--
-- Dumping data for table `setting_categories`
--

INSERT INTO `setting_categories` VALUES (1,NULL,'General Settings','general-settings',NULL,'2018-12-05 19:56:16','2018-12-05 19:56:16'),(2,1,'Site Settings','site-settings','Site Settings','2018-12-05 19:56:16','2018-12-05 19:56:16'),(3,NULL,'Site Settings','settings',NULL,'2018-12-05 19:56:16','2018-12-05 19:56:16'),(4,3,'Site Settings','website-settings',NULL,'2018-12-05 19:56:16','2018-12-05 19:56:16'),(5,NULL,'Site Link Settings','site-link-settings',NULL,'2018-12-05 19:56:16','2018-12-05 19:56:16'),(6,5,'Site Link Settings','site-external-link-settings',NULL,'2018-12-05 19:56:16','2018-12-05 19:56:16');

--
-- Table structure for table `settings`
--

CREATE TABLE `settings` (
  `id` int unsigned NOT NULL AUTO_INCREMENT,
  `setting_category_id` int unsigned NOT NULL,
  `setting_name` varchar(191) COLLATE utf8mb4_unicode_ci NOT NULL,
  `setting_value` varchar(191) COLLATE utf8mb4_unicode_ci NOT NULL,
  `display_name` varchar(191) COLLATE utf8mb4_unicode_ci NOT NULL,
  `type` varchar(191) COLLATE utf8mb4_unicode_ci NOT NULL,
  `option` varchar(191) COLLATE utf8mb4_unicode_ci DEFAULT NULL,
  `class` varchar(191) COLLATE utf8mb4_unicode_ci DEFAULT NULL,
  `order` int NOT NULL DEFAULT '0',
  `description` varchar(191) COLLATE utf8mb4_unicode_ci DEFAULT NULL,
  `is_hidden` varchar(191) COLLATE utf8mb4_unicode_ci NOT NULL DEFAULT '0',
  `created_at` timestamp NULL DEFAULT NULL,
  `updated_at` timestamp NULL DEFAULT NULL,
  PRIMARY KEY (`id`),
  KEY `settings_setting_category_id_foreign` (`setting_category_id`)
) ENGINE=InnoDB AUTO_INCREMENT=23 DEFAULT CHARSET=utf8mb4 COLLATE=utf8mb4_unicode_ci;

--
-- Dumping data for table `settings`
--

INSERT INTO `settings` VALUES (1,2,'site_name','IPTV SOLUTIONS GROUP','Site Name','text',NULL,NULL,1,'Specify site name','0','2018-12-05 19:56:16','2018-12-05 19:56:16'),(2,2,'page_title','IPTV SOLUTIONS GROUP','Page Title','text',NULL,NULL,2,'Specify few words about the site.','0','2018-12-05 19:56:16','2018-12-05 19:56:16'),(3,2,'page_keywords','ISG','Page Keywords','text',NULL,NULL,3,NULL,'0','2018-12-05 19:56:16','2018-12-05 19:56:16'),(4,2,'page_description','IPTV SOLUTIONS GROUP','Page Description','text',NULL,NULL,4,NULL,'0','2018-12-05 19:56:16','2018-12-05 19:56:16'),(5,2,'favicon','favicon.ico','Fav Icon','image',NULL,NULL,5,'Recommended favicon resolution is 32x32. Image format should be .ico or .png.','1','2018-12-05 19:56:16','2018-12-05 19:56:16'),(6,2,'logo','logo.png','Site Logo','image',NULL,NULL,6,'Recommended site logo resolution is 45x45. Image format should be .png or .jpg.','1','2018-12-05 19:56:16','2018-12-05 19:56:16'),(7,2,'site_email_id','info@isg.com','Site Email Address','email',NULL,NULL,7,'Specify site email address.','0','2018-12-05 19:56:16','2018-12-05 19:56:16'),(8,2,'site_mobile_number','00000000','Site Mobile Number','text',NULL,NULL,8,'Site Mobile number','0','2018-12-05 19:56:16','2018-12-05 19:56:16'),(9,2,'site_local_address','Israel','Site Local Address','text',NULL,NULL,9,'Site Local Address','1','2018-12-05 19:56:16','2018-12-05 19:56:16'),(10,4,'show_hide_comments','YES','Show/Hide Comments','dropdown','YES,NO',NULL,10,'Whether comments show or not','0','2018-12-05 19:56:16','2018-12-05 19:56:16'),(11,4,'show_hide_likes','YES','Show/Hide Likes','dropdown','YES,NO',NULL,11,'Whether likes show or not','0','2018-12-05 19:56:16','2018-12-05 19:56:16'),(12,4,'admin_mail_notification','YES','Admin Mail Notification','dropdown','YES,NO',NULL,12,'Whether to send mail admin or not','0','2018-12-05 19:56:16','2018-12-05 19:56:16'),(13,6,'fb_link','','Facebook Link','text',NULL,NULL,13,'Facebook page link for the website','0','2018-12-05 19:56:16','2018-12-05 19:56:16'),(14,6,'twitter_link','','Twitter Link','text',NULL,NULL,14,'Twitter page link for the website','0','2018-12-05 19:56:16','2018-12-05 19:56:16'),(15,6,'google_link','','Google Link','text',NULL,NULL,15,'Google page link for the website','0','2018-12-05 19:56:16','2018-12-05 19:56:16'),(16,6,'instagram_link','','Instagram Link','text',NULL,NULL,16,'Instagram page link for the website','0','2018-12-05 19:56:16','2018-12-05 19:56:16'),(17,6,'android_app_link','','Android App Link','text',NULL,NULL,17,'Playstore link for the Android application','0','2018-12-05 19:56:16','2018-12-05 19:56:16'),(18,6,'ios_app_link','','iOS App Link','text',NULL,NULL,18,'Appstore link for the iOS Application','0','2018-12-05 19:56:16','2018-12-05 19:56:16'),(19,6,'aod_android_app_link','https://s3-us-west-1.amazonaws.com/contus-mobile/Vplay/audio_demo.apk','AOD Android App Link','text',NULL,NULL,17,'Playstore link for the AOD Android application','1',NULL,'2019-03-08 13:11:25'),(20,6,'aod_ios_app_link','https://s3-us-west-1.amazonaws.com/contus-mobile/vplayed-audio-ios/VplayedAudio.plist','AOD iOS App Link','text',NULL,NULL,0,'Appstore link for the AOD iOS Application','1',NULL,'2019-03-08 13:11:25'),(21,2,'video_view_count','2','Videos View Count','text',NULL,NULL,10,'Site Video Count','1','2019-07-05 14:05:19','2019-07-05 14:05:19'),(22,2,'premium_name','New','Premium Name','text',NULL,NULL,1,'Specify premium name','0','2018-12-05 19:56:16','2018-12-05 19:56:16');

--
-- Table structure for table `shopping_cart_custom_plans`
--

CREATE TABLE `shopping_cart_custom_plans` (
  `id` int NOT NULL AUTO_INCREMENT COMMENT 'Primary Key',
  `plan_name` varchar(255) COLLATE utf8mb4_unicode_ci DEFAULT NULL,
  `description` varchar(255) COLLATE utf8mb4_unicode_ci DEFAULT NULL,
  `cover_image` varchar(255) COLLATE utf8mb4_unicode_ci DEFAULT NULL,
  `label` varchar(255) COLLATE utf8mb4_unicode_ci DEFAULT '0' COMMENT '1 => true, 0 => false',
  `additional_info` varchar(255) COLLATE utf8mb4_unicode_ci DEFAULT NULL,
  `status` varchar(255) COLLATE utf8mb4_unicode_ci DEFAULT '0' COMMENT '1 => enable, 0 => disable',
  `created_at` timestamp NULL DEFAULT NULL,
  `updated_at` timestamp NULL DEFAULT NULL,
  PRIMARY KEY (`id`)
) ENGINE=InnoDB AUTO_INCREMENT=17 DEFAULT CHARSET=utf8mb4 COLLATE=utf8mb4_unicode_ci;

--
-- Dumping data for table `shopping_cart_custom_plans`
--


--
-- Table structure for table `site_languages`
--

CREATE TABLE `site_languages` (
  `id` bigint unsigned NOT NULL AUTO_INCREMENT,
  `title` varchar(255) COLLATE utf8mb4_unicode_ci NOT NULL,
  `code` varchar(10) COLLATE utf8mb4_unicode_ci NOT NULL,
  `is_active` tinyint NOT NULL DEFAULT '1',
  `created_at` timestamp NULL DEFAULT NULL,
  `updated_at` timestamp NULL DEFAULT NULL,
  PRIMARY KEY (`id`),
  KEY `site_languages_code_index` (`code`),
  KEY `site_languages_is_active_index` (`is_active`)
) ENGINE=InnoDB AUTO_INCREMENT=4 DEFAULT CHARSET=utf8mb4 COLLATE=utf8mb4_unicode_ci;

--
-- Dumping data for table `site_languages`
--

INSERT INTO `site_languages` VALUES (1,'English','en',1,'2018-12-05 16:28:26','2018-12-05 16:28:26'),(2,'Arabic','ar',1,'2018-12-05 16:28:26','2018-12-05 16:28:26'),(3,'French','fr',0,'2018-12-05 16:28:26','2018-12-05 16:28:26');

--
